{"id":292,"date":"2026-03-11T13:07:53","date_gmt":"2026-03-11T12:07:53","guid":{"rendered":"https:\/\/blogs.ugr.es\/aelep\/?page_id=292"},"modified":"2026-03-11T13:48:11","modified_gmt":"2026-03-11T12:48:11","slug":"inicio","status":"publish","type":"page","link":"https:\/\/blogs.ugr.es\/aelep\/","title":{"rendered":"Inicio"},"content":{"rendered":"\n<div class=\"wp-block-media-text is-stacked-on-mobile is-image-fill-element\" style=\"grid-template-columns:31% auto\"><figure class=\"wp-block-media-text__media\"><img loading=\"lazy\" decoding=\"async\" width=\"300\" height=\"300\" src=\"https:\/\/blogs.ugr.es\/aelep\/wp-content\/uploads\/sites\/179\/2026\/03\/AELEP_logo-300x300-1.jpg\" alt=\"HUM 637 - Arquitectura, Ingenier\u00eda, Paisaje y Proyecto Ambiental\" class=\"wp-image-293 size-full\" style=\"object-position:49% 49%\" srcset=\"https:\/\/blogs.ugr.es\/aelep\/wp-content\/uploads\/sites\/179\/2026\/03\/AELEP_logo-300x300-1.jpg 300w, https:\/\/blogs.ugr.es\/aelep\/wp-content\/uploads\/sites\/179\/2026\/03\/AELEP_logo-300x300-1-150x150.jpg 150w, https:\/\/blogs.ugr.es\/aelep\/wp-content\/uploads\/sites\/179\/2026\/03\/AELEP_logo-300x300-1-50x50.jpg 50w, https:\/\/blogs.ugr.es\/aelep\/wp-content\/uploads\/sites\/179\/2026\/03\/AELEP_logo-300x300-1-80x80.jpg 80w\" sizes=\"auto, (max-width: 300px) 100vw, 300px\" \/><\/figure><div class=\"wp-block-media-text__content\">\n<p class=\"has-text-align-center\">El&nbsp;<strong>Grupo de Investigaci\u00f3n HUM637<\/strong>&nbsp;nace con el prop\u00f3sito de enfocar sus campos y l\u00edneas de la investigaci\u00f3n en la&nbsp;<strong>Arquitectura, Ingenier\u00eda, Paisaje y Proyecto Ambiental.<\/strong><\/p>\n\n\n\n<div class=\"wp-block-buttons is-content-justification-center is-layout-flex wp-container-core-buttons-is-layout-16018d1d wp-block-buttons-is-layout-flex\">\n<div class=\"wp-block-button\"><a class=\"wp-block-button__link has-vivid-red-background-color has-background wp-element-button\" href=\"https:\/\/blogs.ugr.es\/aelep\/aelep\"><strong>Saber m\u00e1s\u2026<\/strong><\/a><\/div>\n<\/div>\n<\/div><\/div>\n\n\n\n<hr class=\"wp-block-separator has-alpha-channel-opacity\" \/>\n\n\n\n<div class=\"wp-block-columns is-layout-flex wp-container-core-columns-is-layout-9d6595d7 wp-block-columns-is-layout-flex\">\n<div class=\"wp-block-column is-vertically-aligned-center is-layout-flow wp-block-column-is-layout-flow\">\n<div class=\"wp-block-group\"><div class=\"wp-block-group__inner-container is-layout-constrained wp-block-group-is-layout-constrained\"><div class=\"wp-block-image\">\n<figure class=\"aligncenter size-full is-resized\"><img loading=\"lazy\" decoding=\"async\" width=\"800\" height=\"238\" src=\"https:\/\/blogs.ugr.es\/aelep\/wp-content\/uploads\/sites\/179\/2026\/03\/Investigacion1_1.jpg\" alt=\"\" class=\"wp-image-303\" style=\"aspect-ratio:2.822923374114617;width:229px;height:auto\" srcset=\"https:\/\/blogs.ugr.es\/aelep\/wp-content\/uploads\/sites\/179\/2026\/03\/Investigacion1_1.jpg 800w, https:\/\/blogs.ugr.es\/aelep\/wp-content\/uploads\/sites\/179\/2026\/03\/Investigacion1_1-300x89.jpg 300w, https:\/\/blogs.ugr.es\/aelep\/wp-content\/uploads\/sites\/179\/2026\/03\/Investigacion1_1-700x208.jpg 700w\" sizes=\"auto, (max-width: 800px) 100vw, 800px\" \/><\/figure>\n<\/div><\/div><\/div>\n\n\n\n<div style=\"height:18px\" aria-hidden=\"true\" class=\"wp-block-spacer\"><\/div>\n\n\n\n<div class=\"wp-block-buttons is-content-justification-center is-layout-flex wp-container-core-buttons-is-layout-16018d1d wp-block-buttons-is-layout-flex\">\n<div class=\"wp-block-button has-custom-width wp-block-button__width-75\"><a class=\"wp-block-button__link has-vivid-red-background-color has-background has-custom-font-size wp-element-button\" href=\"https:\/\/produccioncientifica.ugr.es\/grupos\/23594\/proyectos\" style=\"border-top-left-radius:39px;border-top-right-radius:39px;border-bottom-left-radius:39px;border-bottom-right-radius:39px;font-size:16px\"><strong>Investigaci\u00f3n<\/strong><\/a><\/div>\n<\/div>\n<\/div>\n\n\n\n<div class=\"wp-block-column is-layout-flow wp-block-column-is-layout-flow\">\n<div class=\"wp-block-group\"><div class=\"wp-block-group__inner-container is-layout-constrained wp-block-group-is-layout-constrained\"><div class=\"wp-block-image\">\n<figure class=\"aligncenter size-large is-resized\"><img loading=\"lazy\" decoding=\"async\" width=\"700\" height=\"248\" src=\"https:\/\/blogs.ugr.es\/aelep\/wp-content\/uploads\/sites\/179\/2026\/03\/DDCBD33C-4D42-4FE0-989D-ECCDAF160B0D-700x248.jpeg\" alt=\"\" class=\"wp-image-296\" style=\"aspect-ratio:2.822923374114617;width:229px;height:auto\" srcset=\"https:\/\/blogs.ugr.es\/aelep\/wp-content\/uploads\/sites\/179\/2026\/03\/DDCBD33C-4D42-4FE0-989D-ECCDAF160B0D-700x248.jpeg 700w, https:\/\/blogs.ugr.es\/aelep\/wp-content\/uploads\/sites\/179\/2026\/03\/DDCBD33C-4D42-4FE0-989D-ECCDAF160B0D-300x106.jpeg 300w, https:\/\/blogs.ugr.es\/aelep\/wp-content\/uploads\/sites\/179\/2026\/03\/DDCBD33C-4D42-4FE0-989D-ECCDAF160B0D.jpeg 800w\" sizes=\"auto, (max-width: 700px) 100vw, 700px\" \/><\/figure>\n<\/div>\n\n\n<div style=\"height:18px\" aria-hidden=\"true\" class=\"wp-block-spacer\"><\/div>\n\n\n\n<div class=\"wp-block-buttons has-custom-font-size is-content-justification-center is-layout-flex wp-container-core-buttons-is-layout-16018d1d wp-block-buttons-is-layout-flex\" style=\"font-size:16px\">\n<div class=\"wp-block-button\"><a class=\"wp-block-button__link has-vivid-red-background-color has-background has-custom-font-size wp-element-button\" href=\"https:\/\/produccioncientifica.ugr.es\/grupos\/23594\/publicaciones\" style=\"font-size:15px\"><strong>Publicaciones<\/strong><\/a><\/div>\n<\/div>\n<\/div><\/div>\n<\/div>\n\n\n\n<div class=\"wp-block-column is-layout-flow wp-block-column-is-layout-flow\"><div class=\"wp-block-image\">\n<figure class=\"aligncenter size-full is-resized\"><img loading=\"lazy\" decoding=\"async\" width=\"800\" height=\"279\" src=\"https:\/\/blogs.ugr.es\/aelep\/wp-content\/uploads\/sites\/179\/2026\/03\/6A7EEA0A-033A-49CD-BB7C-68EE348A529D-1.jpeg\" alt=\"\" class=\"wp-image-300\" style=\"aspect-ratio:2.8677023712183156;width:227px;height:auto\" srcset=\"https:\/\/blogs.ugr.es\/aelep\/wp-content\/uploads\/sites\/179\/2026\/03\/6A7EEA0A-033A-49CD-BB7C-68EE348A529D-1.jpeg 800w, https:\/\/blogs.ugr.es\/aelep\/wp-content\/uploads\/sites\/179\/2026\/03\/6A7EEA0A-033A-49CD-BB7C-68EE348A529D-1-300x105.jpeg 300w, https:\/\/blogs.ugr.es\/aelep\/wp-content\/uploads\/sites\/179\/2026\/03\/6A7EEA0A-033A-49CD-BB7C-68EE348A529D-1-700x244.jpeg 700w\" sizes=\"auto, (max-width: 800px) 100vw, 800px\" \/><\/figure>\n<\/div>\n\n\n<div style=\"height:18px\" aria-hidden=\"true\" class=\"wp-block-spacer\"><\/div>\n\n\n\n<div class=\"wp-block-buttons has-custom-font-size is-content-justification-center is-layout-flex wp-container-core-buttons-is-layout-16018d1d wp-block-buttons-is-layout-flex\" style=\"font-size:15px\">\n<div class=\"wp-block-button\"><a class=\"wp-block-button__link has-vivid-red-background-color has-background wp-element-button\" href=\"https:\/\/blogs.ugr.es\/aelep\/contacto\/\"><strong>Contacto<\/strong><\/a><\/div>\n<\/div>\n<\/div>\n<\/div>\n\n\n\n<p><\/p>\n","protected":false},"excerpt":{"rendered":"","protected":false},"author":696,"featured_media":0,"parent":0,"menu_order":0,"comment_status":"closed","ping_status":"closed","template":"","meta":{"footnotes":""},"categories":[],"tags":[],"class_list":["post-292","page","type-page","status-publish","hentry"],"_links":{"self":[{"href":"https:\/\/blogs.ugr.es\/aelep\/wp-json\/wp\/v2\/pages\/292","targetHints":{"allow":["GET"]}}],"collection":[{"href":"https:\/\/blogs.ugr.es\/aelep\/wp-json\/wp\/v2\/pages"}],"about":[{"href":"https:\/\/blogs.ugr.es\/aelep\/wp-json\/wp\/v2\/types\/page"}],"author":[{"embeddable":true,"href":"https:\/\/blogs.ugr.es\/aelep\/wp-json\/wp\/v2\/users\/696"}],"replies":[{"embeddable":true,"href":"https:\/\/blogs.ugr.es\/aelep\/wp-json\/wp\/v2\/comments?post=292"}],"version-history":[{"count":3,"href":"https:\/\/blogs.ugr.es\/aelep\/wp-json\/wp\/v2\/pages\/292\/revisions"}],"predecessor-version":[{"id":328,"href":"https:\/\/blogs.ugr.es\/aelep\/wp-json\/wp\/v2\/pages\/292\/revisions\/328"}],"wp:attachment":[{"href":"https:\/\/blogs.ugr.es\/aelep\/wp-json\/wp\/v2\/media?parent=292"}],"wp:term":[{"taxonomy":"category","embeddable":true,"href":"https:\/\/blogs.ugr.es\/aelep\/wp-json\/wp\/v2\/categories?post=292"},{"taxonomy":"post_tag","embeddable":true,"href":"https:\/\/blogs.ugr.es\/aelep\/wp-json\/wp\/v2\/tags?post=292"}],"curies":[{"name":"wp","href":"https:\/\/api.w.org\/{rel}","templated":true}]}}