{"id":222,"date":"2024-05-16T19:09:26","date_gmt":"2024-05-16T17:09:26","guid":{"rendered":"https:\/\/blogs.ugr.es\/asanred\/?page_id=222"},"modified":"2025-08-27T10:01:26","modified_gmt":"2025-08-27T08:01:26","slug":"la-asociacion","status":"publish","type":"page","link":"https:\/\/blogs.ugr.es\/asanred\/la-asociacion\/","title":{"rendered":"1 \/  DESCRIPCI\u00d3N \u00b7 OBJETIVOS"},"content":{"rendered":"\n<p style=\"font-size:17px\">Unidas por el inter\u00e9s en la antropolog\u00eda, la asociaci\u00f3n ha sido creada como <strong>espacio para impulsar actividades<\/strong> que contribuyan a la <strong>creaci\u00f3n de redes <\/strong>y el <strong>aprendizaje interdisciplinar<\/strong>. Para ello, nos proponemos generar actividades abiertas a todos los p\u00fablicos. <\/p>\n\n\n\n<p style=\"font-size:17px\">Somos una Asociaci\u00f3n vinculada a la <strong>Universidad de Granada <\/strong>como asociaci\u00f3n de estudiantes y ALUMNI. Nos interesa que las y los estudiantes conozcan la antropolog\u00eda desde espacios no acad\u00e9micos, y tengan posibilidad de crear sinergias en las propuestas participativas de la asociaci\u00f3n.<\/p>\n\n\n\n<p class=\"has-white-color has-text-color has-link-color wp-elements-6efbd833736820765ce9e6e9b019cd07\">m<\/p>\n\n\n\n<div class=\"wp-block-group alignfull has-background\" style=\"background-color:#daf2e3\"><div class=\"wp-block-group__inner-container is-layout-flow wp-block-group-is-layout-flow\">\n<div class=\"wp-block-columns alignwide are-vertically-aligned-center is-layout-flex wp-container-core-columns-is-layout-9d6595d7 wp-block-columns-is-layout-flex\">\n<div class=\"wp-block-column is-layout-flow wp-block-column-is-layout-flow\" style=\"flex-basis:50%\">\n<p class=\"has-text-align-left has-text-color\" style=\"color:#000000;font-size:30px;line-height:1.1\"><strong>2\/ MEMBRES\u00cdA<\/strong><\/p>\n<\/div>\n<\/div>\n\n\n\n<hr class=\"wp-block-separator has-alpha-channel-opacity\" \/>\n\n\n\n<div class=\"wp-block-columns alignwide is-layout-flex wp-container-core-columns-is-layout-9d6595d7 wp-block-columns-is-layout-flex\">\n<div class=\"wp-block-column is-layout-flow wp-block-column-is-layout-flow\" style=\"font-size:13px\">\n<p class=\"has-text-color\" style=\"color:#000000;font-size:15px\">La Asociaci\u00f3n est\u00e1 <strong>abierta a todas las personas<\/strong>, de cualquier edad y formaci\u00f3n, interesadas en asociarse. En especial, como asociaci\u00f3n vinculada a la Universidad de Granada, est\u00e1 abierta a estudiantes de antropolog\u00eda u otras disciplinas de cualquier Universidad, nacional e internacional.<\/p>\n<\/div>\n\n\n\n<div class=\"wp-block-column is-layout-flow wp-block-column-is-layout-flow\">\n<p class=\"has-text-align-left has-black-color has-text-color has-link-color wp-elements-25c5061046b1738a05675231cf03dfeb\" style=\"font-size:15px\">Al estar buscar la facilitaci\u00f3n de del acceso a las actividades a alumn@s de la UGR, la cuota de socio, depende del perfil de cada soci@:<\/p>\n\n\n\n<ul class=\"wp-block-list has-small-font-size\">\n<li>Socio\u00a0<strong>Estudiante de 1\u00ba del Grado de Antropolog\u00eda Social y Cultural<\/strong>\u00a0(\u00a1Gratuito!)<\/li>\n<\/ul>\n\n\n\n<ul class=\"wp-block-list has-small-font-size\">\n<li>Socio\u00a0<strong>Estudiante de 1\u00ba de cualquier Grado\u00a0<\/strong>(10\u20ac\/anual)<\/li>\n<\/ul>\n\n\n\n<ul class=\"wp-block-list has-small-font-size\">\n<li>Socia\/o\u00a0<strong>Estudiante<\/strong>\u00a0o estudiante\u00a0<strong>Egresado<\/strong><br>(25\u20ac\/anual)<\/li>\n<\/ul>\n\n\n\n<ul class=\"wp-block-list has-small-font-size\">\n<li>Socia\/o\u00a0<strong>Socio\u00a0General<\/strong>\u00a0(40\u20ac\/anual)<\/li>\n<\/ul>\n\n\n\n<ul class=\"wp-block-list\">\n<li class=\"has-small-font-size\">Socio\u00a0<strong>Colaborador\u00a0<\/strong>(40\u20ac\/anual)<\/li>\n<\/ul>\n<\/div>\n\n\n\n<div class=\"wp-block-column is-layout-flow wp-block-column-is-layout-flow\" style=\"font-size:13px\">\n<p class=\"has-text-color\" style=\"color:#000000;font-size:15px\">Para poder formar parte de la membres\u00eda de ASANRed <strong>descarga <\/strong>y <strong>rellena<\/strong> el siguiente <strong>formulario<\/strong>, siguiendo los pasos que aparecen descritos en el mismo:<\/p>\n\n\n\n<hr class=\"wp-block-separator has-alpha-channel-opacity\" \/>\n\n\n\n<div class=\"wp-block-group\"><div class=\"wp-block-group__inner-container is-layout-constrained wp-block-group-is-layout-constrained\">\n<div class=\"wp-block-buttons is-layout-flex wp-block-buttons-is-layout-flex\">\n<div class=\"wp-block-button\"><a class=\"wp-block-button__link wp-element-button\" href=\"https:\/\/blogs.ugr.es\/asanred\/wp-content\/uploads\/sites\/154\/2025\/03\/Formulario-190325.pdf\" target=\"_blank\" rel=\" noreferrer noopener nofollow\">FORMULARIO DE INSCRIPCI\u00d3N<br>\u00a1\u00daNETE YA!<\/a><\/div>\n<\/div>\n\n\n\n<p><\/p>\n\n\n\n<p class=\"has-text-color\" style=\"color:#000000;font-size:12px\">*<em>Para rellenar el formulario es aconsejable hacerlo con Adobe en la opci\u00f3n de <strong>Editar<\/strong>.<\/em><\/p>\n<\/div><\/div>\n\n\n\n<p><\/p>\n<\/div>\n<\/div>\n<\/div><\/div>\n\n\n\n<hr class=\"wp-block-separator has-alpha-channel-opacity\" \/>\n\n\n\n<div class=\"wp-block-group\"><div class=\"wp-block-group__inner-container is-layout-constrained wp-block-group-is-layout-constrained\">\n<p class=\"has-text-align-center\">En ASANRed queremos facilitar que puedas tener acceso a formaciones complementarias a tus estudios. Por eso, ofrecemos ventajas a nuestros socios para que puedan tener acceso a estas formaciones complementarias a un precio m\u00ednimo.<\/p>\n\n\n\n<figure class=\"wp-block-table\"><table class=\"has-fixed-layout\"><tbody><tr><td class=\"has-text-align-center\" data-align=\"center\"><strong><em>Perfil de Socio<\/em><\/strong>\/<strong>Posibilidades y beneficios para socios<\/strong><\/td><td class=\"has-text-align-center\" data-align=\"center\">Socio <strong><strong>Estudiante de 1\u00ba del Grado de Antropolog\u00eda Social y Cultura<\/strong><\/strong> (\u00a1Gratuito!)<\/td><td class=\"has-text-align-center\" data-align=\"center\">Socio <strong><strong>Estudiante de 1\u00ba de cualquier Grado<\/strong><\/strong> &#8211; 10\u20ac\/a\u00f1o<\/td><td class=\"has-text-align-center\" data-align=\"center\">Socio <strong><strong>Estudiante<\/strong> o estudiante <strong>Egresado<\/strong> <\/strong>&#8211; 25\u20ac\/a\u00f1o<\/td><td class=\"has-text-align-center\" data-align=\"center\">Socia\/o <strong>Socio&nbsp;General<\/strong>  &#8211; 40\u20ac\/a\u00f1o<\/td><td class=\"has-text-align-center\" data-align=\"center\">Socio <strong>Colaborador<\/strong> &#8211; 40\u20ac\/a\u00f1o<\/td><\/tr><tr><td class=\"has-text-align-center\" data-align=\"center\">Actividades con coste inferior a 10\u20ac GRATIS<\/td><td class=\"has-text-align-center\" data-align=\"center\">S\u00cd<\/td><td class=\"has-text-align-center\" data-align=\"center\">S\u00cd<\/td><td class=\"has-text-align-center\" data-align=\"center\">S\u00cd<\/td><td class=\"has-text-align-center\" data-align=\"center\">S\u00cd<\/td><td class=\"has-text-align-center\" data-align=\"center\">S\u00cd<\/td><\/tr><tr><td class=\"has-text-align-center\" data-align=\"center\">60% de descuento en actividades de m\u00e1s de 10\u20ac<\/td><td class=\"has-text-align-center\" data-align=\"center\">S\u00cd<\/td><td class=\"has-text-align-center\" data-align=\"center\">S\u00cd<\/td><td class=\"has-text-align-center\" data-align=\"center\">S\u00cd<\/td><td class=\"has-text-align-center\" data-align=\"center\">S\u00cd<\/td><td class=\"has-text-align-center\" data-align=\"center\">S\u00cd<\/td><\/tr><tr><td class=\"has-text-align-center\" data-align=\"center\">Posibilidad de formar parte de la junta directiva<\/td><td class=\"has-text-align-center\" data-align=\"center\">S\u00cd<\/td><td class=\"has-text-align-center\" data-align=\"center\">S\u00cd<\/td><td class=\"has-text-align-center\" data-align=\"center\">S\u00cd<\/td><td class=\"has-text-align-center\" data-align=\"center\">S\u00cd<\/td><td class=\"has-text-align-center\" data-align=\"center\">NO<\/td><\/tr><tr><td class=\"has-text-align-center\" data-align=\"center\">Voto en las reuniones de la asociaci\u00f3n<\/td><td class=\"has-text-align-center\" data-align=\"center\">S\u00cd<\/td><td class=\"has-text-align-center\" data-align=\"center\">S\u00cd<\/td><td class=\"has-text-align-center\" data-align=\"center\">S\u00cd<\/td><td class=\"has-text-align-center\" data-align=\"center\">S\u00cd<\/td><td class=\"has-text-align-center\" data-align=\"center\">NO<\/td><\/tr><tr><td class=\"has-text-align-center\" data-align=\"center\"><\/td><td class=\"has-text-align-center\" data-align=\"center\"><\/td><td class=\"has-text-align-center\" data-align=\"center\"><\/td><td class=\"has-text-align-center\" data-align=\"center\"><\/td><td class=\"has-text-align-center\" data-align=\"center\"><\/td><td class=\"has-text-align-center\" data-align=\"center\"><\/td><\/tr><\/tbody><\/table><\/figure>\n<\/div><\/div>\n\n\n\n<div class=\"wp-block-group alignfull has-background\" style=\"background-color:#f0f0f0\"><div class=\"wp-block-group__inner-container is-layout-flow wp-block-group-is-layout-flow\">\n<div class=\"wp-block-columns alignwide are-vertically-aligned-center is-layout-flex wp-container-core-columns-is-layout-9d6595d7 wp-block-columns-is-layout-flex\">\n<div class=\"wp-block-column is-layout-flow wp-block-column-is-layout-flow\" style=\"flex-basis:50%\">\n<p class=\"has-text-align-left has-text-color\" style=\"color:#000000;font-size:29px;line-height:1.1\"><strong>3 \/ JUNTA DIRECTIVA 2025-26<\/strong><\/p>\n<\/div>\n<\/div>\n\n\n\n<hr class=\"wp-block-separator has-alpha-channel-opacity\" \/>\n\n\n\n<div class=\"wp-block-columns alignwide has-background is-layout-flex wp-container-core-columns-is-layout-9d6595d7 wp-block-columns-is-layout-flex\" style=\"background-color:#f0f0f0\">\n<div class=\"wp-block-column is-layout-flow wp-block-column-is-layout-flow\"><div class=\"wp-block-image is-style-rounded\">\n<figure class=\"aligncenter size-full is-resized\"><img loading=\"lazy\" decoding=\"async\" width=\"591\" height=\"591\" src=\"https:\/\/blogs.ugr.es\/asanred\/wp-content\/uploads\/sites\/154\/2024\/05\/Carla-cuadrado.jpg\" alt=\"\" class=\"wp-image-272\" style=\"aspect-ratio:1;object-fit:cover;width:200px\" srcset=\"https:\/\/blogs.ugr.es\/asanred\/wp-content\/uploads\/sites\/154\/2024\/05\/Carla-cuadrado.jpg 591w, https:\/\/blogs.ugr.es\/asanred\/wp-content\/uploads\/sites\/154\/2024\/05\/Carla-cuadrado-300x300.jpg 300w, https:\/\/blogs.ugr.es\/asanred\/wp-content\/uploads\/sites\/154\/2024\/05\/Carla-cuadrado-150x150.jpg 150w, https:\/\/blogs.ugr.es\/asanred\/wp-content\/uploads\/sites\/154\/2024\/05\/Carla-cuadrado-50x50.jpg 50w, https:\/\/blogs.ugr.es\/asanred\/wp-content\/uploads\/sites\/154\/2024\/05\/Carla-cuadrado-80x80.jpg 80w\" sizes=\"auto, (max-width: 591px) 100vw, 591px\" \/><\/figure>\n<\/div>\n\n\n<p class=\"has-text-align-center has-white-color has-text-color has-link-color wp-elements-132f10fd3c391da7f04759587522991b\">&#8211;<\/p>\n\n\n\n<h5 class=\"wp-block-heading\">Presidencia<\/h5>\n\n\n\n<p class=\"has-black-color has-text-color has-link-color wp-elements-be92dc57bdde35536d5baea9585c9bc2\" style=\"font-size:13px\"><strong>Carla Alba Pulido. <\/strong>Igualada (Barcelona). Graduada en Antropolog\u00eda Social y Cultural\u00a0 (Universidad de Granada, 2023). M\u00e1ster en Psicopedagog\u00eda (UNIR, 2017). Licenciada en Bellas Artes (Universidad de Barcelona, 2013). Doctoranda FPU en Estudios Migratorios (Universidad de Granada). Inter\u00e9s y especializaci\u00f3n en m\u00e9todos multimodales para la poducci\u00f3n, divulgaci\u00f3n y transferencia del conocimiento en Ciencias Sociales y desde la mirada antropol\u00f3gica. www.carlaalbapulido.com. PDI en Instituto de Migraciones (UGR) \u2013 alb&#97;&#112;&#117;&#x6c;&#x69;&#x64;&#x6f;&#x40;&#x75;gr&#46;&#101;&#115;<\/p>\n<\/div>\n\n\n\n<div class=\"wp-block-column is-layout-flow wp-block-column-is-layout-flow\"><div class=\"wp-block-image is-style-rounded\">\n<figure class=\"aligncenter size-full is-resized\"><img loading=\"lazy\" decoding=\"async\" width=\"600\" height=\"800\" src=\"https:\/\/blogs.ugr.es\/asanred\/wp-content\/uploads\/sites\/154\/2025\/08\/09b3acb8-e25a-415f-b508-866099524d23.jpeg\" alt=\"\" class=\"wp-image-555\" style=\"aspect-ratio:1;object-fit:cover;width:200px\" srcset=\"https:\/\/blogs.ugr.es\/asanred\/wp-content\/uploads\/sites\/154\/2025\/08\/09b3acb8-e25a-415f-b508-866099524d23.jpeg 600w, https:\/\/blogs.ugr.es\/asanred\/wp-content\/uploads\/sites\/154\/2025\/08\/09b3acb8-e25a-415f-b508-866099524d23-225x300.jpeg 225w, https:\/\/blogs.ugr.es\/asanred\/wp-content\/uploads\/sites\/154\/2025\/08\/09b3acb8-e25a-415f-b508-866099524d23-525x700.jpeg 525w\" sizes=\"auto, (max-width: 600px) 100vw, 600px\" \/><\/figure>\n<\/div>\n\n\n<p class=\"has-text-align-center has-white-color has-text-color has-link-color wp-elements-132f10fd3c391da7f04759587522991b\">&#8211;<\/p>\n\n\n\n<h5 class=\"wp-block-heading\">Vicepresidencia <\/h5>\n\n\n\n<p class=\"has-black-color has-text-color has-link-color wp-elements-7cf24a92149ce1a3df29ec00316cea83\" style=\"font-size:13px\"><strong>F\u00e1tima Romero L\u00f3pez. <\/strong>Huelva. Estudiante de Antropolog\u00eda Social y Cultural en la Universidad de Granada. Interesada en el \u00e1mbito del patrimonio cultural y la antropolog\u00eda de la alimentaci\u00f3n. Su principal l\u00ednea de investigaci\u00f3n explora la intersecci\u00f3n entre g\u00e9nero, trabajo y migraci\u00f3n en contextos rurales.<\/p>\n<\/div>\n\n\n\n<div class=\"wp-block-column is-layout-flow wp-block-column-is-layout-flow\"><div class=\"wp-block-image is-style-rounded\">\n<figure class=\"aligncenter size-full is-resized\"><img loading=\"lazy\" decoding=\"async\" width=\"737\" height=\"800\" src=\"https:\/\/blogs.ugr.es\/asanred\/wp-content\/uploads\/sites\/154\/2025\/08\/9c7af634-64fb-4986-926b-9bfb009b7890.jpg\" alt=\"\" class=\"wp-image-557\" style=\"aspect-ratio:1;object-fit:cover;width:200px\" srcset=\"https:\/\/blogs.ugr.es\/asanred\/wp-content\/uploads\/sites\/154\/2025\/08\/9c7af634-64fb-4986-926b-9bfb009b7890.jpg 737w, https:\/\/blogs.ugr.es\/asanred\/wp-content\/uploads\/sites\/154\/2025\/08\/9c7af634-64fb-4986-926b-9bfb009b7890-276x300.jpg 276w, https:\/\/blogs.ugr.es\/asanred\/wp-content\/uploads\/sites\/154\/2025\/08\/9c7af634-64fb-4986-926b-9bfb009b7890-645x700.jpg 645w\" sizes=\"auto, (max-width: 737px) 100vw, 737px\" \/><\/figure>\n<\/div>\n\n\n<p class=\"has-text-align-center has-white-color has-text-color has-link-color wp-elements-132f10fd3c391da7f04759587522991b\">&#8211;<\/p>\n\n\n\n<h5 class=\"wp-block-heading\">Secretar\u00eda<\/h5>\n\n\n\n<p class=\"has-black-color has-text-color has-link-color wp-elements-cbdb9b0414f2c78c1c6a02ada5b85a0b\" style=\"font-size:13px\"><strong>Juan Carlos Carretero Quero. <\/strong>Formado en antropolog\u00eda social y cultural y en ciencias del comportamiento, con inter\u00e9s en la gesti\u00f3n de conflictos, la negociaci\u00f3n, la sexualidad y las vivencias simb\u00f3licas y rituales. Ha desarrollado talleres, experiencias basadas en magia ilusionista e hipnosis como herramientas de exploraci\u00f3n de la percepci\u00f3n y la sugesti\u00f3n, y actividades culturales orientadas a la reflexi\u00f3n colectiva y la creatividad compartida. Perfil interdisciplinar, con especial atenci\u00f3n a la relaci\u00f3n entre artes, simbolismo y cambio social.<\/p>\n<\/div>\n\n\n\n<div class=\"wp-block-column is-layout-flow wp-block-column-is-layout-flow\"><div class=\"wp-block-image is-style-rounded\">\n<figure class=\"aligncenter size-full\"><img loading=\"lazy\" decoding=\"async\" width=\"800\" height=\"709\" src=\"https:\/\/blogs.ugr.es\/asanred\/wp-content\/uploads\/sites\/154\/2025\/08\/Captura-de-pantalla-2025-08-26-a-las-18.35.48.jpg\" alt=\"\" class=\"wp-image-553\" style=\"aspect-ratio:1;object-fit:cover\" srcset=\"https:\/\/blogs.ugr.es\/asanred\/wp-content\/uploads\/sites\/154\/2025\/08\/Captura-de-pantalla-2025-08-26-a-las-18.35.48.jpg 800w, https:\/\/blogs.ugr.es\/asanred\/wp-content\/uploads\/sites\/154\/2025\/08\/Captura-de-pantalla-2025-08-26-a-las-18.35.48-300x266.jpg 300w, https:\/\/blogs.ugr.es\/asanred\/wp-content\/uploads\/sites\/154\/2025\/08\/Captura-de-pantalla-2025-08-26-a-las-18.35.48-700x620.jpg 700w\" sizes=\"auto, (max-width: 800px) 100vw, 800px\" \/><\/figure>\n<\/div>\n\n\n<p class=\"has-text-align-center has-white-color has-text-color has-link-color wp-elements-132f10fd3c391da7f04759587522991b\">&#8211;<\/p>\n\n\n\n<h5 class=\"wp-block-heading\">Tesorer\u00eda<\/h5>\n\n\n\n<p class=\"has-black-color has-text-color has-link-color wp-elements-49ac5a845ec4bcc4955d1bd396841346\" style=\"font-size:13px\"><strong>Cristina Ruiz. <\/strong>Granada. Estudiante Egresada de la Universidad de Granada con doble licenciatura en Filolog\u00eda Eslava e Inglesa. Actualmente compagina su trabajo de fot\u00f3grafa como consultora de Recursos Humanos. &#x63;&#x72;&#x69;&#x73;&#116;&#105;&#110;ar&#x75;&#x69;&#x7a;&#x73;&#x61;&#101;&#122;&#64;gm&#x61;&#x69;&#x6c;&#x2e;&#x63;&#111;&#109;<\/p>\n<\/div>\n<\/div>\n\n\n\n<div style=\"height:40px\" aria-hidden=\"true\" class=\"wp-block-spacer\"><\/div>\n<\/div><\/div>\n","protected":false},"excerpt":{"rendered":"<p>Unidas por el inter\u00e9s en la antropolog\u00eda, la asociaci\u00f3n ha sido creada como espacio para impulsar actividades que contribuyan a la creaci\u00f3n de redes y el aprendizaje interdisciplinar. Para ello, nos proponemos generar actividades abiertas a todos los p\u00fablicos. Somos una Asociaci\u00f3n vinculada a la Universidad de Granada como asociaci\u00f3n de estudiantes y ALUMNI. Nos [&hellip;]<\/p>\n","protected":false},"author":661,"featured_media":0,"parent":0,"menu_order":0,"comment_status":"closed","ping_status":"closed","template":"","meta":{"footnotes":""},"categories":[],"tags":[],"class_list":["post-222","page","type-page","status-publish","hentry"],"_links":{"self":[{"href":"https:\/\/blogs.ugr.es\/asanred\/wp-json\/wp\/v2\/pages\/222","targetHints":{"allow":["GET"]}}],"collection":[{"href":"https:\/\/blogs.ugr.es\/asanred\/wp-json\/wp\/v2\/pages"}],"about":[{"href":"https:\/\/blogs.ugr.es\/asanred\/wp-json\/wp\/v2\/types\/page"}],"author":[{"embeddable":true,"href":"https:\/\/blogs.ugr.es\/asanred\/wp-json\/wp\/v2\/users\/661"}],"replies":[{"embeddable":true,"href":"https:\/\/blogs.ugr.es\/asanred\/wp-json\/wp\/v2\/comments?post=222"}],"version-history":[{"count":3,"href":"https:\/\/blogs.ugr.es\/asanred\/wp-json\/wp\/v2\/pages\/222\/revisions"}],"predecessor-version":[{"id":570,"href":"https:\/\/blogs.ugr.es\/asanred\/wp-json\/wp\/v2\/pages\/222\/revisions\/570"}],"wp:attachment":[{"href":"https:\/\/blogs.ugr.es\/asanred\/wp-json\/wp\/v2\/media?parent=222"}],"wp:term":[{"taxonomy":"category","embeddable":true,"href":"https:\/\/blogs.ugr.es\/asanred\/wp-json\/wp\/v2\/categories?post=222"},{"taxonomy":"post_tag","embeddable":true,"href":"https:\/\/blogs.ugr.es\/asanred\/wp-json\/wp\/v2\/tags?post=222"}],"curies":[{"name":"wp","href":"https:\/\/api.w.org\/{rel}","templated":true}]}}