{"id":51,"date":"2017-06-06T09:55:12","date_gmt":"2017-06-06T09:55:12","guid":{"rendered":"https:\/\/attentionandconsciousness.wordpress.com\/?page_id=51"},"modified":"2026-03-25T14:08:47","modified_gmt":"2026-03-25T13:08:47","slug":"members","status":"publish","type":"page","link":"https:\/\/blogs.ugr.es\/attentionandconsciousness\/members\/","title":{"rendered":"Members"},"content":{"rendered":"<h2><strong>Senior PI<\/strong><\/h2>\n<h2><img loading=\"lazy\" decoding=\"async\" class=\" wp-image-1425 alignleft\" src=\"https:\/\/blogs.ugr.es\/attentionandconsciousness\/wp-content\/uploads\/sites\/38\/2025\/03\/Ana-Chica-foto-237x300.jpg\" alt=\"\" width=\"223\" height=\"282\" srcset=\"https:\/\/blogs.ugr.es\/attentionandconsciousness\/wp-content\/uploads\/sites\/38\/2025\/03\/Ana-Chica-foto-237x300.jpg 237w, https:\/\/blogs.ugr.es\/attentionandconsciousness\/wp-content\/uploads\/sites\/38\/2025\/03\/Ana-Chica-foto.jpg 438w\" sizes=\"auto, (max-width: 223px) 100vw, 223px\" \/><strong><a href=\"https:\/\/blogs.ugr.es\/attentionandconsciousness\/ana-b-chica-2\/\"><span style=\"color: #33cccc\">Ana B. Chica<\/span><\/a><\/strong><\/h2>\n<p><img loading=\"lazy\" decoding=\"async\" class=\"wp-image-420 alignleft\" src=\"https:\/\/attentionandconsciousness.files.wordpress.com\/2017\/06\/imagen2.jpg\" alt=\"Imagen2\" width=\"22\" height=\"22\" \/> <a href=\"&#x6d;&#x61;&#x69;&#108;&#116;&#111;:a&#x6e;&#x61;&#x63;&#x68;&#105;&#99;a&#64;&#x75;&#x67;&#x72;&#x2e;&#101;&#115;\">&#x61;&#110;a&#x63;&#104;&#105;&#x63;&#x61;&#64;u&#x67;&#114;&#46;&#x65;&#x73;<\/a><\/p>\n<p>&nbsp;<\/p>\n<p>&nbsp;<\/p>\n<p>&nbsp;<\/p>\n<p>&nbsp;<\/p>\n<p>&nbsp;<\/p>\n<p>&nbsp;<\/p>\n<hr \/>\n<h2><strong>PIs<\/strong><\/h2>\n<div id='gallery-1' class='gallery galleryid-51 gallery-columns-5 gallery-size-thumbnail'><figure class='gallery-item'>\n\t\t\t<div class='gallery-icon portrait'>\n\t\t\t\t<a href='https:\/\/blogs.ugr.es\/attentionandconsciousness\/members\/mgfotoana\/'><img loading=\"lazy\" decoding=\"async\" width=\"150\" height=\"150\" src=\"https:\/\/blogs.ugr.es\/attentionandconsciousness\/wp-content\/uploads\/sites\/38\/2021\/06\/MGFotoAna-150x150.jpg\" class=\"attachment-thumbnail size-thumbnail\" alt=\"\" aria-describedby=\"gallery-1-1011\" \/><\/a>\n\t\t\t<\/div>\n\t\t\t\t<figcaption class='wp-caption-text gallery-caption' id='gallery-1-1011'>\n\t\t\t\tMariagrazia Capizzi\n\t\t\t\t<\/figcaption><\/figure><figure class='gallery-item'>\n\t\t\t<div class='gallery-icon landscape'>\n\t\t\t\t<a href='https:\/\/blogs.ugr.es\/attentionandconsciousness\/cv_mar-7\/'><img loading=\"lazy\" decoding=\"async\" width=\"150\" height=\"150\" src=\"https:\/\/blogs.ugr.es\/attentionandconsciousness\/wp-content\/uploads\/sites\/38\/2024\/10\/CV_Mar-7-150x150.jpg\" class=\"attachment-thumbnail size-thumbnail\" alt=\"\" aria-describedby=\"gallery-1-1369\" \/><\/a>\n\t\t\t<\/div>\n\t\t\t\t<figcaption class='wp-caption-text gallery-caption' id='gallery-1-1369'>\n\t\t\t\tMar Mart\u00edn-Signes\n\t\t\t\t<\/figcaption><\/figure>\n\t\t<\/div>\n\n<div class=\"mceTemp\"><\/div>\n<div class=\"mceTemp\"><\/div>\n<hr \/>\n<h2>\u00a0<strong>PhD Students<\/strong><\/h2>\n<div id='gallery-2' class='gallery galleryid-51 gallery-columns-5 gallery-size-thumbnail'><figure class='gallery-item'>\n\t\t\t<div class='gallery-icon landscape'>\n\t\t\t\t<a href='https:\/\/blogs.ugr.es\/attentionandconsciousness\/members\/joaquin\/'><img loading=\"lazy\" decoding=\"async\" width=\"150\" height=\"150\" src=\"https:\/\/blogs.ugr.es\/attentionandconsciousness\/wp-content\/uploads\/sites\/38\/2023\/02\/Joaquin-150x150.jpeg\" class=\"attachment-thumbnail size-thumbnail\" alt=\"\" aria-describedby=\"gallery-2-1153\" \/><\/a>\n\t\t\t<\/div>\n\t\t\t\t<figcaption class='wp-caption-text gallery-caption' id='gallery-2-1153'>\n\t\t\t\tJoaqu\u00edn J. Ram\u00edrez Guerrero\n\t\t\t\t<\/figcaption><\/figure><figure class='gallery-item'>\n\t\t\t<div class='gallery-icon portrait'>\n\t\t\t\t<a href='https:\/\/blogs.ugr.es\/attentionandconsciousness\/members\/pablo-rodriguez\/'><img loading=\"lazy\" decoding=\"async\" width=\"150\" height=\"150\" src=\"https:\/\/blogs.ugr.es\/attentionandconsciousness\/wp-content\/uploads\/sites\/38\/2021\/04\/IMG_20210419_123523_compress56-e1618829217129-150x150.jpg\" class=\"attachment-thumbnail size-thumbnail\" alt=\"\" aria-describedby=\"gallery-2-989\" \/><\/a>\n\t\t\t<\/div>\n\t\t\t\t<figcaption class='wp-caption-text gallery-caption' id='gallery-2-989'>\n\t\t\t\tPablo Rodr\u00edguez San Esteban\n\t\t\t\t<\/figcaption><\/figure><figure class='gallery-item'>\n\t\t\t<div class='gallery-icon portrait'>\n\t\t\t\t<a href='https:\/\/blogs.ugr.es\/attentionandconsciousness\/members\/pablo-dapica\/'><img loading=\"lazy\" decoding=\"async\" width=\"150\" height=\"150\" src=\"https:\/\/blogs.ugr.es\/attentionandconsciousness\/wp-content\/uploads\/sites\/38\/2025\/03\/Pablo-Dapica-150x150.jpg\" class=\"attachment-thumbnail size-thumbnail\" alt=\"\" aria-describedby=\"gallery-2-1431\" \/><\/a>\n\t\t\t<\/div>\n\t\t\t\t<figcaption class='wp-caption-text gallery-caption' id='gallery-2-1431'>\n\t\t\t\tPablo Dapica Hern\u00e1ndez\n\t\t\t\t<\/figcaption><\/figure><figure class='gallery-item'>\n\t\t\t<div class='gallery-icon landscape'>\n\t\t\t\t<a href='https:\/\/blogs.ugr.es\/attentionandconsciousness\/img_3866\/'><img loading=\"lazy\" decoding=\"async\" width=\"150\" height=\"150\" src=\"https:\/\/blogs.ugr.es\/attentionandconsciousness\/wp-content\/uploads\/sites\/38\/2025\/03\/IMG_3866-150x150.jpg\" class=\"attachment-thumbnail size-thumbnail\" alt=\"\" aria-describedby=\"gallery-2-1433\" \/><\/a>\n\t\t\t<\/div>\n\t\t\t\t<figcaption class='wp-caption-text gallery-caption' id='gallery-2-1433'>\n\t\t\t\tMar\u00eda Garc\u00eda de Viedma Ferreras\n\t\t\t\t<\/figcaption><\/figure>\n\t\t<\/div>\n\n<hr \/>\n<h2><strong>Collaborations<br \/>\n<\/strong><\/h2>\n<p>&nbsp;<br \/>\nPaolo Bartolomeo\u00a0 -INSERM, Paris.<\/p>\n<p>Almudena Capilla\u00a0\u00a0-Universidad Aut\u00f3noma de Madrid<\/p>\n<p>Pom Charras -Universit\u00e9 Aix-Marseille<\/p>\n<p>Itsaso Col\u00e1s &#8211; University of Paris<\/p>\n<p>Shai Gabay\u00a0\u00a0-University of Haifa, Israel<\/p>\n<p>Jos\u00e9 Andr\u00e9s Gonz\u00e1lez L\u00f3pez -University of Granada<\/p>\n<p>Valentina La Corte -Universit\u00e9 de Paris<\/p>\n<p>Juan Lupi\u00e1\u00f1ez\u00a0\u00a0-University of Granada<\/p>\n<p>Pedro Macizo -University of Granada<\/p>\n<p>Elisa Mart\u00edn-Ar\u00e9valo -University of Granada<\/p>\n<p>Mar\u00eda Melc\u00f3n\u00a0 -Universidad Aut\u00f3noma de Madrid<\/p>\n<p>Kepa Paz-Alonso\u00a0\u00a0-BCBL, San Sebastian<\/p>\n<p>Charo Rueda -University of Granada<\/p>\n<p>Michel Thiebaut de Schotten\u00a0\u00a0 -Groupe d&#8217;imagerie neurofonctionnelle, Bordeaux<\/p>\n<p>Martijn E. Wokke\u00a0 &#8211; University of Girona<\/p>\n<p>Unidad de la Epilepsia\u00a0\u00a0-Hospital Cl\u00ednico Virgen de las Nieves, Granada<\/p>\n<h2 class=\"paragraph_style_5\"><strong>Former PhD Students<\/strong><\/h2>\n<p class=\"paragraph_style_7\"><a title=\"http:\/\/www.researchgate.net\/profile\/Alexia_Bourgeois\" href=\"http:\/\/www.researchgate.net\/profile\/Alexia_Bourgeois\">Alexia Bourgeois<\/a>\u00a0 -University of Geneva<\/p>\n<p><a href=\"https:\/\/blogs.ugr.es\/attentionandconsciousness\/members\/itsaso-1\/\">Itsaso Col\u00e1s<\/a> -University of Granada<\/p>\n<p class=\"paragraph_style_8\"><a title=\"http:\/\/scholar.google.es\/citations?user=z9whrWEAAAAJ&amp;hl=en\" href=\"http:\/\/scholar.google.es\/citations?user=z9whrWEAAAAJ&amp;hl=en\">Rodrigo Henr\u00edquez<\/a><span class=\"style_2\">\u00a0 -INSERM, Paris<\/span><\/p>\n<p><a href=\"https:\/\/blogs.ugr.es\/attentionandconsciousness\/members\/eli-2\/\">Elisa Mart\u00edn-Ar\u00e9valo<\/a> -University of Granada<\/p>\n<p><a href=\"https:\/\/www.researchgate.net\/profile\/Mar-Martin-Signes\">Mar Mart\u00edn-Signes<\/a>&#8211; University of Granada<\/p>\n<p><a href=\"https:\/\/scholar.google.com\/citations?user=YWqs_CMAAAAJ&amp;hl=es\">Mar\u00eda Cobos<\/a>&#8211; University of Granada<\/p>\n<p><a href=\"https:\/\/scholar.google.com\/citations?hl=en&amp;user=_1Pp4AkAAAAJ&amp;view_op=list_works&amp;sortby=pubdate\">Cristina Narganes<\/a>&#8211; BCBL, San Sebastian<\/p>\n","protected":false},"excerpt":{"rendered":"<p>Senior PI Ana B. Chica &#97;&#x6e;a&#99;&#x68;i&#x63;&#x61;&#64;&#x75;g&#114;&#x2e;e&#115; &nbsp; &nbsp; &nbsp; &nbsp; &nbsp; &nbsp; PIs \u00a0PhD Students Collaborations &nbsp; Paolo Bartolomeo\u00a0 -INSERM, Paris. Almudena Capilla\u00a0\u00a0-Universidad Aut\u00f3noma de Madrid Pom Charras -Universit\u00e9 Aix-Marseille Itsaso Col\u00e1s &#8211; University of Paris Shai Gabay\u00a0\u00a0-University of Haifa, Israel Jos\u00e9 Andr\u00e9s Gonz\u00e1lez L\u00f3pez -University of Granada Valentina La Corte -Universit\u00e9 de Paris Juan&hellip; <a href=\"https:\/\/blogs.ugr.es\/attentionandconsciousness\/members\/\" class=\"more-link\">Read more <span class=\"screen-reader-text\">acerca de Members<\/span><\/a><\/p>\n","protected":false},"author":52,"featured_media":0,"parent":0,"menu_order":0,"comment_status":"closed","ping_status":"closed","template":"","meta":{"_genesis_hide_title":false,"_genesis_hide_breadcrumbs":false,"_genesis_hide_singular_image":false,"_genesis_hide_footer_widgets":false,"_genesis_custom_body_class":"","_genesis_custom_post_class":"","_genesis_layout":"","footnotes":""},"categories":[],"tags":[],"class_list":{"0":"post-51","1":"page","2":"type-page","3":"status-publish","5":"entry","6":"has-post-thumbnail"},"_links":{"self":[{"href":"https:\/\/blogs.ugr.es\/attentionandconsciousness\/wp-json\/wp\/v2\/pages\/51","targetHints":{"allow":["GET"]}}],"collection":[{"href":"https:\/\/blogs.ugr.es\/attentionandconsciousness\/wp-json\/wp\/v2\/pages"}],"about":[{"href":"https:\/\/blogs.ugr.es\/attentionandconsciousness\/wp-json\/wp\/v2\/types\/page"}],"author":[{"embeddable":true,"href":"https:\/\/blogs.ugr.es\/attentionandconsciousness\/wp-json\/wp\/v2\/users\/52"}],"replies":[{"embeddable":true,"href":"https:\/\/blogs.ugr.es\/attentionandconsciousness\/wp-json\/wp\/v2\/comments?post=51"}],"version-history":[{"count":4,"href":"https:\/\/blogs.ugr.es\/attentionandconsciousness\/wp-json\/wp\/v2\/pages\/51\/revisions"}],"predecessor-version":[{"id":1530,"href":"https:\/\/blogs.ugr.es\/attentionandconsciousness\/wp-json\/wp\/v2\/pages\/51\/revisions\/1530"}],"wp:attachment":[{"href":"https:\/\/blogs.ugr.es\/attentionandconsciousness\/wp-json\/wp\/v2\/media?parent=51"}],"wp:term":[{"taxonomy":"category","embeddable":true,"href":"https:\/\/blogs.ugr.es\/attentionandconsciousness\/wp-json\/wp\/v2\/categories?post=51"},{"taxonomy":"post_tag","embeddable":true,"href":"https:\/\/blogs.ugr.es\/attentionandconsciousness\/wp-json\/wp\/v2\/tags?post=51"}],"curies":[{"name":"wp","href":"https:\/\/api.w.org\/{rel}","templated":true}]}}