{"id":340,"date":"2021-11-02T15:20:03","date_gmt":"2021-11-02T14:20:03","guid":{"rendered":"https:\/\/blogs.ugr.es\/candidatura-letras\/?page_id=340"},"modified":"2021-11-08T11:34:20","modified_gmt":"2021-11-08T10:34:20","slug":"agenda","status":"publish","type":"page","link":"https:\/\/blogs.ugr.es\/candidatura-letras\/agenda\/","title":{"rendered":"Agenda"},"content":{"rendered":"<table width=\"945\">\n<tbody>\n<tr>\n<td width=\"283\">Del 6 de octubre al 23 de noviembre<\/p>\n<p><strong>\u00a0<\/strong><\/td>\n<td width=\"662\"><span style=\"color: #333333\">Reuniones personales con directores\/as de Departamento, Juntas Directivas y miembros de la Junta de Centro de la Facultad de Filosof\u00eda y Letras<\/span><\/p>\n<p><strong>\u00a0<\/strong><\/td>\n<\/tr>\n<tr>\n<td width=\"283\">9 de noviembre<\/p>\n<p>&nbsp;<\/td>\n<td width=\"662\"><span style=\"color: #333333\">10.30h. Aula Garc\u00eda Lorca. Apertura de campa\u00f1a y reuni\u00f3n con la Delegaci\u00f3n de Estudiantes y con los\/as delegados\/as de curso la Facultad de Filosof\u00eda y Letras<\/span><\/p>\n<p>&nbsp;<\/td>\n<\/tr>\n<tr>\n<td width=\"283\">9 de noviembre<\/p>\n<p>&nbsp;<\/td>\n<td width=\"662\"><span style=\"color: #333333\">12.30h. Aula Garc\u00eda Lorca. Reuni\u00f3n con los\/as coordinadores\/as de Grado de la Facultad de Filosof\u00eda y Letras<\/span><\/p>\n<p>&nbsp;<\/td>\n<\/tr>\n<tr>\n<td width=\"283\">11 de noviembre<\/p>\n<p>&nbsp;<\/td>\n<td width=\"662\"><span style=\"color: #333333\">11.30h. Aula Garc\u00eda Lorca. Reuni\u00f3n con el Personal de Administraci\u00f3n y Servicio de la Facultad de Filosof\u00eda y Letras<\/span><\/p>\n<p>&nbsp;<\/td>\n<\/tr>\n<tr>\n<td width=\"283\">15 de noviembre<\/p>\n<p>&nbsp;<\/td>\n<td width=\"662\"><span style=\"color: #333333\">12.30h. Aula Garc\u00eda Lorca. Presentaci\u00f3n del proyecto de centro de nuestra candidatura y debate abierto con todos\/as los\/las integrantes de la comunidad de Filosof\u00eda y Letras<\/span><\/p>\n<p>&nbsp;<\/td>\n<\/tr>\n<tr>\n<td width=\"283\">24\u00a0de\u00a0noviembre<\/p>\n<p>&nbsp;<\/td>\n<td width=\"662\"><span style=\"color: #333333\">Cierre\u00a0de\u00a0campa\u00f1a<\/span><\/p>\n<p>&nbsp;<\/td>\n<\/tr>\n<tr>\n<td width=\"283\">26 de noviembre<\/p>\n<p>&nbsp;<\/td>\n<td width=\"662\"><span style=\"color: #333333\">Elecciones en Junta de Centro de la Facultad de Filosof\u00eda y Letras<\/span><\/p>\n<p>&nbsp;<\/td>\n<\/tr>\n<\/tbody>\n<\/table>\n","protected":false},"excerpt":{"rendered":"<p>Del 6 de octubre al 23 de noviembre \u00a0 Reuniones personales con directores\/as de Departamento, Juntas Directivas y miembros de la Junta de Centro de la Facultad de Filosof\u00eda y Letras \u00a0 9 de noviembre &nbsp; 10.30h. Aula Garc\u00eda Lorca. Apertura de campa\u00f1a y reuni\u00f3n con la Delegaci\u00f3n de Estudiantes y con los\/as delegados\/as de&hellip; <a href=\"https:\/\/blogs.ugr.es\/candidatura-letras\/agenda\/\" class=\"more-link\">Read more <span class=\"screen-reader-text\">acerca de Agenda<\/span><\/a><\/p>\n","protected":false},"author":590,"featured_media":0,"parent":0,"menu_order":0,"comment_status":"closed","ping_status":"closed","template":"","meta":{"_genesis_hide_title":false,"_genesis_hide_breadcrumbs":false,"_genesis_hide_singular_image":false,"_genesis_hide_footer_widgets":false,"_genesis_custom_body_class":"","_genesis_custom_post_class":"","_genesis_layout":"","footnotes":""},"categories":[],"tags":[],"class_list":{"0":"post-340","1":"page","2":"type-page","3":"status-publish","5":"entry","6":"has-post-thumbnail"},"_links":{"self":[{"href":"https:\/\/blogs.ugr.es\/candidatura-letras\/wp-json\/wp\/v2\/pages\/340","targetHints":{"allow":["GET"]}}],"collection":[{"href":"https:\/\/blogs.ugr.es\/candidatura-letras\/wp-json\/wp\/v2\/pages"}],"about":[{"href":"https:\/\/blogs.ugr.es\/candidatura-letras\/wp-json\/wp\/v2\/types\/page"}],"author":[{"embeddable":true,"href":"https:\/\/blogs.ugr.es\/candidatura-letras\/wp-json\/wp\/v2\/users\/590"}],"replies":[{"embeddable":true,"href":"https:\/\/blogs.ugr.es\/candidatura-letras\/wp-json\/wp\/v2\/comments?post=340"}],"version-history":[{"count":3,"href":"https:\/\/blogs.ugr.es\/candidatura-letras\/wp-json\/wp\/v2\/pages\/340\/revisions"}],"predecessor-version":[{"id":357,"href":"https:\/\/blogs.ugr.es\/candidatura-letras\/wp-json\/wp\/v2\/pages\/340\/revisions\/357"}],"wp:attachment":[{"href":"https:\/\/blogs.ugr.es\/candidatura-letras\/wp-json\/wp\/v2\/media?parent=340"}],"wp:term":[{"taxonomy":"category","embeddable":true,"href":"https:\/\/blogs.ugr.es\/candidatura-letras\/wp-json\/wp\/v2\/categories?post=340"},{"taxonomy":"post_tag","embeddable":true,"href":"https:\/\/blogs.ugr.es\/candidatura-letras\/wp-json\/wp\/v2\/tags?post=340"}],"curies":[{"name":"wp","href":"https:\/\/api.w.org\/{rel}","templated":true}]}}