{"id":320,"date":"2023-09-03T21:57:03","date_gmt":"2023-09-03T19:57:03","guid":{"rendered":"https:\/\/blogs.ugr.es\/catedra-filosofiasocial\/?page_id=320"},"modified":"2023-09-04T16:10:54","modified_gmt":"2023-09-04T14:10:54","slug":"presentacion-de-la-catedra-2","status":"publish","type":"page","link":"https:\/\/blogs.ugr.es\/catedra-filosofiasocial\/presentacion-de-la-catedra-2\/","title":{"rendered":"Presentaci\u00f3n de la C\u00e1tedra"},"content":{"rendered":"<p><span style=\"font-weight: 400\">La \u201cC\u00e1tedra Extraordinaria de Filosof\u00eda Social de la Discriminaci\u00f3n Corporal\u201d se crea el 1 de junio de 2023 por convenio entre la Universidad de Granada y el Instituto de las Mujeres (<a href=\"https:\/\/www.boe.es\/boe\/dias\/2023\/06\/12\/pdfs\/BOE-A-2023-13934.pdf\">BOE n\u00fam.\u00a0139, de 12 de junio de 2023<\/a>). El acuerdo entre ambas entidades estar\u00e1 vigente hasta el 31 de octubre de 2025, si bien el proyecto de la C\u00e1tedra nace con la vocaci\u00f3n de consolidarse y estabilizarse como espacio de estudio, reflexi\u00f3n e intervenci\u00f3n social.<\/span><\/p>\n<p><span style=\"font-weight: 400\">La \u201cC\u00e1tedra Extraordinaria de Filosof\u00eda Social de la Discriminaci\u00f3n Corporal\u201d surge del compromiso de la Universidad de Granada y del Instituto de las Mujeres con la generaci\u00f3n de conocimiento que proporcione instrumentos para la mejora de las condiciones de vida en nuestra sociedad, entendiendo para ello fundamental la reducci\u00f3n de cualquier forma de discriminaci\u00f3n. En este sentido, la discriminaci\u00f3n corporal constituye una pr\u00e1ctica que limita la libertad de las personas en la medida en que produce situaciones de desigualdad, basadas en consideraciones sobre el aspecto f\u00edsico, que rara vez pueden justificarse y que en ocasiones implican situaciones de dominaci\u00f3n, e incluso de explotaci\u00f3n, que resultan incompatibles con los ideales democr\u00e1ticos a los que nuestra sociedad debe aspirar.\u00a0<\/span><\/p>\n<p><span style=\"font-weight: 400\">El objetivo de la C\u00e1tedra Extraordinaria es promover el estudio y la formaci\u00f3n orientadas a la identificaci\u00f3n de cualquier forma de discriminaci\u00f3n relacionada con el aspecto f\u00edsico, tanto en mujeres como en hombres, en los diferentes \u00e1mbitos de la vida social, prestando especial atenci\u00f3n al \u00e1mbito laboral. Este objetivo se desarrollar\u00e1 mediante diferentes actividades que se articular\u00e1n en torno a tres l\u00edneas, cada una de ellas con tareas espec\u00edficas:<\/span><\/p>\n<ul>\n<li><i><span style=\"font-weight: 400\">L\u00ednea de investigaci\u00f3n y estudios<\/span><\/i><\/li>\n<\/ul>\n<p><span style=\"font-weight: 400\">Identificaci\u00f3n y estudio de las diferentes formas de discriminaci\u00f3n corporal.<\/span><\/p>\n<p><span style=\"font-weight: 400\">Elaboraci\u00f3n de instrumentos cient\u00edficos, normativos y pedag\u00f3gicos que permitan combatir la discriminaci\u00f3n corporal.<\/span><\/p>\n<ul>\n<li><i><span style=\"font-weight: 400\">L\u00ednea de formaci\u00f3n<\/span><\/i><\/li>\n<\/ul>\n<p><span style=\"font-weight: 400\">Organizaci\u00f3n de talleres y cursos de formaci\u00f3n con sectores implicados.<\/span><\/p>\n<p><span style=\"font-weight: 400\">Desarrollo de jornadas y seminarios de estudio.<\/span><\/p>\n<ul>\n<li><i><span style=\"font-weight: 400\">L\u00ednea de transferencia y difusi\u00f3n de resultados\u00a0<\/span><\/i><\/li>\n<\/ul>\n<p><span style=\"font-weight: 400\">Publicaciones sobre los temas de inter\u00e9s en el \u00e1mbito de la C\u00e1tedra Extraordinaria.<\/span><\/p>\n<p><span style=\"font-weight: 400\">Divulgaci\u00f3n de las actividades desarrolladas, as\u00ed como de los resultados obtenidos.<\/span><\/p>\n","protected":false},"excerpt":{"rendered":"<p>La \u201cC\u00e1tedra Extraordinaria de Filosof\u00eda Social de la Discriminaci\u00f3n Corporal\u201d se crea el 1 de junio de 2023 por convenio entre la Universidad de Granada y el Instituto de las Mujeres (BOE n\u00fam.\u00a0139, de 12 de junio de 2023). El acuerdo entre ambas entidades estar\u00e1 vigente hasta el 31 de octubre de 2025, si bien [&hellip;]<\/p>\n","protected":false},"author":58,"featured_media":0,"parent":0,"menu_order":0,"comment_status":"closed","ping_status":"closed","template":"","meta":{"_genesis_hide_title":false,"_genesis_hide_breadcrumbs":false,"_genesis_hide_singular_image":false,"_genesis_hide_footer_widgets":false,"_genesis_custom_body_class":"","_genesis_custom_post_class":"","_genesis_layout":"","footnotes":"","_members_access_role":[],"_members_access_error":""},"categories":[17],"tags":[],"class_list":["post-320","page","type-page","status-publish","category-presentacion-de-la-catedra","entry"],"_links":{"self":[{"href":"https:\/\/blogs.ugr.es\/catedra-filosofiasocial\/wp-json\/wp\/v2\/pages\/320","targetHints":{"allow":["GET"]}}],"collection":[{"href":"https:\/\/blogs.ugr.es\/catedra-filosofiasocial\/wp-json\/wp\/v2\/pages"}],"about":[{"href":"https:\/\/blogs.ugr.es\/catedra-filosofiasocial\/wp-json\/wp\/v2\/types\/page"}],"author":[{"embeddable":true,"href":"https:\/\/blogs.ugr.es\/catedra-filosofiasocial\/wp-json\/wp\/v2\/users\/58"}],"replies":[{"embeddable":true,"href":"https:\/\/blogs.ugr.es\/catedra-filosofiasocial\/wp-json\/wp\/v2\/comments?post=320"}],"version-history":[{"count":3,"href":"https:\/\/blogs.ugr.es\/catedra-filosofiasocial\/wp-json\/wp\/v2\/pages\/320\/revisions"}],"predecessor-version":[{"id":355,"href":"https:\/\/blogs.ugr.es\/catedra-filosofiasocial\/wp-json\/wp\/v2\/pages\/320\/revisions\/355"}],"wp:attachment":[{"href":"https:\/\/blogs.ugr.es\/catedra-filosofiasocial\/wp-json\/wp\/v2\/media?parent=320"}],"wp:term":[{"taxonomy":"category","embeddable":true,"href":"https:\/\/blogs.ugr.es\/catedra-filosofiasocial\/wp-json\/wp\/v2\/categories?post=320"},{"taxonomy":"post_tag","embeddable":true,"href":"https:\/\/blogs.ugr.es\/catedra-filosofiasocial\/wp-json\/wp\/v2\/tags?post=320"}],"curies":[{"name":"wp","href":"https:\/\/api.w.org\/{rel}","templated":true}]}}

Presentación de la Cátedra

<p><span style="font-weight: 400">La “Cátedra Extraordinaria de Filosofía Social de la Discriminación Corporal” se crea el 1 de junio de 2023 por convenio entre la Universidad de Granada y el Instituto de las Mujeres (<a href="https://www.boe.es/boe/dias/2023/06/12/pdfs/BOE-A-2023-13934.pdf">BOE núm. 139, de 12 de junio de 2023</a>). El acuerdo entre ambas entidades estará vigente hasta el 31 de octubre de 2025, si bien el proyecto de la Cátedra nace con la vocación de consolidarse y estabilizarse como espacio de estudio, reflexión e intervención social.</span></p>
<p><span style="font-weight: 400">La “Cátedra Extraordinaria de Filosofía Social de la Discriminación Corporal” surge del compromiso de la Universidad de Granada y del Instituto de las Mujeres con la generación de conocimiento que proporcione instrumentos para la mejora de las condiciones de vida en nuestra sociedad, entendiendo para ello fundamental la reducción de cualquier forma de discriminación. En este sentido, la discriminación corporal constituye una práctica que limita la libertad de las personas en la medida en que produce situaciones de desigualdad, basadas en consideraciones sobre el aspecto físico, que rara vez pueden justificarse y que en ocasiones implican situaciones de dominación, e incluso de explotación, que resultan incompatibles con los ideales democráticos a los que nuestra sociedad debe aspirar. </span></p>
<p><span style="font-weight: 400">El objetivo de la Cátedra Extraordinaria es promover el estudio y la formación orientadas a la identificación de cualquier forma de discriminación relacionada con el aspecto físico, tanto en mujeres como en hombres, en los diferentes ámbitos de la vida social, prestando especial atención al ámbito laboral. Este objetivo se desarrollará mediante diferentes actividades que se articularán en torno a tres líneas, cada una de ellas con tareas específicas:</span></p>
<ul>
<li><i><span style="font-weight: 400">Línea de investigación y estudios</span></i></li>
</ul>
<p><span style="font-weight: 400">Identificación y estudio de las diferentes formas de discriminación corporal.</span></p>
<p><span style="font-weight: 400">Elaboración de instrumentos científicos, normativos y pedagógicos que permitan combatir la discriminación corporal.</span></p>
<ul>
<li><i><span style="font-weight: 400">Línea de formación</span></i></li>
</ul>
<p><span style="font-weight: 400">Organización de talleres y cursos de formación con sectores implicados.</span></p>
<p><span style="font-weight: 400">Desarrollo de jornadas y seminarios de estudio.</span></p>
<ul>
<li><i><span style="font-weight: 400">Línea de transferencia y difusión de resultados </span></i></li>
</ul>
<p><span style="font-weight: 400">Publicaciones sobre los temas de interés en el ámbito de la Cátedra Extraordinaria.</span></p>
<p><span style="font-weight: 400">Divulgación de las actividades desarrolladas, así como de los resultados obtenidos.</span></p>

<p>La “Cátedra Extraordinaria de Filosofía Social de la Discriminación Corporal” se crea el 1 de junio de 2023 por convenio entre la Universidad de Granada y el Instituto de las Mujeres (BOE núm. 139, de 12 de junio de 2023). El acuerdo entre ambas entidades estará vigente hasta el 31 de octubre de 2025, si bien [&hellip;]</p>
