{"id":119,"date":"2018-01-22T09:22:43","date_gmt":"2018-01-22T08:22:43","guid":{"rendered":"https:\/\/blogs.ugr.es\/cbgarcia\/?page_id=119"},"modified":"2025-06-04T14:59:04","modified_gmt":"2025-06-04T12:59:04","slug":"inicio","status":"publish","type":"page","link":"https:\/\/blogs.ugr.es\/cbgarcia\/","title":{"rendered":"Index"},"content":{"rendered":"<p>I am Professor Catalina Garc\u00eda Garc\u00eda at the University of Granada, and my scientific contributions have primarily focused on the development of bounded distributions and their application in the financial and actuarial fields. My research journey began with my doctoral thesis, where I introduced a new bounded distribution, and since then, I have had the opportunity to collaborate internationally through research stays at George Washington University and the Pontifical Catholic University of Peru.<\/p>\n<p>As my research evolved, I shifted my focus towards econometrics, specifically the analysis of collinearity, and I have since published several articles in high-impact journals. One of my most notable publications appeared in The American Statistician, which is ranked in the top 1 out of 125 journals in the field of \u00abStatistics and Probability\u00bb (JCR indexed). I\u2019ve had the privilege of presenting my work at international conferences, including a stay at Mary Immaculate College in Limerick, Ireland, in September 2022.<\/p>\n<p>Since August 2022 (until february 2025), I have been leading the Junta de Andaluc\u00eda research group \u00abQuantitative Techniques for Economics and Business Administration\u00bb (<a href=\"https:\/\/sej534.ugr.es\/\">SEJ-534<\/a>), and I co-directed the FEDER project A-SEJ-496-UGR, which addressed new approaches to diagnosing and treating multicollinearity. I am also involved in academic leadership roles, including mentoring graduate students, serving on review committees for scientific journals, and participating in the editorial committee of Estudios de Econom\u00eda Aplicada.<\/p>\n<p>In addition to my academic responsibilities, I\u2019ve had the opportunity to collaborate with industry through knowledge transfer contracts with the University of Almer\u00eda and the University of Granada, and I have acted as an expert appraiser for various courts in Andalusia. I have codirected several doctoral theses in the areas of bounded distributions and multicollinearity treatment, all of which have been recognized with outstanding cum laudem distinctions.\u00a0 My work has been recognized in the academic community, with three six-year periods of positive evaluation by the Advisory Committee of the CNEAI, reflecting my ongoing commitment to advancing scientific knowledge.<\/p>\n<p>On a personal level, I am the proud mother of two fantastic daughters. I am committed to the <a href=\"https:\/\/es.wikipedia.org\/wiki\/Conflicto_del_Sahara_Occidental\">Sahrawi cause<\/a> and actively support it as member of the \u00ab<a href=\"http:\/\/saharaalmeria.org\/\">Asociaci\u00f3n de Amigos del Sahara de Almer\u00eda<\/a>). I am also a patron of the <a href=\"https:\/\/fundacionmartingarciaramos.org\/\">Fundaci\u00f3n Mart\u00edn Garc\u00eda Ramos<\/a>, which is dedicated to preserving and promoting the poetic legacy of my grandfather. In my free time, I enjoy traveling and reading\u2014two passions that continually inspire and enrich both my personal and professional life.<\/p>\n<p><strong>Contact:<\/strong><\/p>\n<p><strong>&#99;&#x62;&#103;&#x61;&#114;&#x63;&#105;&#x61;&#64;&#x75;&#103;&#x72;&#46;&#x65;s<\/strong><\/p>\n<p><strong>Office C-110. Facultad de Ciencias Econ\u00f3micas y Empresariales. Universidad de Granada.<\/strong><\/p>\n","protected":false},"excerpt":{"rendered":"<p>I am Professor Catalina Garc\u00eda Garc\u00eda at the University of Granada, and my scientific contributions have primarily focused on the development of bounded distributions and their application in the financial and actuarial fields. My research journey began with my doctoral thesis, where I introduced a new bounded distribution, and since then, I have had the [&hellip;]<\/p>\n","protected":false},"author":2,"featured_media":207,"parent":0,"menu_order":0,"comment_status":"closed","ping_status":"closed","template":"","meta":{"_genesis_hide_title":false,"_genesis_hide_breadcrumbs":false,"_genesis_hide_singular_image":false,"_genesis_hide_footer_widgets":false,"_genesis_custom_body_class":"","_genesis_custom_post_class":"","_genesis_layout":"","footnotes":""},"categories":[],"tags":[],"class_list":{"0":"post-119","1":"page","2":"type-page","3":"status-publish","4":"has-post-thumbnail","6":"entry"},"_links":{"self":[{"href":"https:\/\/blogs.ugr.es\/cbgarcia\/wp-json\/wp\/v2\/pages\/119","targetHints":{"allow":["GET"]}}],"collection":[{"href":"https:\/\/blogs.ugr.es\/cbgarcia\/wp-json\/wp\/v2\/pages"}],"about":[{"href":"https:\/\/blogs.ugr.es\/cbgarcia\/wp-json\/wp\/v2\/types\/page"}],"author":[{"embeddable":true,"href":"https:\/\/blogs.ugr.es\/cbgarcia\/wp-json\/wp\/v2\/users\/2"}],"replies":[{"embeddable":true,"href":"https:\/\/blogs.ugr.es\/cbgarcia\/wp-json\/wp\/v2\/comments?post=119"}],"version-history":[{"count":4,"href":"https:\/\/blogs.ugr.es\/cbgarcia\/wp-json\/wp\/v2\/pages\/119\/revisions"}],"predecessor-version":[{"id":287,"href":"https:\/\/blogs.ugr.es\/cbgarcia\/wp-json\/wp\/v2\/pages\/119\/revisions\/287"}],"wp:featuredmedia":[{"embeddable":true,"href":"https:\/\/blogs.ugr.es\/cbgarcia\/wp-json\/wp\/v2\/media\/207"}],"wp:attachment":[{"href":"https:\/\/blogs.ugr.es\/cbgarcia\/wp-json\/wp\/v2\/media?parent=119"}],"wp:term":[{"taxonomy":"category","embeddable":true,"href":"https:\/\/blogs.ugr.es\/cbgarcia\/wp-json\/wp\/v2\/categories?post=119"},{"taxonomy":"post_tag","embeddable":true,"href":"https:\/\/blogs.ugr.es\/cbgarcia\/wp-json\/wp\/v2\/tags?post=119"}],"curies":[{"name":"wp","href":"https:\/\/api.w.org\/{rel}","templated":true}]}}