{"id":271,"date":"2018-12-12T20:03:48","date_gmt":"2018-12-12T19:03:48","guid":{"rendered":"https:\/\/blogs.ugr.es\/convex\/?page_id=271"},"modified":"2024-04-25T12:43:27","modified_gmt":"2024-04-25T10:43:27","slug":"members","status":"publish","type":"page","link":"https:\/\/blogs.ugr.es\/convex\/members\/","title":{"rendered":"Members"},"content":{"rendered":"<hr \/>\n<h4>Mar\u00eda Isabel Berenguer Maldonado<img loading=\"lazy\" decoding=\"async\" class=\"alignright size-thumbnail wp-image-320\" src=\"https:\/\/blogs.ugr.es\/convex\/wp-content\/uploads\/sites\/51\/2018\/12\/foto-maribel-150x150.jpg\" alt=\"\" width=\"150\" height=\"150\" srcset=\"https:\/\/blogs.ugr.es\/convex\/wp-content\/uploads\/sites\/51\/2018\/12\/foto-maribel-150x150.jpg 150w, https:\/\/blogs.ugr.es\/convex\/wp-content\/uploads\/sites\/51\/2018\/12\/foto-maribel-300x300.jpg 300w, https:\/\/blogs.ugr.es\/convex\/wp-content\/uploads\/sites\/51\/2018\/12\/foto-maribel-100x100.jpg 100w, https:\/\/blogs.ugr.es\/convex\/wp-content\/uploads\/sites\/51\/2018\/12\/foto-maribel.jpg 512w\" sizes=\"auto, (max-width: 150px) 100vw, 150px\" \/><\/h4>\n<p>Department of Applied Mathematics, University of Granada<\/p>\n<p><a href=\"mai&#108;&#116;&#111;&#58;&#x6d;&#x61;&#x72;&#x69;&#x62;&#x65;&#x6c;&#64;ug&#114;&#46;&#101;&#115;\">&#x6d;&#x61;&#x72;&#x69;&#x62;&#x65;&#x6c;&#x40;&#x75;&#x67;&#x72;&#x2e;&#x65;&#x73;<\/a><\/p>\n<p><a href=\"https:\/\/blogs.ugr.es\/miberenguer\/\">https:\/\/blogs.ugr.es\/miberenguer\/<\/a><\/p>\n<hr \/>\n<h4>Mar\u00eda Victoria Fern\u00e1ndez Mu\u00f1oz<img loading=\"lazy\" decoding=\"async\" class=\"alignright size-thumbnail wp-image-290\" src=\"https:\/\/blogs.ugr.es\/convex\/wp-content\/uploads\/sites\/51\/2018\/12\/foto-maria-victoria-150x150.jpg\" alt=\"\" width=\"150\" height=\"150\" srcset=\"https:\/\/blogs.ugr.es\/convex\/wp-content\/uploads\/sites\/51\/2018\/12\/foto-maria-victoria-150x150.jpg 150w, https:\/\/blogs.ugr.es\/convex\/wp-content\/uploads\/sites\/51\/2018\/12\/foto-maria-victoria-100x100.jpg 100w\" sizes=\"auto, (max-width: 150px) 100vw, 150px\" \/><\/h4>\n<p>Department of Applied Mathematics, University of Granada<\/p>\n<p><a href=\"m&#97;&#x69;&#x6c;&#x74;o&#58;&#x6d;&#x76;&#x66;m&#64;&#x75;&#x67;&#x72;&#46;&#101;&#x73;\">&#x6d;&#118;&#x66;&#x6d;&#64;&#x75;&#103;r&#x2e;&#101;s<\/a><\/p>\n<hr \/>\n<h4>Domingo G\u00e1mez Domingo<img loading=\"lazy\" decoding=\"async\" class=\"alignright size-thumbnail wp-image-321\" src=\"https:\/\/blogs.ugr.es\/convex\/wp-content\/uploads\/sites\/51\/2018\/12\/foto-domingo-1-150x150.jpg\" alt=\"\" width=\"150\" height=\"150\" srcset=\"https:\/\/blogs.ugr.es\/convex\/wp-content\/uploads\/sites\/51\/2018\/12\/foto-domingo-1-150x150.jpg 150w, https:\/\/blogs.ugr.es\/convex\/wp-content\/uploads\/sites\/51\/2018\/12\/foto-domingo-1-300x300.jpg 300w, https:\/\/blogs.ugr.es\/convex\/wp-content\/uploads\/sites\/51\/2018\/12\/foto-domingo-1-100x100.jpg 100w, https:\/\/blogs.ugr.es\/convex\/wp-content\/uploads\/sites\/51\/2018\/12\/foto-domingo-1.jpg 512w\" sizes=\"auto, (max-width: 150px) 100vw, 150px\" \/><\/h4>\n<p>Department of Applied Mathematics, University of Granada<\/p>\n<p><a href=\"&#109;a&#x69;l&#x74;o&#x3a;d&#x6f;m&#x69;n&#x67;&#111;&#x40;&#117;&#x67;&#114;&#x2e;&#101;&#x73;\">&#x64;&#x6f;&#x6d;&#x69;&#x6e;&#x67;&#x6f;&#x40;&#117;&#103;&#114;&#46;&#101;&#115;<\/a><\/p>\n<hr \/>\n<h4><img loading=\"lazy\" decoding=\"async\" class=\"size-thumbnail wp-image-291 alignright\" src=\"https:\/\/blogs.ugr.es\/convex\/wp-content\/uploads\/sites\/51\/2018\/12\/foto-ana-isa-150x150.jpg\" alt=\"\" width=\"150\" height=\"150\" \/>Ana Isabel Garralda Guillem<\/h4>\n<p>Department of Applied Mathematics, University of Granada<\/p>\n<p><a href=\"&#x6d;&#x61;&#105;&#108;t&#x6f;&#x3a;&#x61;&#103;&#97;r&#x72;&#x61;&#x6c;&#64;&#117;g&#x72;&#x2e;&#x65;&#115;\">aga&#114;&#114;&#97;&#108;&#x40;&#x75;&#x67;&#x72;&#x2e;&#x65;&#x73;<\/a><\/p>\n<hr \/>\n<p>&nbsp;<\/p>\n<h4>Antonio Joaqu\u00edn L\u00f3pez Linares<\/h4>\n<p>Department of Applied Mathematics, University of Granada<\/p>\n<p><a href=\"&#x6d;&#97;i&#x6c;&#116;&#111;&#x3a;&#x61;&#108;o&#x70;&#101;z&#x6c;&#x40;&#117;g&#x72;&#46;e&#x73;\">&#x61;&#x6c;&#x6f;&#x70;&#x65;&#122;&#108;&#64;&#117;gr&#46;&#x65;&#x73;<\/a><\/p>\n<hr \/>\n<h4><img loading=\"lazy\" decoding=\"async\" class=\"size-thumbnail wp-image-284 alignright\" src=\"https:\/\/blogs.ugr.es\/convex\/wp-content\/uploads\/sites\/51\/2018\/12\/foto-pablo-150x150.png\" alt=\"\" width=\"150\" height=\"150\" srcset=\"https:\/\/blogs.ugr.es\/convex\/wp-content\/uploads\/sites\/51\/2018\/12\/foto-pablo-150x150.png 150w, https:\/\/blogs.ugr.es\/convex\/wp-content\/uploads\/sites\/51\/2018\/12\/foto-pablo-100x100.png 100w\" sizes=\"auto, (max-width: 150px) 100vw, 150px\" \/>Pablo Montiel L\u00f3pez<\/h4>\n<p>Department of Sciences, Centro de Estudios Superiores La Inmaculada, University of Granada<\/p>\n<p><a href=\"mailto:pablomontiel&#64;eula&#105;&#110;&#109;&#97;&#99;&#117;&#108;&#97;&#100;&#97;&#46;&#99;&#111;&#109;\">&#x70;&#x61;&#x62;&#108;&#111;mo&#x6e;&#x74;&#x69;&#x65;&#108;&#64;eu&#x6c;&#x61;&#x69;&#110;&#109;&#97;cu&#x6c;&#x61;&#x64;&#97;&#46;co&#x6d;<\/a><\/p>\n<hr \/>\n<h4>Manuel Ruiz Gal\u00e1n<img loading=\"lazy\" decoding=\"async\" class=\"alignright size-thumbnail wp-image-313\" src=\"https:\/\/blogs.ugr.es\/convex\/wp-content\/uploads\/sites\/51\/2018\/12\/foto-manolo-150x150.jpg\" alt=\"\" width=\"150\" height=\"150\" srcset=\"https:\/\/blogs.ugr.es\/convex\/wp-content\/uploads\/sites\/51\/2018\/12\/foto-manolo-150x150.jpg 150w, https:\/\/blogs.ugr.es\/convex\/wp-content\/uploads\/sites\/51\/2018\/12\/foto-manolo-100x100.jpg 100w\" sizes=\"auto, (max-width: 150px) 100vw, 150px\" \/><\/h4>\n<p>Department of Applied Mathematics, University of Granada<\/p>\n<p><a href=\"&#x6d;&#97;i&#x6c;&#116;o&#x3a;&#109;r&#x75;&#105;z&#x67;&#64;u&#x67;&#x72;&#46;&#x65;&#x73;\">mrui&#122;&#103;&#64;&#117;&#103;&#x72;&#x2e;&#x65;&#x73;<\/a><\/p>\n<p><a href=\"https:\/\/blogs.ugr.es\/mruizg\">https:\/\/blogs.ugr.es\/mruizg<\/a><\/p>\n<hr \/>\n<p>&nbsp;<\/p>\n","protected":false},"excerpt":{"rendered":"<p>Mar\u00eda Isabel Berenguer Maldonado Department of Applied Mathematics, University of Granada m&#97;&#x72;&#x69;b&#101;&#x6c;&#x40;u&#103;&#114;&#x2e;&#x65;s https:\/\/blogs.ugr.es\/miberenguer\/ Mar\u00eda Victoria Fern\u00e1ndez Mu\u00f1oz Department of Applied Mathematics, University of Granada m&#118;&#x66;&#x6d;&#64;&#117;&#x67;&#x72;&#46;&#101;&#115; Domingo G\u00e1mez Domingo Department of Applied Mathematics, University of Granada &#x64;&#x6f;&#x6d;&#105;&#110;go&#x40;&#x75;&#x67;&#x72;&#46;&#101;s Ana Isabel Garralda Guillem Department of Applied Mathematics, University of Granada &#x61;&#x67;&#x61;&#x72;&#x72;&#x61;&#x6c;&#64;&#117;&#103;&#114;&#46;es &nbsp; Antonio Joaqu\u00edn L\u00f3pez Linares Department of [&hellip;]<\/p>\n","protected":false},"author":16,"featured_media":0,"parent":0,"menu_order":0,"comment_status":"closed","ping_status":"closed","template":"","meta":{"_genesis_hide_title":false,"_genesis_hide_breadcrumbs":false,"_genesis_hide_singular_image":false,"_genesis_hide_footer_widgets":false,"_genesis_custom_body_class":"","_genesis_custom_post_class":"","_genesis_layout":"","footnotes":""},"categories":[],"tags":[],"class_list":{"0":"post-271","1":"page","2":"type-page","3":"status-publish","5":"entry"},"_links":{"self":[{"href":"https:\/\/blogs.ugr.es\/convex\/wp-json\/wp\/v2\/pages\/271","targetHints":{"allow":["GET"]}}],"collection":[{"href":"https:\/\/blogs.ugr.es\/convex\/wp-json\/wp\/v2\/pages"}],"about":[{"href":"https:\/\/blogs.ugr.es\/convex\/wp-json\/wp\/v2\/types\/page"}],"author":[{"embeddable":true,"href":"https:\/\/blogs.ugr.es\/convex\/wp-json\/wp\/v2\/users\/16"}],"replies":[{"embeddable":true,"href":"https:\/\/blogs.ugr.es\/convex\/wp-json\/wp\/v2\/comments?post=271"}],"version-history":[{"count":3,"href":"https:\/\/blogs.ugr.es\/convex\/wp-json\/wp\/v2\/pages\/271\/revisions"}],"predecessor-version":[{"id":794,"href":"https:\/\/blogs.ugr.es\/convex\/wp-json\/wp\/v2\/pages\/271\/revisions\/794"}],"wp:attachment":[{"href":"https:\/\/blogs.ugr.es\/convex\/wp-json\/wp\/v2\/media?parent=271"}],"wp:term":[{"taxonomy":"category","embeddable":true,"href":"https:\/\/blogs.ugr.es\/convex\/wp-json\/wp\/v2\/categories?post=271"},{"taxonomy":"post_tag","embeddable":true,"href":"https:\/\/blogs.ugr.es\/convex\/wp-json\/wp\/v2\/tags?post=271"}],"curies":[{"name":"wp","href":"https:\/\/api.w.org\/{rel}","templated":true}]}}