{"id":573,"date":"2022-03-29T23:38:43","date_gmt":"2022-03-29T21:38:43","guid":{"rendered":"https:\/\/blogs.ugr.es\/convex\/?page_id=573"},"modified":"2022-06-06T17:55:33","modified_gmt":"2022-06-06T15:55:33","slug":"jornada","status":"publish","type":"page","link":"https:\/\/blogs.ugr.es\/convex\/jornada\/","title":{"rendered":""},"content":{"rendered":"<p><img loading=\"lazy\" decoding=\"async\" class=\"alignnone wp-image-587\" src=\"https:\/\/blogs.ugr.es\/convex\/wp-content\/uploads\/sites\/51\/2022\/03\/cabecera-1-300x109.png\" alt=\"\" width=\"927\" height=\"337\" srcset=\"https:\/\/blogs.ugr.es\/convex\/wp-content\/uploads\/sites\/51\/2022\/03\/cabecera-1-300x109.png 300w, https:\/\/blogs.ugr.es\/convex\/wp-content\/uploads\/sites\/51\/2022\/03\/cabecera-1-700x254.png 700w, https:\/\/blogs.ugr.es\/convex\/wp-content\/uploads\/sites\/51\/2022\/03\/cabecera-1.png 707w\" sizes=\"auto, (max-width: 927px) 100vw, 927px\" \/><\/p>\n<h3><span style=\"color: #212191\"><strong>FECHA Y LUGAR:<\/strong><\/span><\/h3>\n<p>Jueves 9 de junio en seminario n\u00ba1 del\u00a0 <a href=\"https:\/\/wpd.ugr.es\/~imag\/es\/\">Instituto de Matem\u00e1ticas de la Universidad de Granada (IMAG)<\/a>.<\/p>\n<h3><span style=\"color: #212191\"><strong>INFORMACI\u00d3N:<\/strong><\/span><\/h3>\n<p>Encuentro, abierto a cualquier investigador interesado en el tema, de los integrantes de los grupos de investigaci\u00f3n:<\/p>\n<ul>\n<li><a href=\"https:\/\/damres.webs.upv.es\/?page_id=8\"><strong>Dise\u00f1o y An\u00e1lisis de M\u00e9todos Iterativos de Resoluci\u00f3n de Ecuaciones y Sistemas no Lineales <\/strong><\/a>(DAMRES) del Instituto de Matem\u00e1tica Multidisciplinar en la Universitat Polit\u00e8cnica de Val\u00e8ncia y,<\/li>\n<li><a href=\"https:\/\/blogs.ugr.es\/convex\/es\/home-espanol\/\"><strong>An\u00e1lisis Convexo y Num\u00e9rico<\/strong><\/a> de la Universidad de Granada.<\/li>\n<\/ul>\n<h3><span style=\"color: #212191\"><strong>\u00a0<\/strong><strong>ORGANIZAN LOS GRUPOS DE INVESTIGACI\u00d3N: <\/strong><\/span><\/h3>\n<ul>\n<li>Dise\u00f1o y An\u00e1lisis de M\u00e9todos Iterativos de Resoluci\u00f3n de Ecuaciones y Sistemas no Lineales<\/li>\n<li>An\u00e1lisis Convexo y Num\u00e9rico<\/li>\n<\/ul>\n<h3><span style=\"color: #212191\"><strong>PATROCINADO:<\/strong><\/span><\/h3>\n<p id=\"tw-target-text\" class=\"tw-data-text tw-text-large tw-ta\" dir=\"ltr\" data-placeholder=\"Traducci\u00f3n\"><span class=\"Y2IQFc\" lang=\"es\">Las siguientes instituciones colaboran en el desarrollo de esta jornada:<\/span><\/p>\n<p><img loading=\"lazy\" decoding=\"async\" class=\"alignnone wp-image-592\" src=\"https:\/\/blogs.ugr.es\/convex\/wp-content\/uploads\/sites\/51\/2022\/03\/IMAG-logo-instituto-UGR-2020-300x97.png\" alt=\"\" width=\"217\" height=\"70\" srcset=\"https:\/\/blogs.ugr.es\/convex\/wp-content\/uploads\/sites\/51\/2022\/03\/IMAG-logo-instituto-UGR-2020-300x97.png 300w, https:\/\/blogs.ugr.es\/convex\/wp-content\/uploads\/sites\/51\/2022\/03\/IMAG-logo-instituto-UGR-2020-700x226.png 700w, https:\/\/blogs.ugr.es\/convex\/wp-content\/uploads\/sites\/51\/2022\/03\/IMAG-logo-instituto-UGR-2020.png 800w\" sizes=\"auto, (max-width: 217px) 100vw, 217px\" \/> <img loading=\"lazy\" decoding=\"async\" class=\"alignnone wp-image-593\" src=\"https:\/\/blogs.ugr.es\/convex\/wp-content\/uploads\/sites\/51\/2022\/03\/SELLO-MARIA-DE-MAEZTU-oro-ALTA-RESOLUCION-copy-1-scaled-1-300x124.jpg\" alt=\"\" width=\"170\" height=\"70\" srcset=\"https:\/\/blogs.ugr.es\/convex\/wp-content\/uploads\/sites\/51\/2022\/03\/SELLO-MARIA-DE-MAEZTU-oro-ALTA-RESOLUCION-copy-1-scaled-1-300x124.jpg 300w, https:\/\/blogs.ugr.es\/convex\/wp-content\/uploads\/sites\/51\/2022\/03\/SELLO-MARIA-DE-MAEZTU-oro-ALTA-RESOLUCION-copy-1-scaled-1-700x289.jpg 700w, https:\/\/blogs.ugr.es\/convex\/wp-content\/uploads\/sites\/51\/2022\/03\/SELLO-MARIA-DE-MAEZTU-oro-ALTA-RESOLUCION-copy-1-scaled-1.jpg 800w\" sizes=\"auto, (max-width: 170px) 100vw, 170px\" \/><\/p>\n<p><img loading=\"lazy\" decoding=\"async\" class=\"alignnone wp-image-601\" src=\"https:\/\/blogs.ugr.es\/convex\/wp-content\/uploads\/sites\/51\/2022\/03\/imm-300x74.png\" alt=\"\" width=\"282\" height=\"70\" srcset=\"https:\/\/blogs.ugr.es\/convex\/wp-content\/uploads\/sites\/51\/2022\/03\/imm-300x74.png 300w, https:\/\/blogs.ugr.es\/convex\/wp-content\/uploads\/sites\/51\/2022\/03\/imm.png 484w\" sizes=\"auto, (max-width: 282px) 100vw, 282px\" \/><\/p>\n<p><img loading=\"lazy\" decoding=\"async\" class=\"alignnone wp-image-606\" src=\"https:\/\/blogs.ugr.es\/convex\/wp-content\/uploads\/sites\/51\/2022\/03\/descarga-300x83.jpg\" alt=\"\" width=\"252\" height=\"70\" srcset=\"https:\/\/blogs.ugr.es\/convex\/wp-content\/uploads\/sites\/51\/2022\/03\/descarga-300x83.jpg 300w, https:\/\/blogs.ugr.es\/convex\/wp-content\/uploads\/sites\/51\/2022\/03\/descarga.jpg 425w\" sizes=\"auto, (max-width: 252px) 100vw, 252px\" \/><\/p>\n<h3><span style=\"color: #212191\"><strong>COMIT\u00c9 ORGANIZADOR:<\/strong><\/span><\/h3>\n<p>Mar\u00eda Isabel Berenguer<br \/>\nAlicia Cordero<br \/>\nManuel Ruiz Gal\u00e1n<br \/>\nJuan R. Torregrosa<\/p>\n<h3><span style=\"color: #212191\"><strong>REGISTRO: <\/strong><\/span><\/h3>\n<p>Registro gratuito, escribiendo un correo a &#x66;&#113;&#109;3&#x35;&#x39;&#64;u&#x67;&#x72;&#46;e&#x73;<\/p>\n<h3><span style=\"color: #212191\"><strong>CONFERENCIANTES:<\/strong><\/span><\/h3>\n<p>Mar\u00eda Isabel Berenguer<br \/>\nRaudys R. Capdevila<br \/>\nFrancisco I. Chicharro<br \/>\nAlicia Cordero<br \/>\nDomingo G\u00e1mez<br \/>\nAna Isabel Garralda-Guillem<br \/>\nNeus Garrido S\u00e1ez<br \/>\nEulalia Mart\u00ednez<br \/>\nSalma Lamari<br \/>\nManuel Ruiz Gal\u00e1n<br \/>\nJuan R. Torregrosa<br \/>\nPaula Triguero-Navarro<br \/>\nEva G. Villalba<\/p>\n<h3><span style=\"color: #212191\"><strong>PROGRAMA PROVISIONAL:<\/strong><\/span><\/h3>\n<table width=\"586\">\n<tbody>\n<tr>\n<td width=\"94\"><strong>9.30-9.50<\/strong><\/td>\n<td width=\"491\"><strong>M\u00e9todos iterativos de resoluci\u00f3n de ecuaciones no lineales: introducci\u00f3n y m\u00e9todos escalares sin memoria <\/strong><br \/>\n<em>F. I. Chicharro<\/em><\/td>\n<\/tr>\n<tr>\n<td width=\"94\"><strong>9.50-10.10<\/strong><\/td>\n<td width=\"491\"><strong>M\u00e9todos iterativos con memoria para la resoluci\u00f3n de ecuaciones no lineales <\/strong><br \/>\n<em>N. Garrido S\u00e1ez<\/em><\/td>\n<\/tr>\n<tr>\n<td width=\"94\"><strong>10.10-10.30<\/strong><\/td>\n<td width=\"491\"><strong>M\u00e9todos iterativos y bases de Schauder\u00a0 <\/strong><br \/>\n<em>M. I. Berenguer<\/em><\/td>\n<\/tr>\n<tr>\n<td width=\"94\"><strong>10.30-10.50<\/strong><\/td>\n<td width=\"491\"><strong>M\u00e9todos num\u00e9ricos en problemas con incertidumbre <\/strong><br \/>\n<em>A. I. Garralda-Guillem<\/em><\/td>\n<\/tr>\n<tr>\n<td width=\"94\"><strong>\u00a0<\/strong><\/td>\n<td width=\"491\">CAFE<\/td>\n<\/tr>\n<tr>\n<td width=\"94\"><strong>11.30-11.50<\/strong><\/td>\n<td width=\"491\"><strong>Estudio de la convergencia local de m\u00e9todos tipo Newton-Steffensen para sistemas no diferenciables<br \/>\n<\/strong><em>E. G. Villalba<\/em><\/td>\n<\/tr>\n<tr>\n<td width=\"94\"><strong>11.50-12.10<\/strong><\/td>\n<td width=\"491\"><strong>Estudio de la convergencia semilocal de m\u00e9todos tipo Newton-Steffensen para sistemas no diferenciables<br \/>\n<\/strong><em>E. Mart\u00ednez<\/em><\/td>\n<\/tr>\n<tr>\n<td width=\"94\"><strong>12.10-12.30<\/strong><\/td>\n<td width=\"491\"><strong>Problemas inversos <\/strong><br \/>\n<em>D. G\u00e1mez<\/em><\/td>\n<\/tr>\n<tr>\n<td width=\"94\"><strong>12.30-12.50<\/strong><\/td>\n<td width=\"491\"><strong>An\u00e1lisis din\u00e1mico de m\u00e9todos iterativos multidimensionales <\/strong><br \/>\n<em>R. R. Capdevila<\/em><\/td>\n<\/tr>\n<tr>\n<td width=\"94\"><strong>\u00a0<\/strong><\/td>\n<td width=\"491\">\u00a0ALMUERZO<\/td>\n<\/tr>\n<tr>\n<td width=\"94\"><strong>16 -16.20<\/strong><\/td>\n<td width=\"491\"><strong>Ecuaciones variacionales. M\u00e9todos de Galerkin <\/strong><br \/>\n<em>M. Ruiz Gal\u00e1n<\/em><\/td>\n<\/tr>\n<tr>\n<td width=\"94\"><strong>16.20-16.40<\/strong><\/td>\n<td width=\"491\"><strong>Familia param\u00e9trica de m\u00e9todos multidimensionales multipaso libre de derivadas con funci\u00f3n de peso <\/strong><br \/>\n<em>P. Triguero-Navarro<\/em><\/td>\n<\/tr>\n<tr>\n<td width=\"94\"><strong>16.40-17<\/strong><\/td>\n<td width=\"491\"><strong>Aproximaci\u00f3n iterativa de la soluci\u00f3n de ecuaciones con retardo <\/strong><br \/>\n<em>S. Lamari<\/em><\/td>\n<\/tr>\n<tr>\n<td width=\"94\"><strong>\u00a0<\/strong><\/td>\n<td width=\"491\">CAFE<\/td>\n<\/tr>\n<tr>\n<td width=\"94\"><strong>17.30-17.50<\/strong><\/td>\n<td width=\"491\"><strong>M\u00e9todos iterativos para aproximar la soluci\u00f3n de ecuaciones matriciales <\/strong><br \/>\n<em>J. R. Torregrosa<\/em><\/td>\n<\/tr>\n<tr>\n<td width=\"94\"><strong>17.50-18.10<\/strong><\/td>\n<td width=\"491\"><strong>M\u00e9todos iterativos fraccionarios para resolver problemas no lineales <\/strong><br \/>\n<em>A. Cordero<\/em><\/td>\n<\/tr>\n<tr>\n<td width=\"94\"><strong>18.15<\/strong><\/td>\n<td width=\"491\"><strong>Reuni\u00f3n final<\/strong><\/td>\n<\/tr>\n<\/tbody>\n<\/table>\n<p><strong>\u00a0<\/strong><\/p>\n<h3><a href=\"https:\/\/consigna.ugr.es\/f\/r5vhpq85z6WOqeY9\/BoA%20Granada%202022%20%28vF%29.pdf\"><span style=\"color: #212191\"><strong>LIBRO DE RES\u00daMENES<\/strong><\/span><\/a><\/h3>\n<p>&nbsp;<\/p>\n<p><img loading=\"lazy\" decoding=\"async\" class=\"alignnone wp-image-584\" src=\"https:\/\/blogs.ugr.es\/convex\/wp-content\/uploads\/sites\/51\/2022\/03\/pie-300x113.png\" alt=\"\" width=\"921\" height=\"347\" srcset=\"https:\/\/blogs.ugr.es\/convex\/wp-content\/uploads\/sites\/51\/2022\/03\/pie-300x113.png 300w, https:\/\/blogs.ugr.es\/convex\/wp-content\/uploads\/sites\/51\/2022\/03\/pie-700x263.png 700w, https:\/\/blogs.ugr.es\/convex\/wp-content\/uploads\/sites\/51\/2022\/03\/pie.png 706w\" sizes=\"auto, (max-width: 921px) 100vw, 921px\" \/><\/p>\n","protected":false},"excerpt":{"rendered":"<p>FECHA Y LUGAR: Jueves 9 de junio en seminario n\u00ba1 del\u00a0 Instituto de Matem\u00e1ticas de la Universidad de Granada (IMAG). INFORMACI\u00d3N: Encuentro, abierto a cualquier investigador interesado en el tema, de los integrantes de los grupos de investigaci\u00f3n: Dise\u00f1o y An\u00e1lisis de M\u00e9todos Iterativos de Resoluci\u00f3n de Ecuaciones y Sistemas no Lineales (DAMRES) del Instituto [&hellip;]<\/p>\n","protected":false},"author":576,"featured_media":0,"parent":0,"menu_order":0,"comment_status":"closed","ping_status":"closed","template":"page_landing.php","meta":{"_genesis_hide_title":false,"_genesis_hide_breadcrumbs":false,"_genesis_hide_singular_image":false,"_genesis_hide_footer_widgets":false,"_genesis_custom_body_class":"","_genesis_custom_post_class":"","_genesis_layout":"full-width-content","footnotes":""},"categories":[],"tags":[],"class_list":{"0":"post-573","1":"page","2":"type-page","3":"status-publish","5":"entry"},"_links":{"self":[{"href":"https:\/\/blogs.ugr.es\/convex\/wp-json\/wp\/v2\/pages\/573","targetHints":{"allow":["GET"]}}],"collection":[{"href":"https:\/\/blogs.ugr.es\/convex\/wp-json\/wp\/v2\/pages"}],"about":[{"href":"https:\/\/blogs.ugr.es\/convex\/wp-json\/wp\/v2\/types\/page"}],"author":[{"embeddable":true,"href":"https:\/\/blogs.ugr.es\/convex\/wp-json\/wp\/v2\/users\/576"}],"replies":[{"embeddable":true,"href":"https:\/\/blogs.ugr.es\/convex\/wp-json\/wp\/v2\/comments?post=573"}],"version-history":[{"count":2,"href":"https:\/\/blogs.ugr.es\/convex\/wp-json\/wp\/v2\/pages\/573\/revisions"}],"predecessor-version":[{"id":628,"href":"https:\/\/blogs.ugr.es\/convex\/wp-json\/wp\/v2\/pages\/573\/revisions\/628"}],"wp:attachment":[{"href":"https:\/\/blogs.ugr.es\/convex\/wp-json\/wp\/v2\/media?parent=573"}],"wp:term":[{"taxonomy":"category","embeddable":true,"href":"https:\/\/blogs.ugr.es\/convex\/wp-json\/wp\/v2\/categories?post=573"},{"taxonomy":"post_tag","embeddable":true,"href":"https:\/\/blogs.ugr.es\/convex\/wp-json\/wp\/v2\/tags?post=573"}],"curies":[{"name":"wp","href":"https:\/\/api.w.org\/{rel}","templated":true}]}}