{"id":145,"date":"2019-10-09T14:45:05","date_gmt":"2019-10-09T12:45:05","guid":{"rendered":"https:\/\/blogs.ugr.es\/corociencias\/?page_id=145"},"modified":"2019-10-09T14:45:05","modified_gmt":"2019-10-09T12:45:05","slug":"asociacion","status":"publish","type":"page","link":"https:\/\/blogs.ugr.es\/corociencias\/asociacion\/","title":{"rendered":"Asociaci\u00f3n"},"content":{"rendered":"<div><big><big><small><small>El d\u00eda 18 de diciembre 2006 queda constituida la\u00a0Asociaci\u00f3n \u00abCoro de la Facultad de Ciencias de Granada\u00bb. Nuestros principales fines son interpretar m\u00fasica coral, aprender a hacerlo cada vez mejor y relacionarnos con otros coros.<\/small><\/small><\/big><\/big><small><br \/>\n<\/small><big><big><small><small><\/small><\/small><\/big><\/big><small><br \/>\n<\/small><big><big><small><small>Se puede pertenecer a la Asociaci\u00f3n sin ser parte del coro y viceversa, pero lo ideal es integrarse en ambos y formar parte de un grupo humano en el que reina la camarader\u00eda y el buen humor, constituido por personas que m\u00e1s all\u00e1 de compartir su amor por la interpretaci\u00f3n vocal se sienten y act\u00faan como amigos.<\/small><\/small><\/big><\/big><small><br \/>\n<\/small><big><big><small><small><\/small><\/small><\/big><\/big><\/div>\n<p><big><big><small><small><br \/>\n<\/small><\/small><\/big><\/big><\/p>\n<div><big><big><big><small><small><small>\u00a0\u00a0\u00a0\u00a0\u00a0\u00a0\u00a0\u00a0\u00a0\u00a0\u00a0\u00a0\u00a0\u00a0\u00a0\u00a0\u00a0\u00a0\u00a0\u00a0\u00a0\u00a0\u00a0\u00a0\u00a0\u00a0\u00a0\u00a0\u00a0\u00a0\u00a0\u00a0\u00a0\u00a0\u00a0\u00a0\u00a0\u00a0\u00a0\u00a0\u00a0\u00a0\u00a0\u00a0\u00a0\u00a0\u00a0\u00a0 La presidenta: Esther Viseras Alarc\u00f3n<\/small><br \/>\n<\/small><\/small><\/big><\/big><\/big><\/div>\n","protected":false},"excerpt":{"rendered":"<p>El d\u00eda 18 de diciembre 2006 queda constituida la\u00a0Asociaci\u00f3n \u00abCoro de la Facultad de Ciencias de Granada\u00bb. Nuestros principales fines son interpretar m\u00fasica coral, aprender a hacerlo cada vez mejor y relacionarnos con otros coros. Se puede pertenecer a la Asociaci\u00f3n sin ser parte del coro y viceversa, pero lo ideal es integrarse en ambos [&hellip;]<\/p>\n","protected":false},"author":517,"featured_media":0,"parent":0,"menu_order":0,"comment_status":"closed","ping_status":"closed","template":"","meta":{"_genesis_hide_title":false,"_genesis_hide_breadcrumbs":false,"_genesis_hide_singular_image":false,"_genesis_hide_footer_widgets":false,"_genesis_custom_body_class":"","_genesis_custom_post_class":"","_genesis_layout":"","footnotes":""},"categories":[],"tags":[],"class_list":{"0":"post-145","1":"page","2":"type-page","3":"status-publish","5":"entry"},"_links":{"self":[{"href":"https:\/\/blogs.ugr.es\/corociencias\/wp-json\/wp\/v2\/pages\/145","targetHints":{"allow":["GET"]}}],"collection":[{"href":"https:\/\/blogs.ugr.es\/corociencias\/wp-json\/wp\/v2\/pages"}],"about":[{"href":"https:\/\/blogs.ugr.es\/corociencias\/wp-json\/wp\/v2\/types\/page"}],"author":[{"embeddable":true,"href":"https:\/\/blogs.ugr.es\/corociencias\/wp-json\/wp\/v2\/users\/517"}],"replies":[{"embeddable":true,"href":"https:\/\/blogs.ugr.es\/corociencias\/wp-json\/wp\/v2\/comments?post=145"}],"version-history":[{"count":1,"href":"https:\/\/blogs.ugr.es\/corociencias\/wp-json\/wp\/v2\/pages\/145\/revisions"}],"predecessor-version":[{"id":146,"href":"https:\/\/blogs.ugr.es\/corociencias\/wp-json\/wp\/v2\/pages\/145\/revisions\/146"}],"wp:attachment":[{"href":"https:\/\/blogs.ugr.es\/corociencias\/wp-json\/wp\/v2\/media?parent=145"}],"wp:term":[{"taxonomy":"category","embeddable":true,"href":"https:\/\/blogs.ugr.es\/corociencias\/wp-json\/wp\/v2\/categories?post=145"},{"taxonomy":"post_tag","embeddable":true,"href":"https:\/\/blogs.ugr.es\/corociencias\/wp-json\/wp\/v2\/tags?post=145"}],"curies":[{"name":"wp","href":"https:\/\/api.w.org\/{rel}","templated":true}]}}

Asociación

<div><big><big><small><small>El día 18 de diciembre 2006 queda constituida la Asociación «Coro de la Facultad de Ciencias de Granada». Nuestros principales fines son interpretar música coral, aprender a hacerlo cada vez mejor y relacionarnos con otros coros.</small></small></big></big><small><br />
</small><big><big><small><small></small></small></big></big><small><br />
</small><big><big><small><small>Se puede pertenecer a la Asociación sin ser parte del coro y viceversa, pero lo ideal es integrarse en ambos y formar parte de un grupo humano en el que reina la camaradería y el buen humor, constituido por personas que más allá de compartir su amor por la interpretación vocal se sienten y actúan como amigos.</small></small></big></big><small><br />
</small><big><big><small><small></small></small></big></big></div>
<p><big><big><small><small><br />
</small></small></big></big></p>
<div><big><big><big><small><small><small>                                                 La presidenta: Esther Viseras Alarcón</small><br />
</small></small></big></big></big></div>

<p>El día 18 de diciembre 2006 queda constituida la Asociación «Coro de la Facultad de Ciencias de Granada». Nuestros principales fines son interpretar música coral, aprender a hacerlo cada vez mejor y relacionarnos con otros coros. Se puede pertenecer a la Asociación sin ser parte del coro y viceversa, pero lo ideal es integrarse en ambos [&hellip;]</p>
