{"id":263,"date":"2026-02-09T19:22:13","date_gmt":"2026-02-09T18:22:13","guid":{"rendered":"https:\/\/blogs.ugr.es\/coseda\/?page_id=263"},"modified":"2026-02-17T19:08:00","modified_gmt":"2026-02-17T18:08:00","slug":"equipo-2","status":"publish","type":"page","link":"https:\/\/blogs.ugr.es\/coseda\/equipo-2\/","title":{"rendered":"Equipo"},"content":{"rendered":"<h3 style=\"text-align: center\">IP<\/h3>\n<p style=\"text-align: center\"><strong>Adela F\u00e1bregas Garc\u00eda<\/strong><\/p>\n<p style=\"text-align: center\">(Universidad de Granada)<\/p>\n<p style=\"text-align: center\"><img loading=\"lazy\" decoding=\"async\" class=\"alignnone size-medium wp-image-264\" src=\"https:\/\/blogs.ugr.es\/coseda\/wp-content\/uploads\/sites\/178\/2026\/02\/adelaf-png-300x300.png\" alt=\"\" width=\"300\" height=\"300\" srcset=\"https:\/\/blogs.ugr.es\/coseda\/wp-content\/uploads\/sites\/178\/2026\/02\/adelaf-png-300x300.png 300w, https:\/\/blogs.ugr.es\/coseda\/wp-content\/uploads\/sites\/178\/2026\/02\/adelaf-png-150x150.png 150w, https:\/\/blogs.ugr.es\/coseda\/wp-content\/uploads\/sites\/178\/2026\/02\/adelaf-png.png 315w\" sizes=\"auto, (max-width: 300px) 100vw, 300px\" \/><\/p>\n<h4><\/h4>\n<h4><\/h4>\n<p>&nbsp;<\/p>\n<p>&nbsp;<\/p>\n<h3 style=\"text-align: center\">EQUIPO DE INVESTIGACI\u00d3N<\/h3>\n<p>&nbsp;<\/p>\n<p style=\"text-align: center\"><strong>\u00c1ngel Gal\u00e1n S\u00e1nchez<\/strong><\/p>\n<p style=\"text-align: center\">(Universidad de M\u00e1laga)<\/p>\n<p style=\"text-align: center\"><img loading=\"lazy\" decoding=\"async\" class=\"alignnone size-medium wp-image-265\" src=\"https:\/\/blogs.ugr.es\/coseda\/wp-content\/uploads\/sites\/178\/2026\/02\/angel_galan-900x900-1-300x300.jpg\" alt=\"\" width=\"300\" height=\"300\" srcset=\"https:\/\/blogs.ugr.es\/coseda\/wp-content\/uploads\/sites\/178\/2026\/02\/angel_galan-900x900-1-300x300.jpg 300w, https:\/\/blogs.ugr.es\/coseda\/wp-content\/uploads\/sites\/178\/2026\/02\/angel_galan-900x900-1-700x700.jpg 700w, https:\/\/blogs.ugr.es\/coseda\/wp-content\/uploads\/sites\/178\/2026\/02\/angel_galan-900x900-1-150x150.jpg 150w, https:\/\/blogs.ugr.es\/coseda\/wp-content\/uploads\/sites\/178\/2026\/02\/angel_galan-900x900-1-500x500.jpg 500w, https:\/\/blogs.ugr.es\/coseda\/wp-content\/uploads\/sites\/178\/2026\/02\/angel_galan-900x900-1.jpg 800w\" sizes=\"auto, (max-width: 300px) 100vw, 300px\" \/><\/p>\n<p>&nbsp;<\/p>\n<p style=\"text-align: center\"><strong>Carlos Crespo Amat<\/strong><\/p>\n<p style=\"text-align: center\">(Universidad de Alicante)<\/p>\n<p><img loading=\"lazy\" decoding=\"async\" class=\" wp-image-282 aligncenter\" src=\"https:\/\/blogs.ugr.es\/coseda\/wp-content\/uploads\/sites\/178\/2026\/02\/90742094_20221001131748.jpg\" alt=\"\" width=\"304\" height=\"369\" \/><\/p>\n<p>&nbsp;<\/p>\n<p style=\"text-align: center\"><strong>Francisco Crespo Mu\u00f1oz<\/strong><\/p>\n<p style=\"text-align: center\">(Universidad de Valladolid \/ Archivo General de Simancas)<\/p>\n<p><img loading=\"lazy\" decoding=\"async\" class=\" wp-image-281 aligncenter\" src=\"https:\/\/blogs.ugr.es\/coseda\/wp-content\/uploads\/sites\/178\/2026\/02\/e1dcc654-4a4a-4f65-96e8-23e45dcc2785_source-aspect-ratio_1600w_0-1-294x300.jpg\" alt=\"\" width=\"346\" height=\"353\" srcset=\"https:\/\/blogs.ugr.es\/coseda\/wp-content\/uploads\/sites\/178\/2026\/02\/e1dcc654-4a4a-4f65-96e8-23e45dcc2785_source-aspect-ratio_1600w_0-1-294x300.jpg 294w, https:\/\/blogs.ugr.es\/coseda\/wp-content\/uploads\/sites\/178\/2026\/02\/e1dcc654-4a4a-4f65-96e8-23e45dcc2785_source-aspect-ratio_1600w_0-1-686x700.jpg 686w, https:\/\/blogs.ugr.es\/coseda\/wp-content\/uploads\/sites\/178\/2026\/02\/e1dcc654-4a4a-4f65-96e8-23e45dcc2785_source-aspect-ratio_1600w_0-1.jpg 784w\" sizes=\"auto, (max-width: 346px) 100vw, 346px\" \/><\/p>\n<h3><\/h3>\n<p>&nbsp;<\/p>\n<p style=\"text-align: center\"><strong>\u00c1gatha Ortega Cera<\/strong><\/p>\n<p style=\"text-align: center\">(Universidad de M\u00e1laga)<\/p>\n<p><img loading=\"lazy\" decoding=\"async\" class=\" wp-image-295 aligncenter\" src=\"https:\/\/blogs.ugr.es\/coseda\/wp-content\/uploads\/sites\/178\/2026\/02\/author-127472-130x148-1.jpg\" alt=\"\" width=\"312\" height=\"353\" \/><\/p>\n<h3><\/h3>\n<p>&nbsp;<\/p>\n<p>&nbsp;<\/p>\n<h3 style=\"text-align: center\">EQUIPO DE TRABAJO<\/h3>\n<p>&nbsp;<\/p>\n<p style=\"text-align: center\"><strong>Rafael Peinado Santaella<\/strong><\/p>\n<p style=\"text-align: center\">(Universidad de Granada)<\/p>\n<p><img loading=\"lazy\" decoding=\"async\" class=\"size-medium wp-image-308 aligncenter\" src=\"https:\/\/blogs.ugr.es\/coseda\/wp-content\/uploads\/sites\/178\/2026\/02\/Captura-2-300x298.jpg\" alt=\"\" width=\"300\" height=\"298\" srcset=\"https:\/\/blogs.ugr.es\/coseda\/wp-content\/uploads\/sites\/178\/2026\/02\/Captura-2-300x298.jpg 300w, https:\/\/blogs.ugr.es\/coseda\/wp-content\/uploads\/sites\/178\/2026\/02\/Captura-2-150x150.jpg 150w, https:\/\/blogs.ugr.es\/coseda\/wp-content\/uploads\/sites\/178\/2026\/02\/Captura-2.jpg 661w\" sizes=\"auto, (max-width: 300px) 100vw, 300px\" \/><\/p>\n<p>&nbsp;<\/p>\n<p style=\"text-align: center\"><strong>Angela Orlandi<\/strong><\/p>\n<p style=\"text-align: center\">(Universit\u00e0 di Firenze)<\/p>\n<p><img loading=\"lazy\" decoding=\"async\" class=\"size-medium wp-image-274 aligncenter\" src=\"https:\/\/blogs.ugr.es\/coseda\/wp-content\/uploads\/sites\/178\/2026\/02\/Angela_Orlandi-300x300.png\" alt=\"\" width=\"300\" height=\"300\" srcset=\"https:\/\/blogs.ugr.es\/coseda\/wp-content\/uploads\/sites\/178\/2026\/02\/Angela_Orlandi-300x300.png 300w, https:\/\/blogs.ugr.es\/coseda\/wp-content\/uploads\/sites\/178\/2026\/02\/Angela_Orlandi-150x150.png 150w, https:\/\/blogs.ugr.es\/coseda\/wp-content\/uploads\/sites\/178\/2026\/02\/Angela_Orlandi.png 322w\" sizes=\"auto, (max-width: 300px) 100vw, 300px\" \/><\/p>\n<p>&nbsp;<\/p>\n<p style=\"text-align: center\"><strong>Enrico Basso<\/strong><\/p>\n<p style=\"text-align: center\">(Universit\u00e0 di Torino)<\/p>\n<p><img loading=\"lazy\" decoding=\"async\" class=\"wp-image-275 aligncenter\" src=\"https:\/\/blogs.ugr.es\/coseda\/wp-content\/uploads\/sites\/178\/2026\/02\/s200_enrico.basso_.jpeg\" alt=\"\" width=\"337\" height=\"337\" srcset=\"https:\/\/blogs.ugr.es\/coseda\/wp-content\/uploads\/sites\/178\/2026\/02\/s200_enrico.basso_.jpeg 200w, https:\/\/blogs.ugr.es\/coseda\/wp-content\/uploads\/sites\/178\/2026\/02\/s200_enrico.basso_-150x150.jpeg 150w\" sizes=\"auto, (max-width: 337px) 100vw, 337px\" \/><\/p>\n<p>&nbsp;<\/p>\n<p style=\"text-align: center\"><strong>Joana Sequeira<\/strong><\/p>\n<p style=\"text-align: center\">(Universidade do Minho)<\/p>\n<p style=\"text-align: center\"><img loading=\"lazy\" decoding=\"async\" class=\"alignnone wp-image-279\" src=\"https:\/\/blogs.ugr.es\/coseda\/wp-content\/uploads\/sites\/178\/2026\/02\/s200_joana.sequeira.jpg\" alt=\"\" width=\"319\" height=\"319\" srcset=\"https:\/\/blogs.ugr.es\/coseda\/wp-content\/uploads\/sites\/178\/2026\/02\/s200_joana.sequeira.jpg 200w, https:\/\/blogs.ugr.es\/coseda\/wp-content\/uploads\/sites\/178\/2026\/02\/s200_joana.sequeira-150x150.jpg 150w\" sizes=\"auto, (max-width: 319px) 100vw, 319px\" \/><\/p>\n<p>&nbsp;<\/p>\n<p style=\"text-align: center\"><strong>Miguel Garc\u00eda Fern\u00e1ndez<\/strong><\/p>\n<p style=\"text-align: center\">(INCIPIT, CSIC)<\/p>\n<p><img loading=\"lazy\" decoding=\"async\" class=\" wp-image-303 aligncenter\" src=\"https:\/\/blogs.ugr.es\/coseda\/wp-content\/uploads\/sites\/178\/2026\/02\/Captura-1-300x300.jpg\" alt=\"\" width=\"306\" height=\"306\" srcset=\"https:\/\/blogs.ugr.es\/coseda\/wp-content\/uploads\/sites\/178\/2026\/02\/Captura-1-300x300.jpg 300w, https:\/\/blogs.ugr.es\/coseda\/wp-content\/uploads\/sites\/178\/2026\/02\/Captura-1-697x700.jpg 697w, https:\/\/blogs.ugr.es\/coseda\/wp-content\/uploads\/sites\/178\/2026\/02\/Captura-1-150x150.jpg 150w, https:\/\/blogs.ugr.es\/coseda\/wp-content\/uploads\/sites\/178\/2026\/02\/Captura-1-500x500.jpg 500w\" sizes=\"auto, (max-width: 306px) 100vw, 306px\" \/><\/p>\n<p>&nbsp;<\/p>\n<p style=\"text-align: center\"><strong>Mar\u00eda del Carmen Jim\u00e9nez Rold\u00e1n<\/strong><\/p>\n<p style=\"text-align: center\">(Grupo de Investigaci\u00f3n PRINMA)<\/p>\n<p style=\"text-align: center\"><img loading=\"lazy\" decoding=\"async\" class=\"alignnone wp-image-286\" src=\"https:\/\/blogs.ugr.es\/coseda\/wp-content\/uploads\/sites\/178\/2026\/02\/maria_del_carmen_estu_doctorad_uni_granada-1-269x300.jpg\" alt=\"\" width=\"309\" height=\"345\" srcset=\"https:\/\/blogs.ugr.es\/coseda\/wp-content\/uploads\/sites\/178\/2026\/02\/maria_del_carmen_estu_doctorad_uni_granada-1-269x300.jpg 269w, https:\/\/blogs.ugr.es\/coseda\/wp-content\/uploads\/sites\/178\/2026\/02\/maria_del_carmen_estu_doctorad_uni_granada-1.jpg 300w\" sizes=\"auto, (max-width: 309px) 100vw, 309px\" \/><\/p>\n<p>&nbsp;<\/p>\n<p style=\"text-align: center\"><strong>Jorge Garrido L\u00f3pez<\/strong><\/p>\n<p style=\"text-align: center\">(Universidad de Granada)<\/p>\n<p style=\"text-align: center\"><img loading=\"lazy\" decoding=\"async\" class=\"alignnone wp-image-288\" src=\"https:\/\/blogs.ugr.es\/coseda\/wp-content\/uploads\/sites\/178\/2026\/02\/WhatsApp-Image-2026-02-03-at-18.44.56-1-249x300.jpeg\" alt=\"\" width=\"302\" height=\"364\" srcset=\"https:\/\/blogs.ugr.es\/coseda\/wp-content\/uploads\/sites\/178\/2026\/02\/WhatsApp-Image-2026-02-03-at-18.44.56-1-249x300.jpeg 249w, https:\/\/blogs.ugr.es\/coseda\/wp-content\/uploads\/sites\/178\/2026\/02\/WhatsApp-Image-2026-02-03-at-18.44.56-1-580x700.jpeg 580w, https:\/\/blogs.ugr.es\/coseda\/wp-content\/uploads\/sites\/178\/2026\/02\/WhatsApp-Image-2026-02-03-at-18.44.56-1.jpeg 663w\" sizes=\"auto, (max-width: 302px) 100vw, 302px\" \/><\/p>\n<p>&nbsp;<\/p>\n<p style=\"text-align: center\"><strong>Irene Gonz\u00e1lez Oliva<\/strong><\/p>\n<p style=\"text-align: center\">(Universidad de Granada)<\/p>\n<p style=\"text-align: center\"><img loading=\"lazy\" decoding=\"async\" class=\"alignnone wp-image-292\" src=\"https:\/\/blogs.ugr.es\/coseda\/wp-content\/uploads\/sites\/178\/2026\/02\/WhatsApp-Image-2026-02-03-at-18.58.38-1-217x300.jpeg\" alt=\"\" width=\"281\" height=\"389\" srcset=\"https:\/\/blogs.ugr.es\/coseda\/wp-content\/uploads\/sites\/178\/2026\/02\/WhatsApp-Image-2026-02-03-at-18.58.38-1-217x300.jpeg 217w, https:\/\/blogs.ugr.es\/coseda\/wp-content\/uploads\/sites\/178\/2026\/02\/WhatsApp-Image-2026-02-03-at-18.58.38-1-507x700.jpeg 507w, https:\/\/blogs.ugr.es\/coseda\/wp-content\/uploads\/sites\/178\/2026\/02\/WhatsApp-Image-2026-02-03-at-18.58.38-1.jpeg 579w\" sizes=\"auto, (max-width: 281px) 100vw, 281px\" \/><\/p>\n<p>&nbsp;<\/p>\n<p style=\"text-align: center\"><strong>Abdenour Padillo Saoud <\/strong><\/p>\n<p style=\"text-align: center\">(Universidad de Granada)<\/p>\n<p><img loading=\"lazy\" decoding=\"async\" class=\"size-full wp-image-293 aligncenter\" src=\"https:\/\/blogs.ugr.es\/coseda\/wp-content\/uploads\/sites\/178\/2026\/02\/abdenour-300x300-1.jpg\" alt=\"\" width=\"300\" height=\"300\" srcset=\"https:\/\/blogs.ugr.es\/coseda\/wp-content\/uploads\/sites\/178\/2026\/02\/abdenour-300x300-1.jpg 300w, https:\/\/blogs.ugr.es\/coseda\/wp-content\/uploads\/sites\/178\/2026\/02\/abdenour-300x300-1-150x150.jpg 150w\" sizes=\"auto, (max-width: 300px) 100vw, 300px\" \/><\/p>\n<p>&nbsp;<\/p>\n<p style=\"text-align: center\"><strong>Teresa Gonz\u00e1lez Juste\u00a0<\/strong><\/p>\n<p style=\"text-align: center\">(Colegio Mayor del Arte de la Seda)<\/p>\n<p style=\"text-align: center\"><img loading=\"lazy\" decoding=\"async\" class=\"alignnone wp-image-369\" src=\"https:\/\/blogs.ugr.es\/coseda\/wp-content\/uploads\/sites\/178\/2026\/02\/929092d4-ea4f-47c7-9c84-2915104ee38f1-203x300.jpg\" alt=\"\" width=\"269\" height=\"398\" srcset=\"https:\/\/blogs.ugr.es\/coseda\/wp-content\/uploads\/sites\/178\/2026\/02\/929092d4-ea4f-47c7-9c84-2915104ee38f1-203x300.jpg 203w, https:\/\/blogs.ugr.es\/coseda\/wp-content\/uploads\/sites\/178\/2026\/02\/929092d4-ea4f-47c7-9c84-2915104ee38f1-473x700.jpg 473w, https:\/\/blogs.ugr.es\/coseda\/wp-content\/uploads\/sites\/178\/2026\/02\/929092d4-ea4f-47c7-9c84-2915104ee38f1.jpg 540w\" sizes=\"auto, (max-width: 269px) 100vw, 269px\" \/><\/p>\n<p>&nbsp;<\/p>\n<p style=\"text-align: center\"><strong>Giustina Olgiati<\/strong><\/p>\n<p style=\"text-align: center\">(Archivio di Stato di Genova)<\/p>\n<p><img loading=\"lazy\" decoding=\"async\" class=\" wp-image-301 aligncenter\" src=\"https:\/\/blogs.ugr.es\/coseda\/wp-content\/uploads\/sites\/178\/2026\/02\/11_04_s-1.jpg\" alt=\"\" width=\"281\" height=\"260\" \/><\/p>\n<p>&nbsp;<\/p>\n<p style=\"text-align: center\"><strong>Alba Abdelfatah Mart\u00ednez<\/strong><\/p>\n<p style=\"text-align: center\">(Universidad de Granada)<\/p>\n<p><img loading=\"lazy\" decoding=\"async\" class=\"wp-image-305 aligncenter\" src=\"https:\/\/blogs.ugr.es\/coseda\/wp-content\/uploads\/sites\/178\/2026\/02\/FOTOL-ALBA-1-198x300.jpeg\" alt=\"\" width=\"247\" height=\"374\" srcset=\"https:\/\/blogs.ugr.es\/coseda\/wp-content\/uploads\/sites\/178\/2026\/02\/FOTOL-ALBA-1-198x300.jpeg 198w, https:\/\/blogs.ugr.es\/coseda\/wp-content\/uploads\/sites\/178\/2026\/02\/FOTOL-ALBA-1-462x700.jpeg 462w, https:\/\/blogs.ugr.es\/coseda\/wp-content\/uploads\/sites\/178\/2026\/02\/FOTOL-ALBA-1.jpeg 528w\" sizes=\"auto, (max-width: 247px) 100vw, 247px\" \/><\/p>\n<p>&nbsp;<\/p>\n<p style=\"text-align: center\"><strong>Purificaci\u00f3n Marinetto S\u00e1nchez\u00a0<\/strong><\/p>\n<p style=\"text-align: center\">(Patronato de la Alhambra y el Generalife)<\/p>\n<p style=\"text-align: center\"><img loading=\"lazy\" decoding=\"async\" class=\"alignnone wp-image-335\" src=\"https:\/\/blogs.ugr.es\/coseda\/wp-content\/uploads\/sites\/178\/2026\/02\/Pura-Marinetto-247x300.jpg\" alt=\"\" width=\"268\" height=\"325\" srcset=\"https:\/\/blogs.ugr.es\/coseda\/wp-content\/uploads\/sites\/178\/2026\/02\/Pura-Marinetto-247x300.jpg 247w, https:\/\/blogs.ugr.es\/coseda\/wp-content\/uploads\/sites\/178\/2026\/02\/Pura-Marinetto-576x700.jpg 576w, https:\/\/blogs.ugr.es\/coseda\/wp-content\/uploads\/sites\/178\/2026\/02\/Pura-Marinetto.jpg 658w\" sizes=\"auto, (max-width: 268px) 100vw, 268px\" \/><\/p>\n<p>&nbsp;<\/p>\n","protected":false},"excerpt":{"rendered":"<p>IP Adela F\u00e1bregas Garc\u00eda (Universidad de Granada) &nbsp; &nbsp; EQUIPO DE INVESTIGACI\u00d3N &nbsp; \u00c1ngel Gal\u00e1n S\u00e1nchez (Universidad de M\u00e1laga) &nbsp; Carlos Crespo Amat (Universidad de Alicante) &nbsp; Francisco Crespo Mu\u00f1oz (Universidad de Valladolid \/ Archivo General de Simancas) &nbsp; \u00c1gatha Ortega Cera (Universidad de M\u00e1laga) &nbsp; &nbsp; EQUIPO DE TRABAJO &nbsp; Rafael Peinado Santaella (Universidad&hellip; <a href=\"https:\/\/blogs.ugr.es\/coseda\/equipo-2\/\" class=\"more-link\">Leer m\u00e1s <span class=\"screen-reader-text\">acerca de Equipo<\/span><\/a><\/p>\n","protected":false},"author":591,"featured_media":0,"parent":0,"menu_order":0,"comment_status":"closed","ping_status":"closed","template":"","meta":{"_genesis_hide_title":false,"_genesis_hide_breadcrumbs":false,"_genesis_hide_singular_image":false,"_genesis_hide_footer_widgets":false,"_genesis_custom_body_class":"","_genesis_custom_post_class":"","_genesis_layout":"","footnotes":""},"categories":[24],"tags":[],"class_list":{"0":"post-263","1":"page","2":"type-page","3":"status-publish","5":"category-equipo","6":"entry","7":"has-post-thumbnail"},"_links":{"self":[{"href":"https:\/\/blogs.ugr.es\/coseda\/wp-json\/wp\/v2\/pages\/263","targetHints":{"allow":["GET"]}}],"collection":[{"href":"https:\/\/blogs.ugr.es\/coseda\/wp-json\/wp\/v2\/pages"}],"about":[{"href":"https:\/\/blogs.ugr.es\/coseda\/wp-json\/wp\/v2\/types\/page"}],"author":[{"embeddable":true,"href":"https:\/\/blogs.ugr.es\/coseda\/wp-json\/wp\/v2\/users\/591"}],"replies":[{"embeddable":true,"href":"https:\/\/blogs.ugr.es\/coseda\/wp-json\/wp\/v2\/comments?post=263"}],"version-history":[{"count":3,"href":"https:\/\/blogs.ugr.es\/coseda\/wp-json\/wp\/v2\/pages\/263\/revisions"}],"predecessor-version":[{"id":372,"href":"https:\/\/blogs.ugr.es\/coseda\/wp-json\/wp\/v2\/pages\/263\/revisions\/372"}],"wp:attachment":[{"href":"https:\/\/blogs.ugr.es\/coseda\/wp-json\/wp\/v2\/media?parent=263"}],"wp:term":[{"taxonomy":"category","embeddable":true,"href":"https:\/\/blogs.ugr.es\/coseda\/wp-json\/wp\/v2\/categories?post=263"},{"taxonomy":"post_tag","embeddable":true,"href":"https:\/\/blogs.ugr.es\/coseda\/wp-json\/wp\/v2\/tags?post=263"}],"curies":[{"name":"wp","href":"https:\/\/api.w.org\/{rel}","templated":true}]}}