{"id":193,"date":"2022-02-21T10:46:17","date_gmt":"2022-02-21T09:46:17","guid":{"rendered":"https:\/\/blogs.ugr.es\/covidteca\/?page_id=193"},"modified":"2022-02-24T09:58:14","modified_gmt":"2022-02-24T08:58:14","slug":"organizacion","status":"publish","type":"page","link":"https:\/\/blogs.ugr.es\/covidteca\/organizacion\/","title":{"rendered":"Organizaci\u00f3n"},"content":{"rendered":"<ul>\n<li><strong>Directores:<\/strong> Ana Gallego Cui\u00f1as y Jos\u00e9 Antonio P\u00e9rez Tapias.<\/li>\n<li><strong>Coordinaci\u00f3n t\u00e9cnica:<\/strong> Mar\u00eda Garc\u00eda Fern\u00e1ndez.<\/li>\n<li><strong>Comit\u00e9 cient\u00edfico:<\/strong> Jos\u00e9 Antonio P\u00e9rez Tapias, Ana Gallego Cui\u00f1as, Pedro Ruiz P\u00e9rez, Azucena Gonz\u00e1lez Blanco, \u00d3scar Barroso, Paulo G\u00e1tica Cote, Javier Helgueta Manso.<\/li>\n<li><strong>Comit\u00e9 organizador:<\/strong> Marta F. Extremera, Mar\u00eda Jos\u00e9 Oteros Tapia, Mar\u00eda P\u00e9rez Vargas, Jos\u00e9 S\u00e1nchez Benavente, Carmen Bel\u00e9n Carmona, Samir S\u00e1nchez.<\/li>\n<\/ul>\n","protected":false},"excerpt":{"rendered":"<p>Directores: Ana Gallego Cui\u00f1as y Jos\u00e9 Antonio P\u00e9rez Tapias. Coordinaci\u00f3n t\u00e9cnica: Mar\u00eda Garc\u00eda Fern\u00e1ndez. Comit\u00e9 cient\u00edfico: Jos\u00e9 Antonio P\u00e9rez Tapias, Ana Gallego Cui\u00f1as, Pedro Ruiz P\u00e9rez, Azucena Gonz\u00e1lez Blanco, \u00d3scar Barroso, Paulo G\u00e1tica Cote, Javier Helgueta Manso. Comit\u00e9 organizador: Marta F. Extremera, Mar\u00eda Jos\u00e9 Oteros Tapia, Mar\u00eda P\u00e9rez Vargas, Jos\u00e9 S\u00e1nchez Benavente, Carmen Bel\u00e9n Carmona,&hellip; <a href=\"https:\/\/blogs.ugr.es\/covidteca\/organizacion\/\" class=\"more-link\">Read more <span class=\"screen-reader-text\">acerca de Organizaci\u00f3n<\/span><\/a><\/p>\n","protected":false},"author":590,"featured_media":0,"parent":0,"menu_order":0,"comment_status":"closed","ping_status":"closed","template":"","meta":{"_genesis_hide_title":false,"_genesis_hide_breadcrumbs":false,"_genesis_hide_singular_image":false,"_genesis_hide_footer_widgets":false,"_genesis_custom_body_class":"","_genesis_custom_post_class":"","_genesis_layout":"","footnotes":""},"categories":[],"tags":[],"class_list":{"0":"post-193","1":"page","2":"type-page","3":"status-publish","5":"entry"},"_links":{"self":[{"href":"https:\/\/blogs.ugr.es\/covidteca\/wp-json\/wp\/v2\/pages\/193","targetHints":{"allow":["GET"]}}],"collection":[{"href":"https:\/\/blogs.ugr.es\/covidteca\/wp-json\/wp\/v2\/pages"}],"about":[{"href":"https:\/\/blogs.ugr.es\/covidteca\/wp-json\/wp\/v2\/types\/page"}],"author":[{"embeddable":true,"href":"https:\/\/blogs.ugr.es\/covidteca\/wp-json\/wp\/v2\/users\/590"}],"replies":[{"embeddable":true,"href":"https:\/\/blogs.ugr.es\/covidteca\/wp-json\/wp\/v2\/comments?post=193"}],"version-history":[{"count":3,"href":"https:\/\/blogs.ugr.es\/covidteca\/wp-json\/wp\/v2\/pages\/193\/revisions"}],"predecessor-version":[{"id":275,"href":"https:\/\/blogs.ugr.es\/covidteca\/wp-json\/wp\/v2\/pages\/193\/revisions\/275"}],"wp:attachment":[{"href":"https:\/\/blogs.ugr.es\/covidteca\/wp-json\/wp\/v2\/media?parent=193"}],"wp:term":[{"taxonomy":"category","embeddable":true,"href":"https:\/\/blogs.ugr.es\/covidteca\/wp-json\/wp\/v2\/categories?post=193"},{"taxonomy":"post_tag","embeddable":true,"href":"https:\/\/blogs.ugr.es\/covidteca\/wp-json\/wp\/v2\/tags?post=193"}],"curies":[{"name":"wp","href":"https:\/\/api.w.org\/{rel}","templated":true}]}}

Organización

<ul>
<li><strong>Directores:</strong> Ana Gallego Cuiñas y José Antonio Pérez Tapias.</li>
<li><strong>Coordinación técnica:</strong> María García Fernández.</li>
<li><strong>Comité científico:</strong> José Antonio Pérez Tapias, Ana Gallego Cuiñas, Pedro Ruiz Pérez, Azucena González Blanco, Óscar Barroso, Paulo Gática Cote, Javier Helgueta Manso.</li>
<li><strong>Comité organizador:</strong> Marta F. Extremera, María José Oteros Tapia, María Pérez Vargas, José Sánchez Benavente, Carmen Belén Carmona, Samir Sánchez.</li>
</ul>

<p>Directores: Ana Gallego Cuiñas y José Antonio Pérez Tapias. Coordinación técnica: María García Fernández. Comité científico: José Antonio Pérez Tapias, Ana Gallego Cuiñas, Pedro Ruiz Pérez, Azucena González Blanco, Óscar Barroso, Paulo Gática Cote, Javier Helgueta Manso. Comité organizador: Marta F. Extremera, María José Oteros Tapia, María Pérez Vargas, José Sánchez Benavente, Carmen Belén Carmona,&hellip; <a href="https://blogs.ugr.es/covidteca/organizacion/" class="more-link">Read more <span class="screen-reader-text">acerca de Organización</span></a></p>
