{"id":119,"date":"2018-01-22T09:22:43","date_gmt":"2018-01-22T08:22:43","guid":{"rendered":"https:\/\/blogs.ugr.es\/demeritos\/?page_id=119"},"modified":"2021-11-26T01:36:04","modified_gmt":"2021-11-26T00:36:04","slug":"inicio","status":"publish","type":"page","link":"https:\/\/blogs.ugr.es\/demeritos\/","title":{"rendered":"Inicio"},"content":{"rendered":"<p><span style=\"color: #000000\">Este blog est\u00e1 orientado a resolver algunas de las dudas que a todo PDI o potencial PDI de la UGR le han surgido y le surgen durante su incorporaci\u00f3n, estabilizaci\u00f3n o promoci\u00f3n. La informaci\u00f3n recogida en esta web trata de ajustarse a la legislaci\u00f3n, la normativa y los documentos oficiales de acceso p\u00fablico, aunque algo de moraleja s\u00ed tiene.<\/span><\/p>\n<p><span style=\"color: #000000\">Si visita este blog es porque necesita tomar conciencia de sus <strong>(<a class=\"external text\" style=\"color: #000000\" href=\"http:\/\/dle.rae.es\/srv\/search?m=30&amp;w=dem%C3%A9rito\" target=\"_blank\" rel=\"nofollow noreferrer noopener\">de)m\u00e9ritos<\/a> <\/strong>como PDI y pretende mitigarlos. Este blog est\u00e1 estructurado en 5 categor\u00edas:<\/span><\/p>\n<p><span style=\"color: #000000\"> <strong><a style=\"color: #000000\" href=\"https:\/\/blogs.ugr.es\/demeritos\/category\/incorporacion\/\" target=\"_blank\" rel=\"noopener\">Incorporaci\u00f3n<\/a>: <\/strong>Si Ud. pretende incorporarse como Personal Docente Investigador a la UGR, en esta secci\u00f3n encontrar\u00e1 cuestiones generales y otras preguntas frecuentes al respecto. Si ya es PDI de la UGR, ser conocedor de la coyuntura de otros compa\u00f1eros PDI, le ayudar\u00e1 a empatizar.\u00a0<strong><br \/>\n<\/strong><\/span><\/p>\n<p><span style=\"color: #000000\"><strong><a style=\"color: #000000\" href=\"https:\/\/blogs.ugr.es\/demeritos\/category\/capacitacion-docente\/\" target=\"_blank\" rel=\"noopener\">Capacitaci\u00f3n docente<\/a>: <\/strong>Si bien al profesorado laboral (PAYD, PCD) o funcionario de la UGR (PTU, CU) se le reconoce tambi\u00e9n la funci\u00f3n investigadora, lo cierto es que la retribuci\u00f3n base, m\u00e1s los complementos de destino y antig\u00fcedad y los complementos por \u00abtramos docentes\u00bb son independientes de la investigaci\u00f3n (<a class=\"external autonumber\" style=\"color: #000000\" href=\"https:\/\/gerencia.ugr.es\/habilitacion\/pages\/legislacion\/tabla_retribuciones\" target=\"_blank\" rel=\"nofollow noreferrer noopener\">[1]<\/a> y <a class=\"external autonumber\" style=\"color: #000000\" href=\"https:\/\/gerencia.ugr.es\/habilitacion\/pages\/conceptos_retributivos\" target=\"_blank\" rel=\"nofollow noreferrer noopener\">[2]<\/a>). Esto significa que la funci\u00f3n docente deber\u00eda ser tanto o m\u00e1s relevante que la investigadora. Por otro lado, los PDI no estables, aunque su carga docente es menor (promedio\/a\u00f1o 6-8 cr\u00e9ditos), en alg\u00fan momento se estabilizar\u00e1n con una figura de profesor para lo que deber\u00e1n acreditar capacitaci\u00f3n docente suficiente.\u00a0<\/span><\/p>\n<p><span style=\"color: #000000\"><strong> <a style=\"color: #000000\" href=\"https:\/\/blogs.ugr.es\/demeritos\/category\/acreditacion\/\" target=\"_blank\" rel=\"noopener\">Acreditaci\u00f3n<\/a><\/strong>: Como sabr\u00e1, si Ud. pretende presentarse a un concurso u oposici\u00f3n de PAYD, PCD, PTU o CU, deber\u00e1 acreditarse <a class=\"external autonumber\" style=\"color: #000000\" href=\"https:\/\/www.boe.es\/biblioteca_juridica\/codigos\/codigo.php?id=166_Codigo_de_Evaluacion_y_Acreditacion_del_Profesorado_Universitario&amp;modo=2\" target=\"_blank\" rel=\"nofollow noreferrer noopener\">[1]<\/a> antes por la ANECA o por agencias auton\u00f3micas en los programas de evaluaci\u00f3n de profesorado <a class=\"external text\" style=\"color: #000000\" href=\"http:\/\/www.aneca.es\/Programas-de-evaluacion\/Evaluacion-de-profesorado\/PEP\" target=\"_blank\" rel=\"nofollow noreferrer noopener\">PEP<\/a> o <a class=\"external text\" style=\"color: #000000\" href=\"http:\/\/www.aneca.es\/Programas-de-evaluacion\/Evaluacion-de-profesorado\/ACADEMIA\" target=\"_blank\" rel=\"nofollow noreferrer noopener\">ACADEMIA<\/a>. En esta secci\u00f3n encontrar\u00e1 cuestiones generales y otras preguntas frecuentes al respecto. Si Ud. ya est\u00e1 acreditado, ser conocedor de la coyuntura de otros compa\u00f1eros PDI, le ayudar\u00e1 a empatizar.<br \/>\n<\/span><\/p>\n<p><span style=\"color: #000000\"><strong><a style=\"color: #000000\" href=\"https:\/\/blogs.ugr.es\/demeritos\/category\/estabilizacion\/\" target=\"_blank\" rel=\"noopener\">Estabilizaci\u00f3n<\/a>: <\/strong>Si Ud. pretende estabilizarse como PDI en la UGR, en esta secci\u00f3n encontrar\u00e1 cuestiones generales y otras preguntas frecuentes al respecto. Si ya es PDI estable de la UGR, ser conocedor de la coyuntura de otros compa\u00f1eros PDI, le ayudar\u00e1 a empatizar.<\/span><\/p>\n<p><span style=\"color: #000000\"><strong><a style=\"color: #000000\" href=\"https:\/\/blogs.ugr.es\/demeritos\/category\/consolidacion\/\" target=\"_blank\" rel=\"noopener\">Consolidaci\u00f3n<\/a>: <\/strong>Si Ud. ya es profesor funcionario de carrera de la UGR y pretende promocionar o consolidarse, aqu\u00ed encontrar\u00e1 cuestiones generales o preguntas frecuentes al respecto.\u00a0<strong><br \/>\n<\/strong><\/span><\/p>\n","protected":false},"excerpt":{"rendered":"<p>Este blog est\u00e1 orientado a resolver algunas de las dudas que a todo PDI o potencial PDI de la UGR le han surgido y le surgen durante su incorporaci\u00f3n, estabilizaci\u00f3n o promoci\u00f3n. La informaci\u00f3n recogida en esta web trata de ajustarse a la legislaci\u00f3n, la normativa y los documentos oficiales de acceso p\u00fablico, aunque algo [&hellip;]<\/p>\n","protected":false},"author":2,"featured_media":0,"parent":0,"menu_order":0,"comment_status":"closed","ping_status":"closed","template":"","meta":{"footnotes":""},"categories":[],"tags":[],"class_list":["post-119","page","type-page","status-publish","hentry"],"_links":{"self":[{"href":"https:\/\/blogs.ugr.es\/demeritos\/wp-json\/wp\/v2\/pages\/119","targetHints":{"allow":["GET"]}}],"collection":[{"href":"https:\/\/blogs.ugr.es\/demeritos\/wp-json\/wp\/v2\/pages"}],"about":[{"href":"https:\/\/blogs.ugr.es\/demeritos\/wp-json\/wp\/v2\/types\/page"}],"author":[{"embeddable":true,"href":"https:\/\/blogs.ugr.es\/demeritos\/wp-json\/wp\/v2\/users\/2"}],"replies":[{"embeddable":true,"href":"https:\/\/blogs.ugr.es\/demeritos\/wp-json\/wp\/v2\/comments?post=119"}],"version-history":[{"count":4,"href":"https:\/\/blogs.ugr.es\/demeritos\/wp-json\/wp\/v2\/pages\/119\/revisions"}],"predecessor-version":[{"id":301,"href":"https:\/\/blogs.ugr.es\/demeritos\/wp-json\/wp\/v2\/pages\/119\/revisions\/301"}],"wp:attachment":[{"href":"https:\/\/blogs.ugr.es\/demeritos\/wp-json\/wp\/v2\/media?parent=119"}],"wp:term":[{"taxonomy":"category","embeddable":true,"href":"https:\/\/blogs.ugr.es\/demeritos\/wp-json\/wp\/v2\/categories?post=119"},{"taxonomy":"post_tag","embeddable":true,"href":"https:\/\/blogs.ugr.es\/demeritos\/wp-json\/wp\/v2\/tags?post=119"}],"curies":[{"name":"wp","href":"https:\/\/api.w.org\/{rel}","templated":true}]}}

<p><span style="color: #000000">Este blog está orientado a resolver algunas de las dudas que a todo PDI o potencial PDI de la UGR le han surgido y le surgen durante su incorporación, estabilización o promoción. La información recogida en esta web trata de ajustarse a la legislación, la normativa y los documentos oficiales de acceso público, aunque algo de moraleja sí tiene.</span></p>
<p><span style="color: #000000">Si visita este blog es porque necesita tomar conciencia de sus <strong>(<a class="external text" style="color: #000000" href="http://dle.rae.es/srv/search?m=30&amp;w=dem%C3%A9rito" target="_blank" rel="nofollow noreferrer noopener">de)méritos</a> </strong>como PDI y pretende mitigarlos. Este blog está estructurado en 5 categorías:</span></p>
<p><span style="color: #000000"> <strong><a style="color: #000000" href="https://blogs.ugr.es/demeritos/category/incorporacion/" target="_blank" rel="noopener">Incorporación</a>: </strong>Si Ud. pretende incorporarse como Personal Docente Investigador a la UGR, en esta sección encontrará cuestiones generales y otras preguntas frecuentes al respecto. Si ya es PDI de la UGR, ser conocedor de la coyuntura de otros compañeros PDI, le ayudará a empatizar. <strong><br />
</strong></span></p>
<p><span style="color: #000000"><strong><a style="color: #000000" href="https://blogs.ugr.es/demeritos/category/capacitacion-docente/" target="_blank" rel="noopener">Capacitación docente</a>: </strong>Si bien al profesorado laboral (PAYD, PCD) o funcionario de la UGR (PTU, CU) se le reconoce también la función investigadora, lo cierto es que la retribución base, más los complementos de destino y antigüedad y los complementos por «tramos docentes» son independientes de la investigación (<a class="external autonumber" style="color: #000000" href="https://gerencia.ugr.es/habilitacion/pages/legislacion/tabla_retribuciones" target="_blank" rel="nofollow noreferrer noopener">[1]</a> y <a class="external autonumber" style="color: #000000" href="https://gerencia.ugr.es/habilitacion/pages/conceptos_retributivos" target="_blank" rel="nofollow noreferrer noopener">[2]</a>). Esto significa que la función docente debería ser tanto o más relevante que la investigadora. Por otro lado, los PDI no estables, aunque su carga docente es menor (promedio/año 6-8 créditos), en algún momento se estabilizarán con una figura de profesor para lo que deberán acreditar capacitación docente suficiente. </span></p>
<p><span style="color: #000000"><strong> <a style="color: #000000" href="https://blogs.ugr.es/demeritos/category/acreditacion/" target="_blank" rel="noopener">Acreditación</a></strong>: Como sabrá, si Ud. pretende presentarse a un concurso u oposición de PAYD, PCD, PTU o CU, deberá acreditarse <a class="external autonumber" style="color: #000000" href="https://www.boe.es/biblioteca_juridica/codigos/codigo.php?id=166_Codigo_de_Evaluacion_y_Acreditacion_del_Profesorado_Universitario&amp;modo=2" target="_blank" rel="nofollow noreferrer noopener">[1]</a> antes por la ANECA o por agencias autonómicas en los programas de evaluación de profesorado <a class="external text" style="color: #000000" href="http://www.aneca.es/Programas-de-evaluacion/Evaluacion-de-profesorado/PEP" target="_blank" rel="nofollow noreferrer noopener">PEP</a> o <a class="external text" style="color: #000000" href="http://www.aneca.es/Programas-de-evaluacion/Evaluacion-de-profesorado/ACADEMIA" target="_blank" rel="nofollow noreferrer noopener">ACADEMIA</a>. En esta sección encontrará cuestiones generales y otras preguntas frecuentes al respecto. Si Ud. ya está acreditado, ser conocedor de la coyuntura de otros compañeros PDI, le ayudará a empatizar.<br />
</span></p>
<p><span style="color: #000000"><strong><a style="color: #000000" href="https://blogs.ugr.es/demeritos/category/estabilizacion/" target="_blank" rel="noopener">Estabilización</a>: </strong>Si Ud. pretende estabilizarse como PDI en la UGR, en esta sección encontrará cuestiones generales y otras preguntas frecuentes al respecto. Si ya es PDI estable de la UGR, ser conocedor de la coyuntura de otros compañeros PDI, le ayudará a empatizar.</span></p>
<p><span style="color: #000000"><strong><a style="color: #000000" href="https://blogs.ugr.es/demeritos/category/consolidacion/" target="_blank" rel="noopener">Consolidación</a>: </strong>Si Ud. ya es profesor funcionario de carrera de la UGR y pretende promocionar o consolidarse, aquí encontrará cuestiones generales o preguntas frecuentes al respecto. <strong><br />
</strong></span></p>

<p>Este blog está orientado a resolver algunas de las dudas que a todo PDI o potencial PDI de la UGR le han surgido y le surgen durante su incorporación, estabilización o promoción. La información recogida en esta web trata de ajustarse a la legislación, la normativa y los documentos oficiales de acceso público, aunque algo [&hellip;]</p>
