{"id":236,"date":"2024-08-06T12:17:49","date_gmt":"2024-08-06T10:17:49","guid":{"rendered":"https:\/\/blogs.ugr.es\/ecoarq\/?page_id=236"},"modified":"2024-08-06T19:26:51","modified_gmt":"2024-08-06T17:26:51","slug":"contacto","status":"publish","type":"page","link":"https:\/\/blogs.ugr.es\/ecoarq\/contacto\/","title":{"rendered":"Contacto"},"content":{"rendered":"<p>&nbsp;<\/p>\n<p><strong>Luis Gethseman\u00ed P\u00e9rez Aguilar<\/strong><\/p>\n<p>Departamento de Prehistoria y Arqueolog\u00eda<br \/>\nFacultad de Filosof\u00eda y Letras<br \/>\nUniversidad de Granada<br \/>\nCampus Universitario de Cartuja, s\/n<br \/>\n18071, Granada (Espa\u00f1a)<\/p>\n<p><strong>Correo electr\u00f3nico:<\/strong> <a href=\"&#x6d;&#x61;&#x69;&#108;&#116;o:&#x4c;&#x67;&#x70;&#97;&#64;ug&#x72;&#x2e;&#x65;&#115;\" target=\"_blank\" rel=\"noopener\">L&#103;&#112;&#97;&#x40;&#x75;&#x67;r&#46;&#101;&#115;<\/a><\/p>\n<p><strong>Redes sociales acad\u00e9micas:<\/strong><\/p>\n<ul>\n<li><a href=\"https:\/\/ugr.academia.edu\/LuisGethseman%C3%ADP%C3%A9rezAguilar\" target=\"_blank\" rel=\"noopener\">Academia.edu<\/a><\/li>\n<li><a href=\"https:\/\/www.researchgate.net\/profile\/Luis-Gethsemani-Perez-Aguilar\" target=\"_blank\" rel=\"noopener\">ResearchGate<\/a><\/li>\n<\/ul>\n<p><strong>Redes sociales:<\/strong><\/p>\n<ul>\n<li><a href=\"https:\/\/www.facebook.com\/EcoArchaeology\" target=\"_blank\" rel=\"noopener\">Facebook<\/a><\/li>\n<li><a href=\"https:\/\/www.instagram.com\/ecoarqueologia\" target=\"_blank\" rel=\"noopener\">Instagram<\/a><\/li>\n<li><a href=\"https:\/\/www.google.com\/url?sa=t&amp;source=web&amp;rct=j&amp;opi=89978449&amp;url=https:\/\/www.youtube.com\/channel\/UCQF1J4WvVMi0_uMEaCs_R-A&amp;ved=2ahUKEwiOhf3lh-CHAxVgQvEDHduEFr0QFnoECBIQAQ&amp;usg=AOvVaw1c--oZJUaWrxzlmmVmqLHr\" target=\"_blank\" rel=\"noopener\">YouTube<\/a><\/li>\n<\/ul>\n","protected":false},"excerpt":{"rendered":"<p>&nbsp; Luis Gethseman\u00ed P\u00e9rez Aguilar Departamento de Prehistoria y Arqueolog\u00eda Facultad de Filosof\u00eda y Letras Universidad de Granada Campus Universitario de Cartuja, s\/n 18071, Granada (Espa\u00f1a) Correo electr\u00f3nico: &#76;&#x67;&#112;&#x61;&#64;&#x75;g&#x72;&#46;&#x65;s Redes sociales acad\u00e9micas: Academia.edu ResearchGate Redes sociales: Facebook Instagram YouTube<\/p>\n","protected":false},"author":664,"featured_media":0,"parent":0,"menu_order":0,"comment_status":"closed","ping_status":"closed","template":"","meta":{"_genesis_hide_title":false,"_genesis_hide_breadcrumbs":false,"_genesis_hide_singular_image":false,"_genesis_hide_footer_widgets":false,"_genesis_custom_body_class":"","_genesis_custom_post_class":"","_genesis_layout":"","footnotes":""},"categories":[],"tags":[],"class_list":{"0":"post-236","1":"page","2":"type-page","3":"status-publish","5":"entry"},"_links":{"self":[{"href":"https:\/\/blogs.ugr.es\/ecoarq\/wp-json\/wp\/v2\/pages\/236","targetHints":{"allow":["GET"]}}],"collection":[{"href":"https:\/\/blogs.ugr.es\/ecoarq\/wp-json\/wp\/v2\/pages"}],"about":[{"href":"https:\/\/blogs.ugr.es\/ecoarq\/wp-json\/wp\/v2\/types\/page"}],"author":[{"embeddable":true,"href":"https:\/\/blogs.ugr.es\/ecoarq\/wp-json\/wp\/v2\/users\/664"}],"replies":[{"embeddable":true,"href":"https:\/\/blogs.ugr.es\/ecoarq\/wp-json\/wp\/v2\/comments?post=236"}],"version-history":[{"count":3,"href":"https:\/\/blogs.ugr.es\/ecoarq\/wp-json\/wp\/v2\/pages\/236\/revisions"}],"predecessor-version":[{"id":253,"href":"https:\/\/blogs.ugr.es\/ecoarq\/wp-json\/wp\/v2\/pages\/236\/revisions\/253"}],"wp:attachment":[{"href":"https:\/\/blogs.ugr.es\/ecoarq\/wp-json\/wp\/v2\/media?parent=236"}],"wp:term":[{"taxonomy":"category","embeddable":true,"href":"https:\/\/blogs.ugr.es\/ecoarq\/wp-json\/wp\/v2\/categories?post=236"},{"taxonomy":"post_tag","embeddable":true,"href":"https:\/\/blogs.ugr.es\/ecoarq\/wp-json\/wp\/v2\/tags?post=236"}],"curies":[{"name":"wp","href":"https:\/\/api.w.org\/{rel}","templated":true}]}}