{"id":289,"date":"2025-05-25T15:50:55","date_gmt":"2025-05-25T13:50:55","guid":{"rendered":"https:\/\/blogs.ugr.es\/ecos-gr\/?page_id=289"},"modified":"2025-07-10T10:42:00","modified_gmt":"2025-07-10T08:42:00","slug":"jeronimo-morales-cabezas","status":"publish","type":"page","link":"https:\/\/blogs.ugr.es\/ecos-gr\/equipo\/jeronimo-morales-cabezas\/","title":{"rendered":"Jer\u00f3nimo Morales Cabezas"},"content":{"rendered":"<p><img loading=\"lazy\" decoding=\"async\" class=\"alignleft wp-image-295\" src=\"https:\/\/blogs.ugr.es\/ecos-gr\/wp-content\/uploads\/sites\/172\/2025\/05\/JeroFoto-1-300x300.jpg\" alt=\"\" width=\"187\" height=\"187\" srcset=\"https:\/\/blogs.ugr.es\/ecos-gr\/wp-content\/uploads\/sites\/172\/2025\/05\/JeroFoto-1-300x300.jpg 300w, https:\/\/blogs.ugr.es\/ecos-gr\/wp-content\/uploads\/sites\/172\/2025\/05\/JeroFoto-1-150x150.jpg 150w, https:\/\/blogs.ugr.es\/ecos-gr\/wp-content\/uploads\/sites\/172\/2025\/05\/JeroFoto-1-75x75.jpg 75w, https:\/\/blogs.ugr.es\/ecos-gr\/wp-content\/uploads\/sites\/172\/2025\/05\/JeroFoto-1.jpg 490w\" sizes=\"auto, (max-width: 187px) 100vw, 187px\" \/><\/p>\n<p>Doctor en Filolog\u00eda por la Universidad de Granada, trabaja como Profesor Titular en el Departamento de Did\u00e1ctica Lengua y Literatura en la Universidad de Granada. Asimismo, ha sido Profesor Asociado en el Research Institute for World Languages de la Universidad de Osaka (Jap\u00f3n). Adem\u00e1s, imparti\u00f3 clases de espa\u00f1ol como lengua extranjera en el Centro de Lenguas Modernas de la Universidad de Granada. Sus estudios se basan en el grupo de investigaci\u00f3n: HUM-1011 DLEx (Ense\u00f1anza de Lenguas Extranjeras), en particular la ense\u00f1anza del espa\u00f1ol como lengua extranjera con TIC y el espa\u00f1ol oral. Algunos de sus escritos pueden encontrarse en revistas nacionales e internacionales como Espa\u00f1ol Actual, Foro Hisp\u00e1nico (Revista Hisp\u00e1nica de Flandes y Holanda), Porta Linguarum y Estudios Hisp\u00e1nicos. Ha impartido talleres, seminarios y conferencias sobre la ense\u00f1anza del espa\u00f1ol, as\u00ed como en programas europeos (por ejemplo, Mobile European Teacher &#8211; S\u00f3crates Comenius) apoyados por la Uni\u00f3n Europea. Es Tutor del Aula Virtual de Espa\u00f1ol (Instituto Cervantes) y Coordinador del M\u00e1ster de Ense\u00f1anza de Espa\u00f1ol como Lengua Extranjera de la Universidad de Granada. Adem\u00e1s, ha pertenecido al Proyecto Europeo Networked Interaction in Foreign Language Acquisition and Research liderado por la Universiteit Utrecht (Holanda). Asimismo, ha participado en el Proyecto de Excelencia titulado Educational Videogames for ICT Classrooms: Methodology of Development and Implementation [TIC-7486], del Centro de Investigaci\u00f3n en Tecnolog\u00edas de la Informaci\u00f3n y las Comunicaciones, Universidad de Granada y en el Proyecto Europeo EU-SPEAK, un proyecto internacional de formaci\u00f3n y desarrollo del profesorado online para mejorar los resultados educativos de adultos inmigrantes sin escolarizaci\u00f3n formal, liderado por la Universidad de Newcastle (Reino Unido). Tambi\u00e9n, Editor General de Porta Linguarum, Revista Internacional de Ense\u00f1anza y Aprendizaje de Lenguas Extranjeras, y miembro de la Confederaci\u00f3n Acad\u00e9mica Nipona, Espa\u00f1ola y Latinoamericana (CANELA) con sede en Jap\u00f3n.<\/p>\n<p>&nbsp;<\/p>\n<p>Correo electr\u00f3nico: <span style=\"font-weight: 400\">&#109;&#111;&#x72;&#x61;&#108;&#101;&#x73;&#x63;&#64;&#117;&#x67;&#x72;&#46;&#101;&#x73;<\/span><\/p>\n","protected":false},"excerpt":{"rendered":"<p>Doctor en Filolog\u00eda por la Universidad de Granada, trabaja como Profesor Titular en el Departamento de Did\u00e1ctica Lengua y Literatura en la Universidad de Granada. Asimismo, ha sido Profesor Asociado en el Research Institute for World Languages de la Universidad de Osaka (Jap\u00f3n). Adem\u00e1s, imparti\u00f3 clases de espa\u00f1ol como lengua extranjera en el Centro de [&hellip;]<\/p>\n","protected":false},"author":682,"featured_media":0,"parent":207,"menu_order":0,"comment_status":"closed","ping_status":"closed","template":"","meta":{"footnotes":""},"categories":[],"tags":[],"class_list":["post-289","page","type-page","status-publish","hentry"],"_links":{"self":[{"href":"https:\/\/blogs.ugr.es\/ecos-gr\/wp-json\/wp\/v2\/pages\/289","targetHints":{"allow":["GET"]}}],"collection":[{"href":"https:\/\/blogs.ugr.es\/ecos-gr\/wp-json\/wp\/v2\/pages"}],"about":[{"href":"https:\/\/blogs.ugr.es\/ecos-gr\/wp-json\/wp\/v2\/types\/page"}],"author":[{"embeddable":true,"href":"https:\/\/blogs.ugr.es\/ecos-gr\/wp-json\/wp\/v2\/users\/682"}],"replies":[{"embeddable":true,"href":"https:\/\/blogs.ugr.es\/ecos-gr\/wp-json\/wp\/v2\/comments?post=289"}],"version-history":[{"count":3,"href":"https:\/\/blogs.ugr.es\/ecos-gr\/wp-json\/wp\/v2\/pages\/289\/revisions"}],"predecessor-version":[{"id":761,"href":"https:\/\/blogs.ugr.es\/ecos-gr\/wp-json\/wp\/v2\/pages\/289\/revisions\/761"}],"up":[{"embeddable":true,"href":"https:\/\/blogs.ugr.es\/ecos-gr\/wp-json\/wp\/v2\/pages\/207"}],"wp:attachment":[{"href":"https:\/\/blogs.ugr.es\/ecos-gr\/wp-json\/wp\/v2\/media?parent=289"}],"wp:term":[{"taxonomy":"category","embeddable":true,"href":"https:\/\/blogs.ugr.es\/ecos-gr\/wp-json\/wp\/v2\/categories?post=289"},{"taxonomy":"post_tag","embeddable":true,"href":"https:\/\/blogs.ugr.es\/ecos-gr\/wp-json\/wp\/v2\/tags?post=289"}],"curies":[{"name":"wp","href":"https:\/\/api.w.org\/{rel}","templated":true}]}}