{"id":411,"date":"2025-05-25T18:16:18","date_gmt":"2025-05-25T16:16:18","guid":{"rendered":"https:\/\/blogs.ugr.es\/ecos-gr\/?page_id=411"},"modified":"2025-07-10T10:41:35","modified_gmt":"2025-07-10T08:41:35","slug":"julia-hernandez-moreno","status":"publish","type":"page","link":"https:\/\/blogs.ugr.es\/ecos-gr\/equipo\/julia-hernandez-moreno\/","title":{"rendered":"Julia Hern\u00e1ndez Moreno"},"content":{"rendered":"<p><img loading=\"lazy\" decoding=\"async\" class=\"alignleft wp-image-554\" src=\"https:\/\/blogs.ugr.es\/ecos-gr\/wp-content\/uploads\/sites\/172\/2025\/05\/FOTO-1-150x150.jpg\" alt=\"julia\" width=\"187\" height=\"187\" srcset=\"https:\/\/blogs.ugr.es\/ecos-gr\/wp-content\/uploads\/sites\/172\/2025\/05\/FOTO-1-150x150.jpg 150w, https:\/\/blogs.ugr.es\/ecos-gr\/wp-content\/uploads\/sites\/172\/2025\/05\/FOTO-1-300x300.jpg 300w, https:\/\/blogs.ugr.es\/ecos-gr\/wp-content\/uploads\/sites\/172\/2025\/05\/FOTO-1-50x50.jpg 50w, https:\/\/blogs.ugr.es\/ecos-gr\/wp-content\/uploads\/sites\/172\/2025\/05\/FOTO-1-80x80.jpg 80w, https:\/\/blogs.ugr.es\/ecos-gr\/wp-content\/uploads\/sites\/172\/2025\/05\/FOTO-1-500x500.jpg 500w, https:\/\/blogs.ugr.es\/ecos-gr\/wp-content\/uploads\/sites\/172\/2025\/05\/FOTO-1.jpg 563w\" sizes=\"auto, (max-width: 187px) 100vw, 187px\" \/>Julia es licenciada en Filolog\u00eda Hisp\u00e1nica por la Universidad de Granada y tiene un m\u00e1ster en Estudios Hisp\u00e1nicos por la Universidad de Kent. Ha desarrollado su trayectoria de profesora de espa\u00f1ol en las universidades de Escocia, Inglaterra y Estados Unidos University of St. Andrews, University of Kent y Whitman College.<br \/>\nDesde 2021 ha formado parte del equipo de investigaci\u00f3n del Departamento de Lengua Espa\u00f1ola de la Universidad de Granada, donde ha participado en diversos proyectos centrados en el estudio de la variaci\u00f3n y el cambio ling\u00fc\u00edstico en el espa\u00f1ol hablado en Granada. Su trabajo se ha enfocado en tareas de campo, como la b\u00fasqueda de informantes, la grabaci\u00f3n y transcripci\u00f3n de entrevistas, as\u00ed como en la organizaci\u00f3n de corpus orales y la divulgaci\u00f3n. Actualmente, trabaja como t\u00e9cnica de investigaci\u00f3n en el proyecto, donde contin\u00faa desarrollando su labor en el \u00e1mbito de la socioling\u00fc\u00edstica.<\/p>\n<p>Correo electr\u00f3nico: <span style=\"font-weight: 400\">&#x6a;u&#x6c;&#105;a&#x68;&#109;&#x40;&#x75;g&#x72;&#46;e&#x73;<\/span><\/p>\n","protected":false},"excerpt":{"rendered":"<p>Julia es licenciada en Filolog\u00eda Hisp\u00e1nica por la Universidad de Granada y tiene un m\u00e1ster en Estudios Hisp\u00e1nicos por la Universidad de Kent. Ha desarrollado su trayectoria de profesora de espa\u00f1ol en las universidades de Escocia, Inglaterra y Estados Unidos University of St. Andrews, University of Kent y Whitman College. Desde 2021 ha formado parte [&hellip;]<\/p>\n","protected":false},"author":682,"featured_media":0,"parent":207,"menu_order":0,"comment_status":"closed","ping_status":"closed","template":"","meta":{"footnotes":""},"categories":[],"tags":[],"class_list":["post-411","page","type-page","status-publish","hentry"],"_links":{"self":[{"href":"https:\/\/blogs.ugr.es\/ecos-gr\/wp-json\/wp\/v2\/pages\/411","targetHints":{"allow":["GET"]}}],"collection":[{"href":"https:\/\/blogs.ugr.es\/ecos-gr\/wp-json\/wp\/v2\/pages"}],"about":[{"href":"https:\/\/blogs.ugr.es\/ecos-gr\/wp-json\/wp\/v2\/types\/page"}],"author":[{"embeddable":true,"href":"https:\/\/blogs.ugr.es\/ecos-gr\/wp-json\/wp\/v2\/users\/682"}],"replies":[{"embeddable":true,"href":"https:\/\/blogs.ugr.es\/ecos-gr\/wp-json\/wp\/v2\/comments?post=411"}],"version-history":[{"count":3,"href":"https:\/\/blogs.ugr.es\/ecos-gr\/wp-json\/wp\/v2\/pages\/411\/revisions"}],"predecessor-version":[{"id":759,"href":"https:\/\/blogs.ugr.es\/ecos-gr\/wp-json\/wp\/v2\/pages\/411\/revisions\/759"}],"up":[{"embeddable":true,"href":"https:\/\/blogs.ugr.es\/ecos-gr\/wp-json\/wp\/v2\/pages\/207"}],"wp:attachment":[{"href":"https:\/\/blogs.ugr.es\/ecos-gr\/wp-json\/wp\/v2\/media?parent=411"}],"wp:term":[{"taxonomy":"category","embeddable":true,"href":"https:\/\/blogs.ugr.es\/ecos-gr\/wp-json\/wp\/v2\/categories?post=411"},{"taxonomy":"post_tag","embeddable":true,"href":"https:\/\/blogs.ugr.es\/ecos-gr\/wp-json\/wp\/v2\/tags?post=411"}],"curies":[{"name":"wp","href":"https:\/\/api.w.org\/{rel}","templated":true}]}}