{"id":155,"date":"2019-07-31T12:45:17","date_gmt":"2019-07-31T10:45:17","guid":{"rendered":"https:\/\/blogs.ugr.es\/ecuenca\/?page_id=155"},"modified":"2019-12-17T10:36:05","modified_gmt":"2019-12-17T09:36:05","slug":"objetivos-de-la-accion-jean-monnet","status":"publish","type":"page","link":"https:\/\/blogs.ugr.es\/ecuenca\/objetivos-de-la-accion-jean-monnet\/","title":{"rendered":"Objetivos de la Acci\u00f3n Jean Monnet"},"content":{"rendered":"<p>El objetivo de las acciones Jean Monnet es promover la excelencia en la ense\u00f1anza y la investigaci\u00f3n en el \u00e1mbito de los estudios sobre la Uni\u00f3n Europea en todo el mundo. Estas acciones tambi\u00e9n tratan de impulsar el di\u00e1logo entre el mundo acad\u00e9mico y los responsables pol\u00edticos, en particular con el objetivo de mejorar la gobernanza de las pol\u00edticas de la UE. Los estudios sobre la Uni\u00f3n Europea se centran en en el proceso de integraci\u00f3n, con referencia tanto a los aspectos internos como a los externos.<\/p>\n<p>Es relevante tambi\u00e9n el estudio de la Uni\u00f3n en un mundo globalizado y entre personas y culturas.<\/p>\n<p>&nbsp;<\/p>\n<p>Las principales materias de trabajo:<\/p>\n<p>&nbsp;<\/p>\n<ul>\n<li>UE y Estudios sobre Regionalismo Comparativo;<\/li>\n<li>La Comunicaci\u00f3n e Informaci\u00f3n sobre la UE.<\/li>\n<li>An\u00e1lisis Econ\u00f3mico.<\/li>\n<li>Diferencias regionales.<\/li>\n<li>Estudios sobre la Historia de la UE.<\/li>\n<li>El Di\u00e1logo Intercultural.<\/li>\n<li>Estudios Interdisciplinares de la UE.<\/li>\n<li>Relaciones Internacionales y Diplomacia de la UE.<\/li>\n<li>Derecho Comunitario y aspectos jur\u00eddicos.<\/li>\n<li>Aspectos Pol\u00edticos y Administrativos.<\/li>\n<\/ul>\n<p>&nbsp;<\/p>\n<p>Las actividades se basar\u00e1n en investigaciones sobre los temas tratados con elementos educativos innovadores en las que se combinar\u00e1n clase te\u00f3ricas, seminarios y conferencias p\u00fablicas con expertos en las materias\u00a0 tratadas.<\/p>\n<p>Las C\u00e1tedras desarrollar\u00e1n contactos con otras instituciones relacionadas con temas europeos., los profesionales y el p\u00fablico interesado.<\/p>\n<p>&nbsp;<\/p>\n<p><a href=\"https:\/\/blogs.ugr.es\/ecuenca\/wp-content\/uploads\/sites\/65\/2019\/12\/logosbeneficaireserasmusleft_es.jpg\"><img loading=\"lazy\" decoding=\"async\" class=\" wp-image-272 alignright\" src=\"https:\/\/blogs.ugr.es\/ecuenca\/wp-content\/uploads\/sites\/65\/2019\/12\/logosbeneficaireserasmusleft_es-300x66.jpg\" alt=\"\" width=\"441\" height=\"97\" srcset=\"https:\/\/blogs.ugr.es\/ecuenca\/wp-content\/uploads\/sites\/65\/2019\/12\/logosbeneficaireserasmusleft_es-300x66.jpg 300w, https:\/\/blogs.ugr.es\/ecuenca\/wp-content\/uploads\/sites\/65\/2019\/12\/logosbeneficaireserasmusleft_es-700x154.jpg 700w, https:\/\/blogs.ugr.es\/ecuenca\/wp-content\/uploads\/sites\/65\/2019\/12\/logosbeneficaireserasmusleft_es.jpg 800w\" sizes=\"auto, (max-width: 441px) 100vw, 441px\" \/><\/a><\/p>\n","protected":false},"excerpt":{"rendered":"<p>El objetivo de las acciones Jean Monnet es promover la excelencia en la ense\u00f1anza y la investigaci\u00f3n en el \u00e1mbito de los estudios sobre la Uni\u00f3n Europea en todo el mundo. Estas acciones tambi\u00e9n tratan de impulsar el di\u00e1logo entre el mundo acad\u00e9mico y los responsables pol\u00edticos, en particular con el objetivo de mejorar la&hellip; <a href=\"https:\/\/blogs.ugr.es\/ecuenca\/objetivos-de-la-accion-jean-monnet\/\" class=\"more-link\">Leer m\u00e1s <span class=\"screen-reader-text\">acerca de Objetivos de la Acci\u00f3n Jean Monnet<\/span><\/a><\/p>\n","protected":false},"author":512,"featured_media":0,"parent":0,"menu_order":0,"comment_status":"closed","ping_status":"closed","template":"","meta":{"_genesis_hide_title":false,"_genesis_hide_breadcrumbs":false,"_genesis_hide_singular_image":false,"_genesis_hide_footer_widgets":false,"_genesis_custom_body_class":"","_genesis_custom_post_class":"","_genesis_layout":"","footnotes":""},"categories":[],"tags":[],"class_list":{"0":"post-155","1":"page","2":"type-page","3":"status-publish","5":"entry"},"_links":{"self":[{"href":"https:\/\/blogs.ugr.es\/ecuenca\/wp-json\/wp\/v2\/pages\/155","targetHints":{"allow":["GET"]}}],"collection":[{"href":"https:\/\/blogs.ugr.es\/ecuenca\/wp-json\/wp\/v2\/pages"}],"about":[{"href":"https:\/\/blogs.ugr.es\/ecuenca\/wp-json\/wp\/v2\/types\/page"}],"author":[{"embeddable":true,"href":"https:\/\/blogs.ugr.es\/ecuenca\/wp-json\/wp\/v2\/users\/512"}],"replies":[{"embeddable":true,"href":"https:\/\/blogs.ugr.es\/ecuenca\/wp-json\/wp\/v2\/comments?post=155"}],"version-history":[{"count":3,"href":"https:\/\/blogs.ugr.es\/ecuenca\/wp-json\/wp\/v2\/pages\/155\/revisions"}],"predecessor-version":[{"id":278,"href":"https:\/\/blogs.ugr.es\/ecuenca\/wp-json\/wp\/v2\/pages\/155\/revisions\/278"}],"wp:attachment":[{"href":"https:\/\/blogs.ugr.es\/ecuenca\/wp-json\/wp\/v2\/media?parent=155"}],"wp:term":[{"taxonomy":"category","embeddable":true,"href":"https:\/\/blogs.ugr.es\/ecuenca\/wp-json\/wp\/v2\/categories?post=155"},{"taxonomy":"post_tag","embeddable":true,"href":"https:\/\/blogs.ugr.es\/ecuenca\/wp-json\/wp\/v2\/tags?post=155"}],"curies":[{"name":"wp","href":"https:\/\/api.w.org\/{rel}","templated":true}]}}

Objetivos de la Acción Jean Monnet

<p>El objetivo de las acciones Jean Monnet es promover la excelencia en la enseñanza y la investigación en el ámbito de los estudios sobre la Unión Europea en todo el mundo. Estas acciones también tratan de impulsar el diálogo entre el mundo académico y los responsables políticos, en particular con el objetivo de mejorar la gobernanza de las políticas de la UE. Los estudios sobre la Unión Europea se centran en en el proceso de integración, con referencia tanto a los aspectos internos como a los externos.</p>
<p>Es relevante también el estudio de la Unión en un mundo globalizado y entre personas y culturas.</p>
<p>&nbsp;</p>
<p>Las principales materias de trabajo:</p>
<p>&nbsp;</p>
<ul>
<li>UE y Estudios sobre Regionalismo Comparativo;</li>
<li>La Comunicación e Información sobre la UE.</li>
<li>Análisis Económico.</li>
<li>Diferencias regionales.</li>
<li>Estudios sobre la Historia de la UE.</li>
<li>El Diálogo Intercultural.</li>
<li>Estudios Interdisciplinares de la UE.</li>
<li>Relaciones Internacionales y Diplomacia de la UE.</li>
<li>Derecho Comunitario y aspectos jurídicos.</li>
<li>Aspectos Políticos y Administrativos.</li>
</ul>
<p>&nbsp;</p>
<p>Las actividades se basarán en investigaciones sobre los temas tratados con elementos educativos innovadores en las que se combinarán clase teóricas, seminarios y conferencias públicas con expertos en las materias  tratadas.</p>
<p>Las Cátedras desarrollarán contactos con otras instituciones relacionadas con temas europeos., los profesionales y el público interesado.</p>
<p>&nbsp;</p>
<p><a href="https://blogs.ugr.es/ecuenca/wp-content/uploads/sites/65/2019/12/logosbeneficaireserasmusleft_es.jpg"><img loading="lazy" decoding="async" class=" wp-image-272 alignright" src="https://blogs.ugr.es/ecuenca/wp-content/uploads/sites/65/2019/12/logosbeneficaireserasmusleft_es-300x66.jpg" alt="" width="441" height="97" srcset="https://blogs.ugr.es/ecuenca/wp-content/uploads/sites/65/2019/12/logosbeneficaireserasmusleft_es-300x66.jpg 300w, https://blogs.ugr.es/ecuenca/wp-content/uploads/sites/65/2019/12/logosbeneficaireserasmusleft_es-700x154.jpg 700w, https://blogs.ugr.es/ecuenca/wp-content/uploads/sites/65/2019/12/logosbeneficaireserasmusleft_es.jpg 800w" sizes="auto, (max-width: 441px) 100vw, 441px" /></a></p>

<p>El objetivo de las acciones Jean Monnet es promover la excelencia en la enseñanza y la investigación en el ámbito de los estudios sobre la Unión Europea en todo el mundo. Estas acciones también tratan de impulsar el diálogo entre el mundo académico y los responsables políticos, en particular con el objetivo de mejorar la&hellip; <a href="https://blogs.ugr.es/ecuenca/objetivos-de-la-accion-jean-monnet/" class="more-link">Leer más <span class="screen-reader-text">acerca de Objetivos de la Acción Jean Monnet</span></a></p>
