{"id":157,"date":"2019-07-31T12:57:20","date_gmt":"2019-07-31T10:57:20","guid":{"rendered":"https:\/\/blogs.ugr.es\/ecuenca\/?page_id=157"},"modified":"2019-09-19T12:31:55","modified_gmt":"2019-09-19T10:31:55","slug":"157-2","status":"publish","type":"page","link":"https:\/\/blogs.ugr.es\/ecuenca\/157-2\/","title":{"rendered":"Titular de la C\u00e1tedra"},"content":{"rendered":"<p>&nbsp;<\/p>\n<figure id=\"attachment_249\" aria-describedby=\"caption-attachment-249\" style=\"width: 150px\" class=\"wp-caption alignright\"><a href=\"https:\/\/blogs.ugr.es\/ecuenca\/wp-content\/uploads\/sites\/65\/2019\/08\/Eduardo-Cuenca.jpg\"><img loading=\"lazy\" decoding=\"async\" class=\"size-full wp-image-249\" src=\"https:\/\/blogs.ugr.es\/ecuenca\/wp-content\/uploads\/sites\/65\/2019\/08\/Eduardo-Cuenca.jpg\" alt=\"\" width=\"150\" height=\"118\" \/><\/a><figcaption id=\"caption-attachment-249\" class=\"wp-caption-text\">Eduardo Cuenca Garc\u00eda. Responsable de la C\u00e1tedra Jean Monnet de la Universidad de Granada<\/figcaption><\/figure>\n<h1><span style=\"color: #003366\">Titular de la C\u00e1tedra<\/span><\/h1>\n<p>&nbsp;<\/p>\n<p>La C\u00e1tedra Jean Monnet sobre Integraci\u00f3n Econ\u00f3mica de la Universidad est\u00e1 dirigida por el profesor Eduardo Cuenca Garc\u00eda<\/p>\n<p>Facultad de Ciencias Econ\u00f3micas y \u00a0 Empresariales<\/p>\n<p>Campus de Cartuja<\/p>\n<p>18011 GRANADA<\/p>\n<p>Tel\u00e9fonos: 958243716 (directo)<\/p>\n<p>Tfno Departamento: 958240613<\/p>\n<p>Fax Departamento: 958246680<\/p>\n<p>Email: ecuenca&#64;&#117;&#103;&#114;&#46;&#101;&#115;\u00e1<\/p>\n<p>&nbsp;<\/p>\n<h2><span style=\"color: #003366\">CURRICULUM<\/span><\/h2>\n<p>&nbsp;<\/p>\n<ul>\n<li>Doctor en Ciencias Econ\u00f3micas por la Universidad de M\u00e1laga<\/li>\n<li>Diplomado del Institut Agronomique M\u00e9diterran\u00e9en de Montpellier (1976-77) (Francia)<\/li>\n<li>Diplomado del Centre Europ\u00e9en Universitaire de Nancy (1977-78). (Francia)<\/li>\n<li>Diplomado del Colegio de Europa de Brujas (1978-79) (B\u00e9lgica)<\/li>\n<li>Profesor en las Universidades de M\u00e1laga y La Laguna (Tenerife)<\/li>\n<li>En la actualidad, Catedr\u00e1tico de Organizaci\u00f3n Econ\u00f3mica Internacional de la Universidad de Granada<\/li>\n<li>Co-Director de la C\u00e1tedra de Internacionalizaci\u00f3n Extenda-UGR<\/li>\n<\/ul>\n<p>&nbsp;<\/p>\n<p>&nbsp;<\/p>\n<h2><span style=\"color: #003366\">CARGOS ACADEMICOS<\/span><\/h2>\n<p>&nbsp;<\/p>\n<ul>\n<li>Ex Director del Centro de Documentaci\u00f3n Europea de la Universidad de La Laguna<\/li>\n<li>Ex Decano de la Facultad de Ciencias Econ\u00f3micas y Empresariales de La Laguna<\/li>\n<li>Ex Director del Departamento de Econom\u00eda Aplicada de la Universidad de Granada<\/li>\n<li>Ex Director del Departamento de Econom\u00eda Internacional y de Espa\u00f1a de la Universidad de Granada<\/li>\n<li>Profesor visitante en las Universidades de Harvard, Indiana, Georgetown, Berkeley, Yale, Columbia y Oxford.<\/li>\n<\/ul>\n<p>&nbsp;<\/p>\n<p>&nbsp;<\/p>\n<h1><span style=\"color: #003366\">Colaboradora<\/span><\/h1>\n<figure id=\"attachment_250\" aria-describedby=\"caption-attachment-250\" style=\"width: 119px\" class=\"wp-caption alignright\"><a href=\"https:\/\/blogs.ugr.es\/ecuenca\/wp-content\/uploads\/sites\/65\/2019\/08\/Margarita-Navarro.jpg\"><img loading=\"lazy\" decoding=\"async\" class=\"size-full wp-image-250\" src=\"https:\/\/blogs.ugr.es\/ecuenca\/wp-content\/uploads\/sites\/65\/2019\/08\/Margarita-Navarro.jpg\" alt=\"\" width=\"119\" height=\"163\" \/><\/a><figcaption id=\"caption-attachment-250\" class=\"wp-caption-text\">Margarita Navarro Pabsdorf. Colaboradora de la C\u00e1tedra Jean Monnet de la Universidad de Granada<\/figcaption><\/figure>\n<p>Margarita Navarro Pabsdorf<\/p>\n<p>Secretaria del departamento de Econom\u00eda Internacional y de Espa\u00f1a<\/p>\n<p>Facultad de Ciencias Econ\u00f3micas y Empresariales<\/p>\n<p>Campus de Cartuja<\/p>\n<p>Despacho C-222<\/p>\n<p>Telefono 958244180<\/p>\n<p>Email: <a href=\"&#109;&#x61;i&#108;&#x74;o&#58;&#x70;a&#x62;&#x73;&#100;&#x6f;r&#100;&#x40;u&#103;&#x72;&#46;&#x65;&#x73;\">&#112;&#x61;&#x62;s&#100;&#x6f;r&#100;&#x40;&#x75;g&#114;&#x2e;e&#115;<\/a><\/p>\n<p>&nbsp;<\/p>\n<p>&nbsp;<\/p>\n<h2><span style=\"color: #003366\">CURRICULUM<\/span><\/h2>\n<p>&nbsp;<\/p>\n<ul>\n<li>Licenciada en Ciencias Econ\u00f3micas y Empresariales por la Universidad de la Laguna (Tenerife)<\/li>\n<li>Doctora en Econom\u00eda por la Universidad de Granada<\/li>\n<li>En la actualidad Profesora Titular de la Universidad de Granada<\/li>\n<li>Colaboradora en 12 Proyectos de investigaci\u00f3n (destacando: 3 Proyectos Internacionales; 2 I+D de \u00c1mbito Nacional; 2 de Excelencia de la Junta de Andaluc\u00eda y 3 Proyectos del CICODE, todos ellos competitivos)<\/li>\n<li>Profesora del M\u00e1ster de Cooperaci\u00f3n al Desarrollo, Gesti\u00f3n P\u00fablica y de las ONGDs<\/li>\n<li>Profesora visitante en las Universidades de Harvard, Yale.<\/li>\n<\/ul>\n<p>&nbsp;<\/p>\n<p>&nbsp;<\/p>\n","protected":false},"excerpt":{"rendered":"<p>&nbsp; Titular de la C\u00e1tedra &nbsp; La C\u00e1tedra Jean Monnet sobre Integraci\u00f3n Econ\u00f3mica de la Universidad est\u00e1 dirigida por el profesor Eduardo Cuenca Garc\u00eda Facultad de Ciencias Econ\u00f3micas y \u00a0 Empresariales Campus de Cartuja 18011 GRANADA Tel\u00e9fonos: 958243716 (directo) Tfno Departamento: 958240613 Fax Departamento: 958246680 Email: &#x65;&#99;u&#x65;&#x6e;&#99;a&#x40;&#x75;&#103;r&#x2e;&#x65;&#115;\u00e1 &nbsp; CURRICULUM &nbsp; Doctor en Ciencias Econ\u00f3micas por&hellip; <a href=\"https:\/\/blogs.ugr.es\/ecuenca\/157-2\/\" class=\"more-link\">Leer m\u00e1s <span class=\"screen-reader-text\">acerca de Titular de la C\u00e1tedra<\/span><\/a><\/p>\n","protected":false},"author":512,"featured_media":0,"parent":0,"menu_order":0,"comment_status":"closed","ping_status":"closed","template":"","meta":{"_genesis_hide_title":false,"_genesis_hide_breadcrumbs":false,"_genesis_hide_singular_image":false,"_genesis_hide_footer_widgets":false,"_genesis_custom_body_class":"","_genesis_custom_post_class":"","_genesis_layout":"","footnotes":""},"categories":[],"tags":[],"class_list":{"0":"post-157","1":"page","2":"type-page","3":"status-publish","5":"entry","6":"has-post-thumbnail"},"_links":{"self":[{"href":"https:\/\/blogs.ugr.es\/ecuenca\/wp-json\/wp\/v2\/pages\/157","targetHints":{"allow":["GET"]}}],"collection":[{"href":"https:\/\/blogs.ugr.es\/ecuenca\/wp-json\/wp\/v2\/pages"}],"about":[{"href":"https:\/\/blogs.ugr.es\/ecuenca\/wp-json\/wp\/v2\/types\/page"}],"author":[{"embeddable":true,"href":"https:\/\/blogs.ugr.es\/ecuenca\/wp-json\/wp\/v2\/users\/512"}],"replies":[{"embeddable":true,"href":"https:\/\/blogs.ugr.es\/ecuenca\/wp-json\/wp\/v2\/comments?post=157"}],"version-history":[{"count":4,"href":"https:\/\/blogs.ugr.es\/ecuenca\/wp-json\/wp\/v2\/pages\/157\/revisions"}],"predecessor-version":[{"id":269,"href":"https:\/\/blogs.ugr.es\/ecuenca\/wp-json\/wp\/v2\/pages\/157\/revisions\/269"}],"wp:attachment":[{"href":"https:\/\/blogs.ugr.es\/ecuenca\/wp-json\/wp\/v2\/media?parent=157"}],"wp:term":[{"taxonomy":"category","embeddable":true,"href":"https:\/\/blogs.ugr.es\/ecuenca\/wp-json\/wp\/v2\/categories?post=157"},{"taxonomy":"post_tag","embeddable":true,"href":"https:\/\/blogs.ugr.es\/ecuenca\/wp-json\/wp\/v2\/tags?post=157"}],"curies":[{"name":"wp","href":"https:\/\/api.w.org\/{rel}","templated":true}]}}