{"id":238,"date":"2023-08-21T21:05:26","date_gmt":"2023-08-21T19:05:26","guid":{"rendered":"https:\/\/blogs.ugr.es\/elisasernamartinez\/?page_id=238"},"modified":"2023-08-21T21:59:24","modified_gmt":"2023-08-21T19:59:24","slug":"welcome-2","status":"publish","type":"page","link":"https:\/\/blogs.ugr.es\/elisasernamartinez\/welcome-2\/","title":{"rendered":"Welcome"},"content":{"rendered":"<h1>Elisa Serna Mart\u00ednez<\/h1>\n<h2>Profesora Ayudante Doctora \/ Assistant Professor (tenure track)<\/h2>\n<h3>Translation, interpretation and cultural studies<\/h3>\n<p>Departamento de Traducci\u00f3n e Interpretaci\u00f3n<\/p>\n<p>Facultad de Traducci\u00f3n e Interpretaci\u00f3n<br \/>\nUniversidad\u00a0de\u00a0Granada<br \/>\nC\/\u00a0Puentezuelas\u00a055,\u00a018002,\u00a0Granada, Spain<\/p>\n","protected":false},"excerpt":{"rendered":"<p>Elisa Serna Mart\u00ednez Profesora Ayudante Doctora \/ Assistant Professor (tenure track) Translation, interpretation and cultural studies Departamento de Traducci\u00f3n e Interpretaci\u00f3n Facultad de Traducci\u00f3n e Interpretaci\u00f3n Universidad\u00a0de\u00a0Granada C\/\u00a0Puentezuelas\u00a055,\u00a018002,\u00a0Granada, Spain<\/p>\n","protected":false},"author":584,"featured_media":0,"parent":0,"menu_order":0,"comment_status":"closed","ping_status":"closed","template":"","meta":{"footnotes":""},"categories":[],"tags":[],"class_list":["post-238","page","type-page","status-publish","hentry"],"_links":{"self":[{"href":"https:\/\/blogs.ugr.es\/elisasernamartinez\/wp-json\/wp\/v2\/pages\/238","targetHints":{"allow":["GET"]}}],"collection":[{"href":"https:\/\/blogs.ugr.es\/elisasernamartinez\/wp-json\/wp\/v2\/pages"}],"about":[{"href":"https:\/\/blogs.ugr.es\/elisasernamartinez\/wp-json\/wp\/v2\/types\/page"}],"author":[{"embeddable":true,"href":"https:\/\/blogs.ugr.es\/elisasernamartinez\/wp-json\/wp\/v2\/users\/584"}],"replies":[{"embeddable":true,"href":"https:\/\/blogs.ugr.es\/elisasernamartinez\/wp-json\/wp\/v2\/comments?post=238"}],"version-history":[{"count":2,"href":"https:\/\/blogs.ugr.es\/elisasernamartinez\/wp-json\/wp\/v2\/pages\/238\/revisions"}],"predecessor-version":[{"id":271,"href":"https:\/\/blogs.ugr.es\/elisasernamartinez\/wp-json\/wp\/v2\/pages\/238\/revisions\/271"}],"wp:attachment":[{"href":"https:\/\/blogs.ugr.es\/elisasernamartinez\/wp-json\/wp\/v2\/media?parent=238"}],"wp:term":[{"taxonomy":"category","embeddable":true,"href":"https:\/\/blogs.ugr.es\/elisasernamartinez\/wp-json\/wp\/v2\/categories?post=238"},{"taxonomy":"post_tag","embeddable":true,"href":"https:\/\/blogs.ugr.es\/elisasernamartinez\/wp-json\/wp\/v2\/tags?post=238"}],"curies":[{"name":"wp","href":"https:\/\/api.w.org\/{rel}","templated":true}]}}