{"id":119,"date":"2018-01-22T09:22:43","date_gmt":"2018-01-22T08:22:43","guid":{"rendered":"https:\/\/blogs.ugr.es\/equipodocente\/?page_id=119"},"modified":"2019-06-16T21:41:29","modified_gmt":"2019-06-16T19:41:29","slug":"inicio","status":"publish","type":"page","link":"https:\/\/blogs.ugr.es\/equipodocente\/inicio\/","title":{"rendered":"Inicio"},"content":{"rendered":"<p><strong>Equipo Docente: <em>Pr\u00e1cticas de alto rendimiento dirigidas a mejorar las competencias docentes<\/em><br \/>\n<\/strong><\/p>\n<p>&nbsp;<\/p>\n<p><img loading=\"lazy\" decoding=\"async\" class=\"size-medium wp-image-154 alignleft\" src=\"https:\/\/blogs.ugr.es\/equipodocente\/wp-content\/uploads\/sites\/59\/2019\/06\/IMG_2704-260x300.jpg\" alt=\"Directora del Equipo Docente, Mar\u00eda del Carmen Haro Dominguez\" width=\"260\" height=\"300\" srcset=\"https:\/\/blogs.ugr.es\/equipodocente\/wp-content\/uploads\/sites\/59\/2019\/06\/IMG_2704-260x300.jpg 260w, https:\/\/blogs.ugr.es\/equipodocente\/wp-content\/uploads\/sites\/59\/2019\/06\/IMG_2704.jpg 513w\" sizes=\"auto, (max-width: 260px) 100vw, 260px\" \/><strong>Directora<\/strong><strong>: Mar\u00ed<\/strong><strong>a del Carmen Haro Dom\u00ednguez\u00a0<\/strong><\/p>\n<p><strong>Lugar de celebraci\u00f3n: Facultad de Ciencias Econ\u00f3micas y Empresariales de la Universidad de Granada<br \/>\n<\/strong><\/p>\n<p><strong>Curso 2018-2019<\/strong>. IX Convocatoria de Equipos Docentes de Formaci\u00f3n Inicial del Profesorado y Equipos Docentes de Formaci\u00f3n Continua. Unidad de Calidad, Innovaci\u00f3n y Prospectiva de la Universidad de Granada<\/p>\n<p><strong>Curso 2017-2018.<\/strong> VIII Convocatoria de Equipos Docentes de Formaci\u00f3n Inicial del Profesorado y Equipos Docentes de Formaci\u00f3n Continua. Unidad de Calidad, Innovaci\u00f3n y Prospectiva de la Universidad de Granada<\/p>\n<p><strong>\u00a0<\/strong><\/p>\n<p>&nbsp;<\/p>\n","protected":false},"excerpt":{"rendered":"<p>Equipo Docente: Pr\u00e1cticas de alto rendimiento dirigidas a mejorar las competencias docentes &nbsp; Directora: Mar\u00eda del Carmen Haro Dom\u00ednguez\u00a0 Lugar de celebraci\u00f3n: Facultad de Ciencias Econ\u00f3micas y Empresariales de la Universidad de Granada Curso 2018-2019. IX Convocatoria de Equipos Docentes de Formaci\u00f3n Inicial del Profesorado y Equipos Docentes de Formaci\u00f3n Continua. Unidad de Calidad, Innovaci\u00f3n&hellip; <a href=\"https:\/\/blogs.ugr.es\/equipodocente\/inicio\/\" class=\"more-link\">Leer m\u00e1s <span class=\"screen-reader-text\">acerca de Inicio<\/span><\/a><\/p>\n","protected":false},"author":506,"featured_media":0,"parent":0,"menu_order":0,"comment_status":"closed","ping_status":"closed","template":"","meta":{"_genesis_hide_title":false,"_genesis_hide_breadcrumbs":false,"_genesis_hide_singular_image":false,"_genesis_hide_footer_widgets":false,"_genesis_custom_body_class":"","_genesis_custom_post_class":"","_genesis_layout":"","footnotes":""},"categories":[],"tags":[],"class_list":{"0":"post-119","1":"page","2":"type-page","3":"status-publish","5":"entry","6":"has-post-thumbnail"},"_links":{"self":[{"href":"https:\/\/blogs.ugr.es\/equipodocente\/wp-json\/wp\/v2\/pages\/119","targetHints":{"allow":["GET"]}}],"collection":[{"href":"https:\/\/blogs.ugr.es\/equipodocente\/wp-json\/wp\/v2\/pages"}],"about":[{"href":"https:\/\/blogs.ugr.es\/equipodocente\/wp-json\/wp\/v2\/types\/page"}],"author":[{"embeddable":true,"href":"https:\/\/blogs.ugr.es\/equipodocente\/wp-json\/wp\/v2\/users\/506"}],"replies":[{"embeddable":true,"href":"https:\/\/blogs.ugr.es\/equipodocente\/wp-json\/wp\/v2\/comments?post=119"}],"version-history":[{"count":2,"href":"https:\/\/blogs.ugr.es\/equipodocente\/wp-json\/wp\/v2\/pages\/119\/revisions"}],"predecessor-version":[{"id":477,"href":"https:\/\/blogs.ugr.es\/equipodocente\/wp-json\/wp\/v2\/pages\/119\/revisions\/477"}],"wp:attachment":[{"href":"https:\/\/blogs.ugr.es\/equipodocente\/wp-json\/wp\/v2\/media?parent=119"}],"wp:term":[{"taxonomy":"category","embeddable":true,"href":"https:\/\/blogs.ugr.es\/equipodocente\/wp-json\/wp\/v2\/categories?post=119"},{"taxonomy":"post_tag","embeddable":true,"href":"https:\/\/blogs.ugr.es\/equipodocente\/wp-json\/wp\/v2\/tags?post=119"}],"curies":[{"name":"wp","href":"https:\/\/api.w.org\/{rel}","templated":true}]}}