{"id":541,"date":"2021-04-25T20:58:05","date_gmt":"2021-04-25T18:58:05","guid":{"rendered":"https:\/\/blogs.ugr.es\/equipodocente\/?page_id=541"},"modified":"2021-04-25T21:41:25","modified_gmt":"2021-04-25T19:41:25","slug":"curso-2019-2020","status":"publish","type":"page","link":"https:\/\/blogs.ugr.es\/equipodocente\/curso-2019-2020\/","title":{"rendered":"Curso 2019-2020"},"content":{"rendered":"<p>&nbsp;<\/p>\n<p><a href=\"https:\/\/blogs.ugr.es\/equipodocente\/wp-content\/uploads\/sites\/59\/2021\/04\/2019-20-Listado-de-Miembro.docx\">Listado de Miembros<\/a><\/p>\n<p><a href=\"https:\/\/blogs.ugr.es\/equipodocente\/wp-content\/uploads\/sites\/59\/2021\/04\/2019-20-Planificacion-accion-formativa-Marzo.docx\">Planificaci\u00f3n acci\u00f3n formativa Marzo<\/a><\/p>\n<p><a href=\"https:\/\/blogs.ugr.es\/equipodocente\/wp-content\/uploads\/sites\/59\/2021\/04\/2019-20-Planificacion-accion-formativa-Febrero.docx\">Planificaci\u00f3n acci\u00f3n formativa Febrero<\/a><\/p>\n<p><a href=\"https:\/\/blogs.ugr.es\/equipodocente\/wp-content\/uploads\/sites\/59\/2021\/04\/2019-20-Planificacion-accion-formativa-Enero-I.docx\">Planificaci\u00f3n acci\u00f3n formativa Enero<\/a><\/p>\n","protected":false},"excerpt":{"rendered":"<p>&nbsp; Listado de Miembros Planificaci\u00f3n acci\u00f3n formativa Marzo Planificaci\u00f3n acci\u00f3n formativa Febrero Planificaci\u00f3n acci\u00f3n formativa Enero<\/p>\n","protected":false},"author":506,"featured_media":0,"parent":0,"menu_order":0,"comment_status":"closed","ping_status":"closed","template":"","meta":{"_genesis_hide_title":false,"_genesis_hide_breadcrumbs":false,"_genesis_hide_singular_image":false,"_genesis_hide_footer_widgets":false,"_genesis_custom_body_class":"","_genesis_custom_post_class":"","_genesis_layout":"","footnotes":""},"categories":[],"tags":[],"class_list":{"0":"post-541","1":"page","2":"type-page","3":"status-publish","5":"entry"},"_links":{"self":[{"href":"https:\/\/blogs.ugr.es\/equipodocente\/wp-json\/wp\/v2\/pages\/541","targetHints":{"allow":["GET"]}}],"collection":[{"href":"https:\/\/blogs.ugr.es\/equipodocente\/wp-json\/wp\/v2\/pages"}],"about":[{"href":"https:\/\/blogs.ugr.es\/equipodocente\/wp-json\/wp\/v2\/types\/page"}],"author":[{"embeddable":true,"href":"https:\/\/blogs.ugr.es\/equipodocente\/wp-json\/wp\/v2\/users\/506"}],"replies":[{"embeddable":true,"href":"https:\/\/blogs.ugr.es\/equipodocente\/wp-json\/wp\/v2\/comments?post=541"}],"version-history":[{"count":3,"href":"https:\/\/blogs.ugr.es\/equipodocente\/wp-json\/wp\/v2\/pages\/541\/revisions"}],"predecessor-version":[{"id":554,"href":"https:\/\/blogs.ugr.es\/equipodocente\/wp-json\/wp\/v2\/pages\/541\/revisions\/554"}],"wp:attachment":[{"href":"https:\/\/blogs.ugr.es\/equipodocente\/wp-json\/wp\/v2\/media?parent=541"}],"wp:term":[{"taxonomy":"category","embeddable":true,"href":"https:\/\/blogs.ugr.es\/equipodocente\/wp-json\/wp\/v2\/categories?post=541"},{"taxonomy":"post_tag","embeddable":true,"href":"https:\/\/blogs.ugr.es\/equipodocente\/wp-json\/wp\/v2\/tags?post=541"}],"curies":[{"name":"wp","href":"https:\/\/api.w.org\/{rel}","templated":true}]}}