{"id":278,"date":"2024-04-04T17:23:53","date_gmt":"2024-04-04T15:23:53","guid":{"rendered":"https:\/\/blogs.ugr.es\/hispanagrama\/?page_id=278"},"modified":"2024-04-20T10:45:11","modified_gmt":"2024-04-20T08:45:11","slug":"ponentes-plenarios","status":"publish","type":"page","link":"https:\/\/blogs.ugr.es\/hispanagrama\/ponentes-plenarios\/","title":{"rendered":"Ponentes plenarios"},"content":{"rendered":"<p><img loading=\"lazy\" decoding=\"async\" class=\"wp-image-285 alignleft\" src=\"https:\/\/blogs.ugr.es\/hispanagrama\/wp-content\/uploads\/sites\/151\/2024\/04\/Foto-Altman-221x300.jpeg\" alt=\"\" width=\"202\" height=\"274\" srcset=\"https:\/\/blogs.ugr.es\/hispanagrama\/wp-content\/uploads\/sites\/151\/2024\/04\/Foto-Altman-221x300.jpeg 221w, https:\/\/blogs.ugr.es\/hispanagrama\/wp-content\/uploads\/sites\/151\/2024\/04\/Foto-Altman-515x700.jpeg 515w, https:\/\/blogs.ugr.es\/hispanagrama\/wp-content\/uploads\/sites\/151\/2024\/04\/Foto-Altman.jpeg 589w\" sizes=\"auto, (max-width: 202px) 100vw, 202px\" \/><\/p>\n<p><strong>CRISTINA ALTMAN<\/strong><\/p>\n<p>Catedr\u00e1tica del Departamento de Ling\u00fc\u00edstica de la Universidad de S\u00e3o Paulo, donde trabaja desde 1983. Es Licenciada en Lenguas por la Universidad de S\u00e3o Paulo (1977), M\u00e1ster en Ling\u00fc\u00edstica por la Universidad de S\u00e3o Paulo (1986) y Doctora en Ling\u00fc\u00edstica por la Katholieke Universit\u00e4t Leuven (B\u00e9lgica) y la Universidad de S\u00e3o Paulo (1993).<\/p>\n<p>Ha realizado estancias posdoctorales en la Universidad de Harvard y en el M.I.T. (1999); la Universidad de \u00c1msterdam (2006); el Instituto Iberoamericano de Berl\u00edn en dos ocasiones (2009 y 2014) y la Universidad de Estudios Extranjeros de Tokio (2010). Se especializ\u00f3 en Historiograf\u00eda Ling\u00fc\u00edstica y es responsable de la institucionalizaci\u00f3n de la disciplina en Brasil como campo de estudio e investigaci\u00f3n acad\u00e9mica. Desde 2017 es Profesora Senior del Programa de Posgrado en Semi\u00f3tica y Ling\u00fc\u00edstica General (USP) y Vicecoordinadora del <em>Centro de Documentaci\u00f3n en Historiograf\u00eda Ling\u00fc\u00edstica<\/em> (CEDOCH\/ DL-USP), que cre\u00f3 en 1993. Fund\u00f3 el <em>GT Historiograf\u00eda de la Ling\u00fc\u00edstica Brasile\u00f1a en la Asociaci\u00f3n Nacional de Posgrado en Lenguas y Ling\u00fc\u00edstica (ANPOLL<\/em>) en 1994 y el <em>Proyecto Historiograf\u00eda de la Ling\u00fc\u00edstica Sudamericana<\/em> en ALFAL en 2001. Actualmente, coordina el <em>Proyecto G\u00e9nero e Historiograf\u00eda de las Ciencias del Lenguaje<\/em> de ALFAL desde 2022.<\/p>\n<p>&nbsp;<\/p>\n<p><strong><img loading=\"lazy\" decoding=\"async\" class=\"size-medium wp-image-287 alignright\" src=\"https:\/\/blogs.ugr.es\/hispanagrama\/wp-content\/uploads\/sites\/151\/2024\/04\/Foto-Bargallo\u0301-300x200.jpeg\" alt=\"\" width=\"300\" height=\"200\" srcset=\"https:\/\/blogs.ugr.es\/hispanagrama\/wp-content\/uploads\/sites\/151\/2024\/04\/Foto-Bargallo\u0301-300x200.jpeg 300w, https:\/\/blogs.ugr.es\/hispanagrama\/wp-content\/uploads\/sites\/151\/2024\/04\/Foto-Bargallo\u0301-700x466.jpeg 700w, https:\/\/blogs.ugr.es\/hispanagrama\/wp-content\/uploads\/sites\/151\/2024\/04\/Foto-Bargallo\u0301.jpeg 800w\" sizes=\"auto, (max-width: 300px) 100vw, 300px\" \/>MAR\u00cdA BARGALL\u00d3 ESCRIV\u00c1<\/strong><\/p>\n<p>Profesora Titular (jubilada) del \u00e1rea de Lengua Espa\u00f1ola en el Departamento de Filolog\u00edas Rom\u00e1nicas de la Universitat Rovira i Virgili (Tarragona). Sus l\u00edneas de investigaci\u00f3n son las relaciones entre gram\u00e1tica y diccionario, la historiograf\u00eda de la gram\u00e1tica, la fraseolog\u00eda y la lexicograf\u00eda pedag\u00f3gica del espa\u00f1ol como lengua extranjera. Adem\u00e1s, ha sido investigadora principal y ha participado como miembro del equipo investigador de diversos proyectos relacionados con sus \u00e1mbitos de investigaci\u00f3n.<\/p>\n<p>Actualmente participa, como miembro del equipo de trabajo, en el Proyecto HISPANAGRAMA II (PID2020-118849GB-100; \u201cLa gramatizaci\u00f3n del espa\u00f1ol en la Am\u00e9rica del Sur hisp\u00e1nica (1800-1950): focos, series textuales y canon\u201d) y en el Proyecto TRADILEX (PID2022-137147NB-100; \u201cTransformaci\u00f3n digital y patrimonio lexicogr\u00e1fico: preservaci\u00f3n y aprovechamiento de los datos sobre el l\u00e9xico especializado (1884-1936)\u201d. Ha ejercido su docencia en estudios de Grado y M\u00e1ster y ha sido durante diez a\u00f1os coordinadora del Programa de Doctorado en Estudios Human\u00edsticos de la URV en el que ha dirigido diversas tesis doctorales.<\/p>\n<p>En cuanto a la gesti\u00f3n universitaria, ha ejercido como Vicedecana de la Facultad de Letras (1998-2001), Directora de la Escuela de Pregrado (2004-2006) y Vicerrectora de Estudiantes y Comunidad Universitaria (2006-2014). Tambi\u00e9n ha participado como vocal y ha presidido la Comisi\u00f3n de Artes y Humanidades del Programa Verifica de ANECA.<\/p>\n<p>&nbsp;<\/p>\n<p><strong><img loading=\"lazy\" decoding=\"async\" class=\"alignleft size-full wp-image-286\" src=\"https:\/\/blogs.ugr.es\/hispanagrama\/wp-content\/uploads\/sites\/151\/2024\/04\/Foto-Esparza.jpg\" alt=\"\" width=\"200\" height=\"200\" srcset=\"https:\/\/blogs.ugr.es\/hispanagrama\/wp-content\/uploads\/sites\/151\/2024\/04\/Foto-Esparza.jpg 200w, https:\/\/blogs.ugr.es\/hispanagrama\/wp-content\/uploads\/sites\/151\/2024\/04\/Foto-Esparza-150x150.jpg 150w\" sizes=\"auto, (max-width: 200px) 100vw, 200px\" \/>MIGUEL \u00c1NGEL ESPARZA TORRES<\/strong><\/p>\n<p>Miguel \u00c1ngel Esparza Torres es Doctor en Filosof\u00eda y Letras (Filolog\u00eda) por la Universidad Aut\u00f3noma de Madrid (1992). Becario Humboldt (Universit\u00e4t Trier, 1993-1994 y 1988-1999); profesor de\u00a0Ling\u00fc\u00edstica General\u00a0en la Universidad Complutense (1994-1995), de\u00a0Filolog\u00eda Espa\u00f1ola\u00a0en la Universidad de Vigo (1995-2003) y de Ling\u00fc\u00edstica General\u00a0en la Universidad Rey Juan Carlos (desde 2003). Es actualmente Catedr\u00e1tico de\u00a0Ling\u00fc\u00edstica General de la Universidad Rey Juan Carlos y Decano de su Facultad de Artes y Humanidades.<\/p>\n<p>Ha desarrollado fundamentalmente tres l\u00edneas de investigaci\u00f3n, con frecuencia interrelacionadas: descripci\u00f3n gramatical del espa\u00f1ol, historiograf\u00eda ling\u00fc\u00edstica y ling\u00fc\u00edstica textual. Entre sus monograf\u00edas m\u00e1s citadas se puede mencionar:\u00a0<em>Las ideas ling\u00fc\u00edsticas de Antonio de Nebrija<\/em>, la\u00a0<em>Bibliograf\u00eda nebrisense<\/em>, los tomos IV y V de la\u00a0<em>Bibliograf\u00eda cronol\u00f3gica de la ling\u00fc\u00edstica, la gram\u00e1tica y la lexicograf\u00eda del espa\u00f1ol\u00a0<\/em>y la\u00a0<em>Bibliograf\u00eda de la ling\u00fc\u00edstica misionera espa\u00f1ola\u00a0<\/em>(en colaboraci\u00f3n con Hans-J. Niederehe) o la\u00a0<em>Bibliograf\u00eda tem\u00e1tica de historiograf\u00eda ling\u00fc\u00edstica espa\u00f1ola<\/em>. Estas obras son fruto de proyectos de investigaci\u00f3n financiados. Es miembro de numerosos consejos editoriales y ha trabajado como evaluador para diversos organismos p\u00fablicos.<\/p>\n","protected":false},"excerpt":{"rendered":"<p>CRISTINA ALTMAN Catedr\u00e1tica del Departamento de Ling\u00fc\u00edstica de la Universidad de S\u00e3o Paulo, donde trabaja desde 1983. Es Licenciada en Lenguas por la Universidad de S\u00e3o Paulo (1977), M\u00e1ster en Ling\u00fc\u00edstica por la Universidad de S\u00e3o Paulo (1986) y Doctora en Ling\u00fc\u00edstica por la Katholieke Universit\u00e4t Leuven (B\u00e9lgica) y la Universidad de S\u00e3o Paulo (1993). [&hellip;]<\/p>\n","protected":false},"author":544,"featured_media":0,"parent":0,"menu_order":0,"comment_status":"closed","ping_status":"closed","template":"","meta":{"_genesis_hide_title":false,"_genesis_hide_breadcrumbs":false,"_genesis_hide_singular_image":false,"_genesis_hide_footer_widgets":false,"_genesis_custom_body_class":"","_genesis_custom_post_class":"","_genesis_layout":"","footnotes":""},"categories":[],"tags":[],"class_list":{"0":"post-278","1":"page","2":"type-page","3":"status-publish","5":"entry"},"_links":{"self":[{"href":"https:\/\/blogs.ugr.es\/hispanagrama\/wp-json\/wp\/v2\/pages\/278","targetHints":{"allow":["GET"]}}],"collection":[{"href":"https:\/\/blogs.ugr.es\/hispanagrama\/wp-json\/wp\/v2\/pages"}],"about":[{"href":"https:\/\/blogs.ugr.es\/hispanagrama\/wp-json\/wp\/v2\/types\/page"}],"author":[{"embeddable":true,"href":"https:\/\/blogs.ugr.es\/hispanagrama\/wp-json\/wp\/v2\/users\/544"}],"replies":[{"embeddable":true,"href":"https:\/\/blogs.ugr.es\/hispanagrama\/wp-json\/wp\/v2\/comments?post=278"}],"version-history":[{"count":3,"href":"https:\/\/blogs.ugr.es\/hispanagrama\/wp-json\/wp\/v2\/pages\/278\/revisions"}],"predecessor-version":[{"id":295,"href":"https:\/\/blogs.ugr.es\/hispanagrama\/wp-json\/wp\/v2\/pages\/278\/revisions\/295"}],"wp:attachment":[{"href":"https:\/\/blogs.ugr.es\/hispanagrama\/wp-json\/wp\/v2\/media?parent=278"}],"wp:term":[{"taxonomy":"category","embeddable":true,"href":"https:\/\/blogs.ugr.es\/hispanagrama\/wp-json\/wp\/v2\/categories?post=278"},{"taxonomy":"post_tag","embeddable":true,"href":"https:\/\/blogs.ugr.es\/hispanagrama\/wp-json\/wp\/v2\/tags?post=278"}],"curies":[{"name":"wp","href":"https:\/\/api.w.org\/{rel}","templated":true}]}}