{"id":404,"date":"2024-11-21T18:32:12","date_gmt":"2024-11-21T17:32:12","guid":{"rendered":"https:\/\/blogs.ugr.es\/hispanagrama\/?page_id=404"},"modified":"2024-11-22T09:09:38","modified_gmt":"2024-11-22T08:09:38","slug":"llegada","status":"publish","type":"page","link":"https:\/\/blogs.ugr.es\/hispanagrama\/llegada\/","title":{"rendered":"Llegada a Granada"},"content":{"rendered":"<h1 class=\"font_0 wixui-rich-text__text\">Llegada a Granada<\/h1>\n<p class=\"font_8 wixui-rich-text__text\"><strong><span class=\"color_28 wixui-rich-text__text\"><span class=\"wixui-rich-text__text\">Aeropuerto de Granada<\/span><\/span><\/strong><\/p>\n<p class=\"font_8 wixui-rich-text__text\">El <span class=\"wixui-rich-text__text\"><a class=\"wixui-rich-text__text\" href=\"http:\/\/www.aena.es\/en\/federico-garcia-lorca-granada-jaen-airport\/index.html\" target=\"_blank\" rel=\"noreferrer noopener\">Aeropuerto de Granada<\/a><\/span> est\u00e1 situado a 15-20 minutos de distancia del centro de Granada (en torno a 17 km). Tiene conexiones directas con Madrid, Barcelona, Mallorca, Londres y Mil\u00e1n.<\/p>\n<p>Una vez se llega al aeropuerto de Granada, las posibilidades de llegar a Granada en transporte p\u00fablico son las siguientes:<\/p>\n<ul>\n<li class=\"font_8 wixui-rich-text__text\"><span class=\"wixui-rich-text__text\">Taxi Granada-Aeropuerto:<\/span>\u00a0puede tomar un taxi directamente desde el aeropuerto, por un coste aproximado de 25-35\u20ac. Tambi\u00e9n es posible tomar un coche UBER, si tiene la aplicaci\u00f3n.<\/li>\n<\/ul>\n<ul>\n<li class=\"font_8 wixui-rich-text__text\"><span class=\"wixui-rich-text__text\">L\u00ednea de autobuses Granada-Aeropuerto: l<\/span>a <span class=\"wixui-rich-text__text\"><a class=\"wixui-rich-text__text\" href=\"http:\/\/www.aena.es\/en\/federico-garcia-lorca-granada-jaen-airport\/public-transport.html\" target=\"_blank\" rel=\"noreferrer noopener\">Autob\u00fas Aeropuerto-Granada<\/a><\/span> conecta el aeropuerto con el centro de la ciudad, donde realiza diversas paradas estrat\u00e9gicas <span class=\"wixui-rich-text__text\"><a class=\"wixui-rich-text__text\" href=\"http:\/\/www.aena.es\/en\/federico-garcia-lorca-granada-jaen-airport\/public-transport.html\" target=\"_blank\" rel=\"noreferrer noopener\">paradas estrat\u00e9gicas<\/a><\/span> como la Avenida de Andaluc\u00eda, la estaci\u00f3n de autobuses, la Gran V\u00eda de Col\u00f3n y el Paseo del Viol\u00f3n (esta \u00faltima, pr\u00f3xima al palacio de congresos). El viaje completo dura en torno a 45 minutos. El coste es de 3\u20ac. Puede encontrar el horario e informaci\u00f3n m\u00e1s detallada <span class=\"wixui-rich-text__text\"><a class=\"wixui-rich-text__text\" href=\"https:\/\/www.lovegranada.com\/transport\/granada-airport-buses\/\" target=\"_blank\" rel=\"noreferrer noopener\">aqu\u00ed<\/a><\/span>.<\/li>\n<\/ul>\n<p class=\"font_8 wixui-rich-text__text\"><strong><span class=\"color_28 wixui-rich-text__text\"><span class=\"wixui-rich-text__text\">Aeropuerto de M\u00e1laga<\/span><\/span><\/strong><\/p>\n<p>M\u00e1laga es el aeropuerto internacional m\u00e1s cercano a Granada (125 km). En el aeropuerto de M\u00e1laga (AGP) aterrizan vuelos internacionales directos procedentes de las principales ciudades de Europa.<\/p>\n<p>Una vez se llega al aeropuerto de M\u00e1laga, las posibilidades de llegar a Granada en transporte p\u00fablico son las siguientes:<\/p>\n<ul>\n<li>Autob\u00fas directo desde el aeropuerto a la estaci\u00f3n de autobuses de Granada (12\u20ac aprox. y unas 2 h de trayecto). Esta es la posibilidad de traslado m\u00e1s sencilla. Hay unas 10 salidas diarias. Para comprobar si los horarios se ajustan al horario de su vuelo puede consultar <a href=\"https:\/\/www.alsa.es\/\">aqu\u00ed<\/a>.<\/li>\n<li>Hay <span class=\"wixui-rich-text__text\"><a class=\"wixui-rich-text__text\" href=\"https:\/\/www.alsa.es\/rutas\/granada-malaga.htm?gclid=Cj0KCQjw--DLBRCNARIsAFIwR24_qZyR_IOJ6utDyalxC8eKUHM-CH_bMso-mMUTkBDRjwEVqvjuYeQaAs8CEALw_wcB\" target=\"_blank\" rel=\"noreferrer noopener\">autobuses M\u00e1laga-Granada<\/a><\/span> desde la estaci\u00f3n de autobuses de M\u00e1laga, cada hora u hora y media, seg\u00fan la franja.<\/li>\n<li>Si la conexi\u00f3n directa en autob\u00fas no es una opci\u00f3n para usted, entonces la soluci\u00f3n m\u00e1s conveniente es tomar un tren hasta la Estaci\u00f3n Central de M\u00e1laga (Estaci\u00f3n Mar\u00eda Zambrano). Para llegar a la estaci\u00f3n desde el aeropuerto lo m\u00e1s f\u00e1cil es coger el tren de cercan\u00edas (l\u00ednea C1). Desde all\u00ed puede coger un autob\u00fas directo a Granada (la Estaci\u00f3n Central de Trenes est\u00e1 enfrente de la Estaci\u00f3n de Autobuses de M\u00e1laga) casi cada hora.<\/li>\n<li>Otra opci\u00f3n es coger un taxi desde el Aeropuerto de M\u00e1laga hasta Granada (145\u20ac aprox. y alrededor de 1,30 h de trayecto). El aeropuerto de M\u00e1laga dispone de varias zonas con paradas p\u00fablicas de taxi distribuidas por las terminales.<\/li>\n<\/ul>\n<p><strong>Aeropuerto de Madrid<\/strong><\/p>\n<p>El aeropuerto Adolfo Su\u00e1rez Madrid-Barajas (MAD) se encuentra a 418 km de Granada. Es el primer aeropuerto de Espa\u00f1a y sirve a un total de 171 destinos operados por 69 compa\u00f1\u00edas. As\u00ed, el aeropuerto de Madrid es uno de los principales puntos de entrada de turistas del resto de pa\u00edses europeos y del mundo en general.<\/p>\n<p>Una vez llegado al aeropuerto de Madrid, las posibilidades de llegar a Granada en transporte p\u00fablico son las siguientes.<\/p>\n<ul>\n<li>Autob\u00fas directo desde el aeropuerto hasta la estaci\u00f3n de autobuses de Granada (desde 20 euros y unas 5,15 h de trayecto). Esta es la posibilidad de traslado m\u00e1s sencilla. Para comprobar si los horarios se ajustan al horario de su vuelo puede echar un vistazo <a href=\"https:\/\/www.alsa.es\/\">aqu\u00ed<\/a>.<\/li>\n<li>Si la conexi\u00f3n directa en autob\u00fas no es una opci\u00f3n para usted, entonces puede tomar un tren desde Madrid \u2013 Estaci\u00f3n Puerta de Atocha. Para comprobar si los horarios coinciden con tu vuelo puede echar un vistazo <a href=\"https:\/\/www.renfe.com\/es\/es\">aqu\u00ed<\/a>. Para llegar a la Estaci\u00f3n de Atocha desde el aeropuerto, puede viajar en metro (l\u00ednea 8), autob\u00fas (l\u00ednea 203) o taxi.<\/li>\n<\/ul>\n<p class=\"font_8 wixui-rich-text__text\">Para m\u00e1s informaci\u00f3n sobre las diferentes opciones de viaje a Granada, puede visitar el siguiente enlace: <span class=\"wixui-rich-text__text\"><a class=\"wixui-rich-text__text\" href=\"http:\/\/en.granadatur.com\/como-llegar\/\" target=\"_blank\" rel=\"noreferrer noopener\">http:\/\/en.granadatur.com\/como-llegar\/<\/a><\/span><\/p>\n<p>&nbsp;<\/p>\n<p><strong>Estaci\u00f3n de trenes de Granada: <\/strong><a href=\"https:\/\/www.renfe.com\/es\/es?cid=generica&amp;c=sem&amp;fuente=google&amp;campana=generica&amp;fecha=2022&amp;ubicacion=google&amp;formato=link&amp;elemento_clic=link&amp;s_kwcid=AL!11457!3!354608896043!e!!g!!renfe&amp;gad_source=1&amp;gclid=Cj0KCQiA0fu5BhDQARIsAMXUBOLpzA2fZQaYm-_9WwLkyHIKOOecZLtTEBhTgRWqv7S8nh0ijr1K-zMaAn0YEALw_wcB\">p\u00e1gina de RENFE<\/a><\/p>\n<p><strong>Estaci\u00f3n de autobuses de Granada<\/strong>: <a href=\"https:\/\/www.alsa.es\/estaciones\/estacion-granada\">https:\/\/www.alsa.es\/estaciones\/estacion-granada<\/a><\/p>\n<p><strong>\u00bfC\u00f3mo moverse por Granada?<\/strong><\/p>\n<p><a href=\"https:\/\/www.transportesrober.com\/\"><strong>Autobuses urbanos<\/strong><\/a><\/p>\n<p><a href=\"https:\/\/metropolitanogranada.es\/\"><strong>Metro<\/strong><\/a><\/p>\n<p><strong>Taxi<\/strong><br \/>\nPide Taxi Granada: (+34) 958 28 00 00<br \/>\nRadio Taxi Genil: (+34) 958 13 23 23<\/p>\n<p><a href=\"https:\/\/pidetaxi.es\/\">App Pide Taxi<\/a> (suelen atender las demandas m\u00e1s r\u00e1pidamente que por tel\u00e9fono)<\/p>\n<p>&nbsp;<\/p>\n<p>&nbsp;<\/p>\n<p>&nbsp;<\/p>\n<p><strong>Localizaci\u00f3n del congreso<\/strong><\/p>\n<p>Facultad de Filosof\u00eda y Letras<br \/>\nCampus de la Cartuja<br \/>\nUniversidad de Granada<br \/>\nDirecci\u00f3n: Calle del Prof. Clavera, s\/n, Beiro, 18011 Granada<\/p>\n<p>Bus: l\u00edneas 8, U3 (parada Profesor Clavera &#8211; Facultad Econ\u00f3micas y Empresariales)<\/p>\n<p><a href=\"https:\/\/maps.app.goo.gl\/Sjs3eiEXSBQhhcVv7\">Ver en mapa<\/a><\/p>\n","protected":false},"excerpt":{"rendered":"<p>Llegada a Granada Aeropuerto de Granada El Aeropuerto de Granada est\u00e1 situado a 15-20 minutos de distancia del centro de Granada (en torno a 17 km). Tiene conexiones directas con Madrid, Barcelona, Mallorca, Londres y Mil\u00e1n. Una vez se llega al aeropuerto de Granada, las posibilidades de llegar a Granada en transporte p\u00fablico son las [&hellip;]<\/p>\n","protected":false},"author":544,"featured_media":0,"parent":0,"menu_order":0,"comment_status":"closed","ping_status":"closed","template":"","meta":{"_genesis_hide_title":false,"_genesis_hide_breadcrumbs":false,"_genesis_hide_singular_image":false,"_genesis_hide_footer_widgets":false,"_genesis_custom_body_class":"","_genesis_custom_post_class":"","_genesis_layout":"","footnotes":""},"categories":[],"tags":[],"class_list":{"0":"post-404","1":"page","2":"type-page","3":"status-publish","5":"entry"},"_links":{"self":[{"href":"https:\/\/blogs.ugr.es\/hispanagrama\/wp-json\/wp\/v2\/pages\/404","targetHints":{"allow":["GET"]}}],"collection":[{"href":"https:\/\/blogs.ugr.es\/hispanagrama\/wp-json\/wp\/v2\/pages"}],"about":[{"href":"https:\/\/blogs.ugr.es\/hispanagrama\/wp-json\/wp\/v2\/types\/page"}],"author":[{"embeddable":true,"href":"https:\/\/blogs.ugr.es\/hispanagrama\/wp-json\/wp\/v2\/users\/544"}],"replies":[{"embeddable":true,"href":"https:\/\/blogs.ugr.es\/hispanagrama\/wp-json\/wp\/v2\/comments?post=404"}],"version-history":[{"count":3,"href":"https:\/\/blogs.ugr.es\/hispanagrama\/wp-json\/wp\/v2\/pages\/404\/revisions"}],"predecessor-version":[{"id":419,"href":"https:\/\/blogs.ugr.es\/hispanagrama\/wp-json\/wp\/v2\/pages\/404\/revisions\/419"}],"wp:attachment":[{"href":"https:\/\/blogs.ugr.es\/hispanagrama\/wp-json\/wp\/v2\/media?parent=404"}],"wp:term":[{"taxonomy":"category","embeddable":true,"href":"https:\/\/blogs.ugr.es\/hispanagrama\/wp-json\/wp\/v2\/categories?post=404"},{"taxonomy":"post_tag","embeddable":true,"href":"https:\/\/blogs.ugr.es\/hispanagrama\/wp-json\/wp\/v2\/tags?post=404"}],"curies":[{"name":"wp","href":"https:\/\/api.w.org\/{rel}","templated":true}]}}