{"id":248,"date":"2022-12-19T18:38:51","date_gmt":"2022-12-19T17:38:51","guid":{"rendered":"https:\/\/blogs.ugr.es\/innovationphd\/?page_id=248"},"modified":"2022-12-19T19:11:59","modified_gmt":"2022-12-19T18:11:59","slug":"contact-and-links","status":"publish","type":"page","link":"https:\/\/blogs.ugr.es\/innovationphd\/contact-and-links\/","title":{"rendered":"Contact and Links"},"content":{"rendered":"<p><strong>CONTACTS AND LINKS<\/strong><\/p>\n<p><strong>\u00a0<\/strong><strong>Contact details of the main project coordinator (Slovak Republic):<\/strong><\/p>\n<p><strong>\u00a0<\/strong>Andrea Grominov\u00e1<strong> \u00a0\u00a0\u00a0\u00a0\u00a0\u00a0\u00a0\u00a0\u00a0\u00a0\u00a0\u00a0\u00a0\u00a0 <\/strong><a href=\"&#109;a&#x69;l&#x74;&#111;&#x3a;&#97;&#x6e;&#100;r&#x65;a&#x2e;&#103;&#x72;&#111;&#x6d;&#105;&#x6e;&#111;v&#x61;&#64;&#x75;&#99;&#x6d;&#46;&#x73;&#107;\"><strong>&#x61;&#x6e;&#x64;&#x72;&#x65;&#x61;&#46;&#103;&#114;&#111;mino&#x76;&#x61;&#x40;&#x75;&#x63;&#x6d;&#46;&#115;&#107;<\/strong><\/a><\/p>\n<p><strong>\u00a0<\/strong><\/p>\n<p><strong>\u00a0<\/strong><strong>Contact details of the project coordinator for Masaryk University in Brno (Czech Republic):<\/strong><\/p>\n<p><strong>\u00a0<\/strong>Josef Dohnal<strong> \u00a0\u00a0\u00a0\u00a0\u00a0\u00a0\u00a0\u00a0\u00a0\u00a0\u00a0\u00a0\u00a0\u00a0\u00a0\u00a0\u00a0\u00a0\u00a0\u00a0\u00a0\u00a0\u00a0\u00a0 <\/strong><a href=\"&#109;&#x61;&#x69;l&#116;&#x6f;:&#106;&#x64;&#x6f;&#104;&#x6e;&#x61;l&#64;&#x70;h&#105;&#x6c;&#x2e;&#109;&#x75;&#x6e;i&#46;&#x63;z\"><strong>&#x6a;&#x64;&#111;&#104;na&#x6c;&#x40;&#x70;&#104;il&#x2e;&#x6d;&#x75;&#110;&#105;&#46;&#x63;&#x7a;<\/strong><\/a><\/p>\n<p><strong>\u00a0<\/strong><\/p>\n<p><strong>\u00a0<\/strong><strong>Contact details of the project coordinator for the University of Granada (Spain):<\/strong><\/p>\n<p><strong>\u00a0<\/strong>Sim\u00f3n Jos\u00e9 Su\u00e1rez Cuadros<strong>\u00a0\u00a0 <\/strong><a href=\"&#x6d;&#x61;&#105;&#108;&#116;o&#x3a;&#x73;&#x73;&#117;&#97;re&#x7a;&#x40;&#x75;&#103;&#114;&#46;&#x65;&#x73;\"><strong>&#x73;&#x73;&#x75;&#x61;&#114;&#101;&#122;&#64;ugr&#x2e;&#x65;&#x73;<\/strong><\/a><\/p>\n<p><strong>\u00a0<\/strong><\/p>\n<p><strong>\u00a0<\/strong><\/p>\n","protected":false},"excerpt":{"rendered":"<p>CONTACTS AND LINKS \u00a0Contact details of the main project coordinator (Slovak Republic): \u00a0Andrea Grominov\u00e1 \u00a0\u00a0\u00a0\u00a0\u00a0\u00a0\u00a0\u00a0\u00a0\u00a0\u00a0\u00a0\u00a0\u00a0 &#97;&#110;&#x64;r&#101;&#x61;&#x2e;g&#114;&#x6f;&#x6d;i&#110;&#x6f;&#x76;a&#64;&#x75;&#x63;m&#46;&#x73;&#x6b; \u00a0 \u00a0Contact details of the project coordinator for Masaryk University in Brno (Czech Republic): \u00a0Josef Dohnal \u00a0\u00a0\u00a0\u00a0\u00a0\u00a0\u00a0\u00a0\u00a0\u00a0\u00a0\u00a0\u00a0\u00a0\u00a0\u00a0\u00a0\u00a0\u00a0\u00a0\u00a0\u00a0\u00a0\u00a0 &#106;&#x64;o&#104;&#x6e;a&#x6c;&#x40;&#112;&#x68;i&#108;&#x2e;m&#117;&#x6e;&#105;&#x2e;c&#122; \u00a0 \u00a0Contact details of the project coordinator for the University of Granada (Spain): \u00a0Sim\u00f3n Jos\u00e9 Su\u00e1rez Cuadros\u00a0\u00a0 &#115;&#115;&#x75;a&#114;&#x65;&#x7a;&#64;&#117;&#x67;&#x72;&#46;&#101;&#x73; \u00a0 \u00a0<\/p>\n","protected":false},"author":616,"featured_media":0,"parent":0,"menu_order":0,"comment_status":"closed","ping_status":"closed","template":"","meta":{"_genesis_hide_title":false,"_genesis_hide_breadcrumbs":false,"_genesis_hide_singular_image":false,"_genesis_hide_footer_widgets":false,"_genesis_custom_body_class":"","_genesis_custom_post_class":"","_genesis_layout":"","footnotes":""},"categories":[],"tags":[],"class_list":{"0":"post-248","1":"page","2":"type-page","3":"status-publish","5":"entry"},"_links":{"self":[{"href":"https:\/\/blogs.ugr.es\/innovationphd\/wp-json\/wp\/v2\/pages\/248","targetHints":{"allow":["GET"]}}],"collection":[{"href":"https:\/\/blogs.ugr.es\/innovationphd\/wp-json\/wp\/v2\/pages"}],"about":[{"href":"https:\/\/blogs.ugr.es\/innovationphd\/wp-json\/wp\/v2\/types\/page"}],"author":[{"embeddable":true,"href":"https:\/\/blogs.ugr.es\/innovationphd\/wp-json\/wp\/v2\/users\/616"}],"replies":[{"embeddable":true,"href":"https:\/\/blogs.ugr.es\/innovationphd\/wp-json\/wp\/v2\/comments?post=248"}],"version-history":[{"count":2,"href":"https:\/\/blogs.ugr.es\/innovationphd\/wp-json\/wp\/v2\/pages\/248\/revisions"}],"predecessor-version":[{"id":275,"href":"https:\/\/blogs.ugr.es\/innovationphd\/wp-json\/wp\/v2\/pages\/248\/revisions\/275"}],"wp:attachment":[{"href":"https:\/\/blogs.ugr.es\/innovationphd\/wp-json\/wp\/v2\/media?parent=248"}],"wp:term":[{"taxonomy":"category","embeddable":true,"href":"https:\/\/blogs.ugr.es\/innovationphd\/wp-json\/wp\/v2\/categories?post=248"},{"taxonomy":"post_tag","embeddable":true,"href":"https:\/\/blogs.ugr.es\/innovationphd\/wp-json\/wp\/v2\/tags?post=248"}],"curies":[{"name":"wp","href":"https:\/\/api.w.org\/{rel}","templated":true}]}}