{"id":149,"date":"2021-03-02T19:52:21","date_gmt":"2021-03-02T18:52:21","guid":{"rendered":"https:\/\/blogs.ugr.es\/inventate\/?page_id=149"},"modified":"2022-03-22T09:11:09","modified_gmt":"2022-03-22T08:11:09","slug":"acerca-de","status":"publish","type":"page","link":"https:\/\/blogs.ugr.es\/inventate\/acerca-de\/","title":{"rendered":"Acerca de"},"content":{"rendered":"<p>Este <strong>Proyecto de Innovaci\u00f3n Docente<\/strong> (<a href=\"https:\/\/blogs.ugr.es\/inventate\/\">INVENTaTe (c\u00f3d. 20-04) e INVENTaTe+ (21-20)<\/a>\u00a0pretende impulsar la creaci\u00f3n de un equipo interdisciplinar que ajuste los procesos de ense\u00f1anza y aprendizaje a la sociedad actual, condicionada por la crisis de la Covid-19. Esto es, mediante la dramatizaci\u00f3n queremos que el alumnado de las titulaciones implicadas en este proyecto (Educaci\u00f3n Primaria y titulaciones afines) y las materias implicadas del Grado de Educaci\u00f3n Primaria como son: <a href=\"https:\/\/www.ugr.es\/estudiantes\/grados\/grado-educacion-primaria\/didactica-lengua-espanola-ii\">Did\u00e1ctica de la lengua espa\u00f1ola II<\/a> <a href=\"https:\/\/grados.ugr.es\/primaria\/pages\/infoacademica\/estudios\">,<\/a> la <a href=\"https:\/\/www.ugr.es\/estudiantes\/grados\/grado-educacion-primaria\/educaclinguistalumnos-ep-neceseducespeci\">Educaci\u00f3n Ling\u00fc\u00edstica de alumnos de Educaci\u00f3n Primaria con Necesidades Educativas Especiales<\/a>, <a href=\"https:\/\/www.ugr.es\/estudiantes\/grados\/grado-educacion-primaria\/didactica-ciencias-experimentales-ii\">Did\u00e1ctica de las Ciencias Experimentales II<\/a> y <a href=\"https:\/\/www.ugr.es\/estudiantes\/grados\/grado-educacion-primaria-bilingue\/didactica-literatura-infantil-juvenil\">Did\u00e1ctica de la Literatura Infantil y Juvenil<\/a>, de la titulaci\u00f3n del <a href=\"https:\/\/grados.ugr.es\/primaria\/pages\/infoacademica\/estudios\">Grado de Educaci\u00f3n Primaria<\/a> (Grado Biling\u00fce) se beneficien de esta herramienta para mejorar la lengua oral, dicci\u00f3n, gesticulaci\u00f3n, postura, etc. de cara a su presente como estudiante de ambos Grados u otros afines, en los que, constantemente, se expone a sus profesores y dem\u00e1s compa\u00f1eros mediante exposiciones orales, pruebas orales, tutor\u00edas individuales o colectivas presenciales o virtuales en videoconferencias, etc.<\/p>\n<p>Por otro lado, tambi\u00e9n estas habilidades propias del teatro y la dramatizaci\u00f3n ser\u00e1n necesarias como profesionales de la ense\u00f1anza, de cara a su futuro laboral, en el que habr\u00e1n de enfrentarse a un p\u00fablico no solo infantil y juvenil, sino de adultos, como puedan ser los compa\u00f1eros de trabajo, directores de centros, inspectores, etc. con los que deber\u00e1 mantener una comunicaci\u00f3n fluida y eficaz para conseguir los objetivos que se propongan en cada caso. La incorporaci\u00f3n de estas t\u00e9cnicas y habilidades en las materias de los curr\u00edculos favorece que los estudiantes de estos grados incorporen m\u00e1s y mejor ciertos conocimientos de las asignaturas implicadas, al ser m\u00e1s participativas, m\u00e1s agradables e implicar el movimiento, la voz, el sentimiento, etc., dando una respuesta integral del alumno, y no \u00fanicamente una respuesta intelectual.<\/p>\n<p>Mediante la estrategia discursiva de la dramatizaci\u00f3n, se ven implicadas todas las <a href=\"https:\/\/grados.ugr.es\/primaria\/pages\/titulacion\/objetivos\">competencias clave en la formaci\u00f3n del maestro<\/a> de cualquier titulaci\u00f3n universitaria que se ofrece en la Facultad de Educaci\u00f3n y, en particular, en las titulaciones participantes de este proyecto, ya mencionadas, como son: la competencia ling\u00fc\u00edstica, competencia b\u00e1sica del curr\u00edculo; la competencia estrat\u00e9gica, dentro de la <a href=\"https:\/\/cvc.cervantes.es\/ensenanza\/biblioteca_ele\/diccio_ele\/diccionario\/competenciacomunicativa.htm\">competencia comunicativa<\/a>; en este sentido, la <a href=\"https:\/\/www.mheducation.es\/bcv\/guide\/capitulo\/8448175743.pdf\">comunicaci\u00f3n no verbal<\/a>, la expresi\u00f3n corporal y movimientos gestuales, que complementan la palabra, la proxemia (distancias entre los interlocutores), la paraling\u00fc\u00edstica (entonaci\u00f3n, volumen, tono de voz, expresiones faciales, etc.), la competencia l\u00e9xica y desarrollo del vocabulario del alumnado de Grado. Todas estas competencias se trabajan mediante las lecturas de los textos dram\u00e1ticos que se proporcionan al alumno; pero tambi\u00e9n, con el movimiento f\u00edsico y la musicalidad y entonaci\u00f3n que acompa\u00f1an esas lecturas y que han de reflejar una buena <a href=\"https:\/\/core.ac.uk\/download\/pdf\/230544744.pdf\">competencia art\u00edstica<\/a> del estudiante.<\/p>\n<p>Y es que la <a href=\"https:\/\/definicion.de\/dramatizacion\/\">dramatizaci\u00f3n<\/a> consiste en <strong>representar acciones reales o imaginarias<\/strong> (pero <strong>veros\u00edmiles),\u00a0<\/strong> generalmente dialogadas, capaces de despertar el inter\u00e9s de quienes hacen de espectadores, tiene un car\u00e1cter potencialmente integrador en el que uno o m\u00e1s personajes desarrollan una acci\u00f3n utilizando <strong>estrategias discursivas monologadas o plurigestionadas<\/strong> (mon\u00f3logos, di\u00e1logos, conversaciones), vali\u00e9ndose no s\u00f3lo de la palabra, sino del gesto, la m\u00edmica y la expresi\u00f3n corporal y\/o musical.<\/p>\n<p>De este modo, la dramatizaci\u00f3n podemos considerarla muy completa para la formaci\u00f3n de un <strong>ser integral y humanista<\/strong>, adaptado a la sociedad cambiante del siglo XXI, en cuanto que coordina cuatro herramientas b\u00e1sicas para tal fin: <strong>1) la expresi\u00f3n ling\u00fc\u00edstica, 2) la expresi\u00f3n corporal, 3) la expresi\u00f3n pl\u00e1stica (est\u00e9tica y visual) y 4) la expresi\u00f3n r\u00edtmica musical.<\/strong><\/p>\n<p>Todas ellas necesarias y complementarias, unas y otras, para una <strong>comunicaci\u00f3n eficaz<\/strong> que ayude a comprender el mundo y a establecer relaciones interpersonales de \u00e9xito, basadas en el entendimiento y en la aceptaci\u00f3n de uno mismo y tambi\u00e9n del otro, como seres integrantes de una<strong> sociedad pluricultural e intercultural<\/strong>.<\/p>\n<hr \/>\n<p><strong>C\u00f3mo citar el contenido de esta p\u00e1gina:<\/strong> del Moral-Barrig\u00fcete, C. (09\/03\/2021). Blog INVENTaTe [Blogs.ugr.es] Recuperado de https:\/\/Blogs.ugr.es\/inventate<\/p>\n","protected":false},"excerpt":{"rendered":"<p>Este Proyecto de Innovaci\u00f3n Docente (INVENTaTe (c\u00f3d. 20-04) e INVENTaTe+ (21-20)\u00a0pretende impulsar la creaci\u00f3n de un equipo interdisciplinar que ajuste los procesos de ense\u00f1anza y aprendizaje a la sociedad actual, condicionada por la crisis de la Covid-19. Esto es, mediante la dramatizaci\u00f3n queremos que el alumnado de las titulaciones implicadas en este proyecto (Educaci\u00f3n Primaria [&hellip;]<\/p>\n","protected":false},"author":572,"featured_media":0,"parent":0,"menu_order":0,"comment_status":"open","ping_status":"open","template":"","meta":{"_genesis_hide_title":false,"_genesis_hide_breadcrumbs":false,"_genesis_hide_singular_image":false,"_genesis_hide_footer_widgets":false,"_genesis_custom_body_class":"","_genesis_custom_post_class":"","_genesis_layout":"","footnotes":""},"categories":[18],"tags":[],"class_list":{"0":"post-149","1":"page","2":"type-page","3":"status-publish","5":"category-actividades-formativas","6":"entry"},"_links":{"self":[{"href":"https:\/\/blogs.ugr.es\/inventate\/wp-json\/wp\/v2\/pages\/149","targetHints":{"allow":["GET"]}}],"collection":[{"href":"https:\/\/blogs.ugr.es\/inventate\/wp-json\/wp\/v2\/pages"}],"about":[{"href":"https:\/\/blogs.ugr.es\/inventate\/wp-json\/wp\/v2\/types\/page"}],"author":[{"embeddable":true,"href":"https:\/\/blogs.ugr.es\/inventate\/wp-json\/wp\/v2\/users\/572"}],"replies":[{"embeddable":true,"href":"https:\/\/blogs.ugr.es\/inventate\/wp-json\/wp\/v2\/comments?post=149"}],"version-history":[{"count":3,"href":"https:\/\/blogs.ugr.es\/inventate\/wp-json\/wp\/v2\/pages\/149\/revisions"}],"predecessor-version":[{"id":575,"href":"https:\/\/blogs.ugr.es\/inventate\/wp-json\/wp\/v2\/pages\/149\/revisions\/575"}],"wp:attachment":[{"href":"https:\/\/blogs.ugr.es\/inventate\/wp-json\/wp\/v2\/media?parent=149"}],"wp:term":[{"taxonomy":"category","embeddable":true,"href":"https:\/\/blogs.ugr.es\/inventate\/wp-json\/wp\/v2\/categories?post=149"},{"taxonomy":"post_tag","embeddable":true,"href":"https:\/\/blogs.ugr.es\/inventate\/wp-json\/wp\/v2\/tags?post=149"}],"curies":[{"name":"wp","href":"https:\/\/api.w.org\/{rel}","templated":true}]}}

<p>Este <strong>Proyecto de Innovación Docente</strong> (<a href="https://blogs.ugr.es/inventate/">INVENTaTe (cód. 20-04) e INVENTaTe+ (21-20)</a> pretende impulsar la creación de un equipo interdisciplinar que ajuste los procesos de enseñanza y aprendizaje a la sociedad actual, condicionada por la crisis de la Covid-19. Esto es, mediante la dramatización queremos que el alumnado de las titulaciones implicadas en este proyecto (Educación Primaria y titulaciones afines) y las materias implicadas del Grado de Educación Primaria como son: <a href="https://www.ugr.es/estudiantes/grados/grado-educacion-primaria/didactica-lengua-espanola-ii">Didáctica de la lengua española II</a> <a href="https://grados.ugr.es/primaria/pages/infoacademica/estudios">,</a> la <a href="https://www.ugr.es/estudiantes/grados/grado-educacion-primaria/educaclinguistalumnos-ep-neceseducespeci">Educación Lingüística de alumnos de Educación Primaria con Necesidades Educativas Especiales</a>, <a href="https://www.ugr.es/estudiantes/grados/grado-educacion-primaria/didactica-ciencias-experimentales-ii">Didáctica de las Ciencias Experimentales II</a> y <a href="https://www.ugr.es/estudiantes/grados/grado-educacion-primaria-bilingue/didactica-literatura-infantil-juvenil">Didáctica de la Literatura Infantil y Juvenil</a>, de la titulación del <a href="https://grados.ugr.es/primaria/pages/infoacademica/estudios">Grado de Educación Primaria</a> (Grado Bilingüe) se beneficien de esta herramienta para mejorar la lengua oral, dicción, gesticulación, postura, etc. de cara a su presente como estudiante de ambos Grados u otros afines, en los que, constantemente, se expone a sus profesores y demás compañeros mediante exposiciones orales, pruebas orales, tutorías individuales o colectivas presenciales o virtuales en videoconferencias, etc.</p>
<p>Por otro lado, también estas habilidades propias del teatro y la dramatización serán necesarias como profesionales de la enseñanza, de cara a su futuro laboral, en el que habrán de enfrentarse a un público no solo infantil y juvenil, sino de adultos, como puedan ser los compañeros de trabajo, directores de centros, inspectores, etc. con los que deberá mantener una comunicación fluida y eficaz para conseguir los objetivos que se propongan en cada caso. La incorporación de estas técnicas y habilidades en las materias de los currículos favorece que los estudiantes de estos grados incorporen más y mejor ciertos conocimientos de las asignaturas implicadas, al ser más participativas, más agradables e implicar el movimiento, la voz, el sentimiento, etc., dando una respuesta integral del alumno, y no únicamente una respuesta intelectual.</p>
<p>Mediante la estrategia discursiva de la dramatización, se ven implicadas todas las <a href="https://grados.ugr.es/primaria/pages/titulacion/objetivos">competencias clave en la formación del maestro</a> de cualquier titulación universitaria que se ofrece en la Facultad de Educación y, en particular, en las titulaciones participantes de este proyecto, ya mencionadas, como son: la competencia lingüística, competencia básica del currículo; la competencia estratégica, dentro de la <a href="https://cvc.cervantes.es/ensenanza/biblioteca_ele/diccio_ele/diccionario/competenciacomunicativa.htm">competencia comunicativa</a>; en este sentido, la <a href="https://www.mheducation.es/bcv/guide/capitulo/8448175743.pdf">comunicación no verbal</a>, la expresión corporal y movimientos gestuales, que complementan la palabra, la proxemia (distancias entre los interlocutores), la paralingüística (entonación, volumen, tono de voz, expresiones faciales, etc.), la competencia léxica y desarrollo del vocabulario del alumnado de Grado. Todas estas competencias se trabajan mediante las lecturas de los textos dramáticos que se proporcionan al alumno; pero también, con el movimiento físico y la musicalidad y entonación que acompañan esas lecturas y que han de reflejar una buena <a href="https://core.ac.uk/download/pdf/230544744.pdf">competencia artística</a> del estudiante.</p>
<p>Y es que la <a href="https://definicion.de/dramatizacion/">dramatización</a> consiste en <strong>representar acciones reales o imaginarias</strong> (pero <strong>verosímiles), </strong> generalmente dialogadas, capaces de despertar el interés de quienes hacen de espectadores, tiene un carácter potencialmente integrador en el que uno o más personajes desarrollan una acción utilizando <strong>estrategias discursivas monologadas o plurigestionadas</strong> (monólogos, diálogos, conversaciones), valiéndose no sólo de la palabra, sino del gesto, la mímica y la expresión corporal y/o musical.</p>
<p>De este modo, la dramatización podemos considerarla muy completa para la formación de un <strong>ser integral y humanista</strong>, adaptado a la sociedad cambiante del siglo XXI, en cuanto que coordina cuatro herramientas básicas para tal fin: <strong>1) la expresión lingüística, 2) la expresión corporal, 3) la expresión plástica (estética y visual) y 4) la expresión rítmica musical.</strong></p>
<p>Todas ellas necesarias y complementarias, unas y otras, para una <strong>comunicación eficaz</strong> que ayude a comprender el mundo y a establecer relaciones interpersonales de éxito, basadas en el entendimiento y en la aceptación de uno mismo y también del otro, como seres integrantes de una<strong> sociedad pluricultural e intercultural</strong>.</p>
<hr />
<p><strong>Cómo citar el contenido de esta página:</strong> del Moral-Barrigüete, C. (09/03/2021). Blog INVENTaTe [Blogs.ugr.es] Recuperado de https://Blogs.ugr.es/inventate</p>

<p>Este Proyecto de Innovación Docente (INVENTaTe (cód. 20-04) e INVENTaTe+ (21-20) pretende impulsar la creación de un equipo interdisciplinar que ajuste los procesos de enseñanza y aprendizaje a la sociedad actual, condicionada por la crisis de la Covid-19. Esto es, mediante la dramatización queremos que el alumnado de las titulaciones implicadas en este proyecto (Educación Primaria [&hellip;]</p>
