{"id":256,"date":"2024-01-15T12:07:15","date_gmt":"2024-01-15T11:07:15","guid":{"rendered":"https:\/\/blogs.ugr.es\/justicirculecon\/?page_id=256"},"modified":"2024-02-29T11:01:29","modified_gmt":"2024-02-29T10:01:29","slug":"blog","status":"publish","type":"page","link":"https:\/\/blogs.ugr.es\/justicirculecon\/blog\/","title":{"rendered":"BLOG"},"content":{"rendered":"\n<div class=\"wp-block-columns is-layout-flex wp-container-core-columns-is-layout-9d6595d7 wp-block-columns-is-layout-flex\">\n<div class=\"wp-block-column is-layout-flow wp-block-column-is-layout-flow\">\n<p class=\"has-text-align-center\">Bienvenidos al blog del proyecto de investigaci\u00f3n&nbsp;&nbsp;<strong>\u201cAn\u00e1lisis y propuestas para transici\u00f3n justa a la econom\u00eda circular: impacto sobre las empresas y las personas trabajadoras\u201d<\/strong>&nbsp;(TED2021-132491B-I00).<\/p>\n\n\n\n<p class=\"has-text-align-center\">Nuestra finalidad es avanzar en el an\u00e1lisis y en la propuesta de soluciones para una transici\u00f3n justa a la econom\u00eda circular.<\/p>\n\n\n\n<p><\/p>\n\n\n\n<div class=\"wp-block-buttons is-content-justification-center is-layout-flex wp-container-core-buttons-is-layout-16018d1d wp-block-buttons-is-layout-flex\">\n<div class=\"wp-block-button has-custom-font-size has-medium-font-size\"><a class=\"wp-block-button__link wp-element-button\" href=\"https:\/\/blogs.ugr.es\/justicirculecon\/blog\/publicaciones\/\" target=\"_blank\" rel=\"noreferrer noopener\"><strong>Publicaciones<\/strong><\/a><\/div>\n\n\n\n<div class=\"wp-block-button has-custom-font-size is-style-fill has-medium-font-size\"><a class=\"wp-block-button__link wp-element-button\" href=\"https:\/\/blogs.ugr.es\/justicirculecon\/colabora-con-nosotros\/\" target=\"_blank\" rel=\"noreferrer noopener\"><strong>Escribe en el blog<\/strong><\/a><\/div>\n<\/div>\n<\/div>\n<\/div>\n\n\n\n<div class=\"wp-block-columns is-layout-flex wp-container-core-columns-is-layout-9d6595d7 wp-block-columns-is-layout-flex\">\n<div class=\"wp-block-column is-layout-flow wp-block-column-is-layout-flow\"><ul class=\"wp-block-latest-posts__list wp-block-latest-posts\"><li><a class=\"wp-block-latest-posts__post-title\" href=\"https:\/\/blogs.ugr.es\/justicirculecon\/los-certificados-de-ahorro-energetico-cae\/\">LOS CERTIFICADOS DE AHORRO ENERGETICO (CAE)<\/a><\/li>\n<li><a class=\"wp-block-latest-posts__post-title\" href=\"https:\/\/blogs.ugr.es\/justicirculecon\/principales-novedades-introducidas-por-la-lrscec-para-la-exaccion-por-la-gestion-de-los-residuos-en-el-ambito-local\/\">Principales novedades introducidas por la LRSCEC para la exacci\u00f3n por la gesti\u00f3n de los residuos en el \u00e1mbito local<\/a><\/li>\n<li><a class=\"wp-block-latest-posts__post-title\" href=\"https:\/\/blogs.ugr.es\/justicirculecon\/estrategia-espanola-de-economia-circular-y-planes-de-accion\/\">ESTRATEGIA ESPA\u00d1OLA DE ECONOM\u00cdA CIRCULAR Y PLANES DE ACCI\u00d3N<\/a><\/li>\n<li><a class=\"wp-block-latest-posts__post-title\" href=\"https:\/\/blogs.ugr.es\/justicirculecon\/conforman-los-productos-sostenibles-un-mercado-diferenciado\/\">\u00bfCONFORMAN LOS PRODUCTOS SOSTENIBLES UN MERCADO DIFERENCIADO?<\/a><\/li>\n<li><a class=\"wp-block-latest-posts__post-title\" href=\"https:\/\/blogs.ugr.es\/justicirculecon\/hacia-una-economia-circular-en-andalucia-comentarios-a-la-ley-3-2023-de-30-de-marzo-de-economia-circular-de-andalucia\/\">\u00bfHACIA UNA ECONOM\u00cdA CIRCULAR EN ANDALUC\u00cdA?<\/a><\/li>\n<\/ul><\/div>\n<\/div>\n","protected":false},"excerpt":{"rendered":"<p>Bienvenidos al blog del proyecto de investigaci\u00f3n&nbsp;&nbsp;\u201cAn\u00e1lisis y propuestas para transici\u00f3n justa a la econom\u00eda circular: impacto sobre las empresas y las personas trabajadoras\u201d&nbsp;(TED2021-132491B-I00). Nuestra finalidad es avanzar en el an\u00e1lisis y en la propuesta de soluciones para una transici\u00f3n justa a la econom\u00eda circular.<\/p>\n","protected":false},"author":660,"featured_media":0,"parent":0,"menu_order":0,"comment_status":"closed","ping_status":"closed","template":"","meta":{"footnotes":""},"categories":[],"tags":[],"class_list":["post-256","page","type-page","status-publish","hentry"],"_links":{"self":[{"href":"https:\/\/blogs.ugr.es\/justicirculecon\/wp-json\/wp\/v2\/pages\/256","targetHints":{"allow":["GET"]}}],"collection":[{"href":"https:\/\/blogs.ugr.es\/justicirculecon\/wp-json\/wp\/v2\/pages"}],"about":[{"href":"https:\/\/blogs.ugr.es\/justicirculecon\/wp-json\/wp\/v2\/types\/page"}],"author":[{"embeddable":true,"href":"https:\/\/blogs.ugr.es\/justicirculecon\/wp-json\/wp\/v2\/users\/660"}],"replies":[{"embeddable":true,"href":"https:\/\/blogs.ugr.es\/justicirculecon\/wp-json\/wp\/v2\/comments?post=256"}],"version-history":[{"count":3,"href":"https:\/\/blogs.ugr.es\/justicirculecon\/wp-json\/wp\/v2\/pages\/256\/revisions"}],"predecessor-version":[{"id":479,"href":"https:\/\/blogs.ugr.es\/justicirculecon\/wp-json\/wp\/v2\/pages\/256\/revisions\/479"}],"wp:attachment":[{"href":"https:\/\/blogs.ugr.es\/justicirculecon\/wp-json\/wp\/v2\/media?parent=256"}],"wp:term":[{"taxonomy":"category","embeddable":true,"href":"https:\/\/blogs.ugr.es\/justicirculecon\/wp-json\/wp\/v2\/categories?post=256"},{"taxonomy":"post_tag","embeddable":true,"href":"https:\/\/blogs.ugr.es\/justicirculecon\/wp-json\/wp\/v2\/tags?post=256"}],"curies":[{"name":"wp","href":"https:\/\/api.w.org\/{rel}","templated":true}]}}