{"id":523,"date":"2024-03-06T12:34:57","date_gmt":"2024-03-06T11:34:57","guid":{"rendered":"https:\/\/blogs.ugr.es\/justicirculecon\/?page_id=523"},"modified":"2024-05-15T19:26:36","modified_gmt":"2024-05-15T17:26:36","slug":"boletines-de-novedades-juridicas","status":"publish","type":"page","link":"https:\/\/blogs.ugr.es\/justicirculecon\/boletines-de-novedades-juridicas\/","title":{"rendered":"Boletines de novedades jur\u00eddicas"},"content":{"rendered":"\n<p class=\"wp-block-paragraph\">A fin de poder ofrecer a la comunidad acad\u00e9mica y a la sociedad en general, un espacio de difusi\u00f3n de las novedades jur\u00eddicas m\u00e1s relevantes y relacionadas con nuestro proyecto de investigaci\u00f3n \u00abAn\u00e1lisis y Propuestas para una transici\u00f3n justa a la econom\u00eda circular: impacto sobre las empresas y las personas trabajadoras\u00bb,  hemos creado esta secci\u00f3n, donde encontrar\u00e9is todos los n\u00fameros publicados de nuestros boletines de novedades jur\u00eddicas. <\/p>\n\n\n\n<p class=\"wp-block-paragraph\">\u00a1Gracias por leernos!<\/p>\n\n\n\n<div class=\"wp-block-columns is-layout-flex wp-container-core-columns-is-layout-8f761849 wp-block-columns-is-layout-flex\">\n<div class=\"wp-block-column is-layout-flow wp-block-column-is-layout-flow\">\n<figure class=\"wp-block-image size-large\"><a href=\"https:\/\/blogs.ugr.es\/justicirculecon\/boletin-de-noticias-juridicas\/\"><img loading=\"lazy\" decoding=\"async\" width=\"588\" height=\"700\" src=\"https:\/\/blogs.ugr.es\/justicirculecon\/wp-content\/uploads\/sites\/149\/2024\/03\/Boletin-de-noticias-JUSTICIRCULECON-Vol.-I_page-0001-588x700.jpg\" alt=\"\" class=\"wp-image-501\" srcset=\"https:\/\/blogs.ugr.es\/justicirculecon\/wp-content\/uploads\/sites\/149\/2024\/03\/Boletin-de-noticias-JUSTICIRCULECON-Vol.-I_page-0001-588x700.jpg 588w, https:\/\/blogs.ugr.es\/justicirculecon\/wp-content\/uploads\/sites\/149\/2024\/03\/Boletin-de-noticias-JUSTICIRCULECON-Vol.-I_page-0001-252x300.jpg 252w, https:\/\/blogs.ugr.es\/justicirculecon\/wp-content\/uploads\/sites\/149\/2024\/03\/Boletin-de-noticias-JUSTICIRCULECON-Vol.-I_page-0001.jpg 672w\" sizes=\"auto, (max-width: 588px) 100vw, 588px\" \/><\/a><\/figure>\n<\/div>\n\n\n\n<div class=\"wp-block-column is-layout-flow wp-block-column-is-layout-flow\">\n<figure class=\"wp-block-image size-large\"><a href=\"https:\/\/blogs.ugr.es\/justicirculecon\/boletin-de-noticias-juridicas-2\/\"><img loading=\"lazy\" decoding=\"async\" width=\"588\" height=\"700\" src=\"https:\/\/blogs.ugr.es\/justicirculecon\/wp-content\/uploads\/sites\/149\/2024\/05\/portada-V-II-588x700.jpg\" alt=\"\" class=\"wp-image-601\" srcset=\"https:\/\/blogs.ugr.es\/justicirculecon\/wp-content\/uploads\/sites\/149\/2024\/05\/portada-V-II-588x700.jpg 588w, https:\/\/blogs.ugr.es\/justicirculecon\/wp-content\/uploads\/sites\/149\/2024\/05\/portada-V-II-252x300.jpg 252w, https:\/\/blogs.ugr.es\/justicirculecon\/wp-content\/uploads\/sites\/149\/2024\/05\/portada-V-II.jpg 672w\" sizes=\"auto, (max-width: 588px) 100vw, 588px\" \/><\/a><\/figure>\n<\/div>\n\n\n\n<div class=\"wp-block-column is-layout-flow wp-block-column-is-layout-flow\"><\/div>\n<\/div>\n","protected":false},"excerpt":{"rendered":"<p>A fin de poder ofrecer a la comunidad acad\u00e9mica y a la sociedad en general, un espacio de difusi\u00f3n de las novedades jur\u00eddicas m\u00e1s relevantes y relacionadas con nuestro proyecto de investigaci\u00f3n \u00abAn\u00e1lisis y Propuestas para una transici\u00f3n justa a la econom\u00eda circular: impacto sobre las empresas y las personas trabajadoras\u00bb, hemos creado esta secci\u00f3n, [&hellip;]<\/p>\n","protected":false},"author":660,"featured_media":0,"parent":0,"menu_order":0,"comment_status":"closed","ping_status":"closed","template":"","meta":{"footnotes":"","_members_access_role":[],"_members_access_error":""},"categories":[],"tags":[],"class_list":["post-523","page","type-page","status-publish","hentry"],"_links":{"self":[{"href":"https:\/\/blogs.ugr.es\/justicirculecon\/wp-json\/wp\/v2\/pages\/523","targetHints":{"allow":["GET"]}}],"collection":[{"href":"https:\/\/blogs.ugr.es\/justicirculecon\/wp-json\/wp\/v2\/pages"}],"about":[{"href":"https:\/\/blogs.ugr.es\/justicirculecon\/wp-json\/wp\/v2\/types\/page"}],"author":[{"embeddable":true,"href":"https:\/\/blogs.ugr.es\/justicirculecon\/wp-json\/wp\/v2\/users\/660"}],"replies":[{"embeddable":true,"href":"https:\/\/blogs.ugr.es\/justicirculecon\/wp-json\/wp\/v2\/comments?post=523"}],"version-history":[{"count":2,"href":"https:\/\/blogs.ugr.es\/justicirculecon\/wp-json\/wp\/v2\/pages\/523\/revisions"}],"predecessor-version":[{"id":607,"href":"https:\/\/blogs.ugr.es\/justicirculecon\/wp-json\/wp\/v2\/pages\/523\/revisions\/607"}],"wp:attachment":[{"href":"https:\/\/blogs.ugr.es\/justicirculecon\/wp-json\/wp\/v2\/media?parent=523"}],"wp:term":[{"taxonomy":"category","embeddable":true,"href":"https:\/\/blogs.ugr.es\/justicirculecon\/wp-json\/wp\/v2\/categories?post=523"},{"taxonomy":"post_tag","embeddable":true,"href":"https:\/\/blogs.ugr.es\/justicirculecon\/wp-json\/wp\/v2\/tags?post=523"}],"curies":[{"name":"wp","href":"https:\/\/api.w.org\/{rel}","templated":true}]}}

Boletines de novedades jurídicas

<p class="wp-block-paragraph">A fin de poder ofrecer a la comunidad académica y a la sociedad en general, un espacio de difusión de las novedades jurídicas más relevantes y relacionadas con nuestro proyecto de investigación «Análisis y Propuestas para una transición justa a la economía circular: impacto sobre las empresas y las personas trabajadoras»,  hemos creado esta sección, donde encontraréis todos los números publicados de nuestros boletines de novedades jurídicas. </p>



<p class="wp-block-paragraph">¡Gracias por leernos!</p>



<div class="wp-block-columns is-layout-flex wp-container-core-columns-is-layout-8f761849 wp-block-columns-is-layout-flex">
<div class="wp-block-column is-layout-flow wp-block-column-is-layout-flow">
<figure class="wp-block-image size-large"><a href="https://blogs.ugr.es/justicirculecon/boletin-de-noticias-juridicas/"><img loading="lazy" decoding="async" width="588" height="700" src="https://blogs.ugr.es/justicirculecon/wp-content/uploads/sites/149/2024/03/Boletin-de-noticias-JUSTICIRCULECON-Vol.-I_page-0001-588x700.jpg" alt="" class="wp-image-501" srcset="https://blogs.ugr.es/justicirculecon/wp-content/uploads/sites/149/2024/03/Boletin-de-noticias-JUSTICIRCULECON-Vol.-I_page-0001-588x700.jpg 588w, https://blogs.ugr.es/justicirculecon/wp-content/uploads/sites/149/2024/03/Boletin-de-noticias-JUSTICIRCULECON-Vol.-I_page-0001-252x300.jpg 252w, https://blogs.ugr.es/justicirculecon/wp-content/uploads/sites/149/2024/03/Boletin-de-noticias-JUSTICIRCULECON-Vol.-I_page-0001.jpg 672w" sizes="auto, (max-width: 588px) 100vw, 588px" /></a></figure>
</div>



<div class="wp-block-column is-layout-flow wp-block-column-is-layout-flow">
<figure class="wp-block-image size-large"><a href="https://blogs.ugr.es/justicirculecon/boletin-de-noticias-juridicas-2/"><img loading="lazy" decoding="async" width="588" height="700" src="https://blogs.ugr.es/justicirculecon/wp-content/uploads/sites/149/2024/05/portada-V-II-588x700.jpg" alt="" class="wp-image-601" srcset="https://blogs.ugr.es/justicirculecon/wp-content/uploads/sites/149/2024/05/portada-V-II-588x700.jpg 588w, https://blogs.ugr.es/justicirculecon/wp-content/uploads/sites/149/2024/05/portada-V-II-252x300.jpg 252w, https://blogs.ugr.es/justicirculecon/wp-content/uploads/sites/149/2024/05/portada-V-II.jpg 672w" sizes="auto, (max-width: 588px) 100vw, 588px" /></a></figure>
</div>



<div class="wp-block-column is-layout-flow wp-block-column-is-layout-flow"></div>
</div>

<p>A fin de poder ofrecer a la comunidad académica y a la sociedad en general, un espacio de difusión de las novedades jurídicas más relevantes y relacionadas con nuestro proyecto de investigación «Análisis y Propuestas para una transición justa a la economía circular: impacto sobre las empresas y las personas trabajadoras», hemos creado esta sección, [&hellip;]</p>
