{"id":138,"date":"2018-05-25T12:26:00","date_gmt":"2018-05-25T10:26:00","guid":{"rendered":"https:\/\/blogs.ugr.es\/memolab\/?page_id=138"},"modified":"2022-02-28T11:34:00","modified_gmt":"2022-02-28T10:34:00","slug":"investigacion","status":"publish","type":"page","link":"https:\/\/blogs.ugr.es\/memolab\/investigacion\/","title":{"rendered":"Investigaci\u00f3n"},"content":{"rendered":"<p><b>Principales L\u00edneas de Investigaci\u00f3n<\/b><\/p>\n<ul>\n<li>Arqueolog\u00eda de al-Andalus.<\/li>\n<li style=\"list-style-type: none\">\n<ul>\n<li>Arqueolog\u00eda del Paisaje. An\u00e1lisis de paisajes hist\u00f3ricos, con especial incidencia en el \u00e1mbito de los sistemas hidr\u00e1ulicos, gesti\u00f3n de los recursos naturales y la transformaci\u00f3n del territorio.<\/li>\n<\/ul>\n<\/li>\n<li style=\"list-style-type: none\">\n<ul>\n<li>Arqueolog\u00eda Minera. Especialmente centrada en la cara norte de Sierra Nevada.<\/li>\n<\/ul>\n<\/li>\n<li style=\"list-style-type: none\">\n<ul>\n<li>Arqueolog\u00eda de la Arquitectura. Con especial incidencia en la documentaci\u00f3n y an\u00e1lisis de t\u00e9cnicas de construcci\u00f3n medievales.<\/li>\n<\/ul>\n<\/li>\n<li>Arqueolog\u00eda Cl\u00e1sica y Tardoantigua en Andaluc\u00eda.<\/li>\n<li style=\"list-style-type: none\">\n<ul>\n<li>An\u00e1lisis de poblamiento y producciones cer\u00e1micas.<\/li>\n<\/ul>\n<\/li>\n<li style=\"list-style-type: none\">\n<ul>\n<li>Or\u00edgenes del cristianismo antiguo en Andaluc\u00eda y sus primeras manifestaciones art\u00edsticas y culturales. Fundamentalmente, analizando el fen\u00f3meno de las placas decoradas tardoantiguas.<\/li>\n<\/ul>\n<\/li>\n<li>Inform\u00e1tica aplicada a la investigaci\u00f3n en Arqueolog\u00eda y Patrimonio. Elaboraci\u00f3n de bases de datos en l\u00ednea, Sistemas de Informaci\u00f3n Geogr\u00e1fica, Desarrollo de plataformas web y otras soluciones TIC para la investigaci\u00f3n, en tem\u00e1ticas relacionadas con el patrimonio cultural, hist\u00f3rico y art\u00edstico.<\/li>\n<li>Arqueolog\u00eda participativa, participaci\u00f3n social en la gesti\u00f3n del patrimonio.<\/li>\n<li>Difusi\u00f3n y Educaci\u00f3n en el \u00e1mbito de la Arqueolog\u00eda. Musealizaci\u00f3n y actividades de divulgaci\u00f3n y comunicaci\u00f3n del patrimonio, as\u00ed como la elaboraci\u00f3n de recursos educativos y productos audiovisuales.<\/li>\n<li>Antropolog\u00eda y Etnolog\u00eda, con especial atenci\u00f3n a los paisajes hist\u00f3ricos, el patrimonio inmaterial y etnol\u00f3gico, los sistemas de riego tradicionales, la gesti\u00f3n comunitaria de recursos naturales, la acci\u00f3n colectiva y los conflictos socioambientales.<\/li>\n<li>Historia de las relaciones entre Espa\u00f1a y Am\u00e9rica, con atenci\u00f3n principal a la Historia y Etnograf\u00eda de M\u00e9xico.<\/li>\n<\/ul>\n","protected":false},"excerpt":{"rendered":"<p>Principales L\u00edneas de Investigaci\u00f3n Arqueolog\u00eda de al-Andalus. Arqueolog\u00eda del Paisaje. An\u00e1lisis de paisajes hist\u00f3ricos, con especial incidencia en el \u00e1mbito de los sistemas hidr\u00e1ulicos, gesti\u00f3n de los recursos naturales y la transformaci\u00f3n del territorio. Arqueolog\u00eda Minera. Especialmente centrada en la cara norte de Sierra Nevada. Arqueolog\u00eda de la Arquitectura. Con especial incidencia en la documentaci\u00f3n [&hellip;]<\/p>\n","protected":false},"author":55,"featured_media":0,"parent":0,"menu_order":2,"comment_status":"closed","ping_status":"closed","template":"","meta":{"_genesis_hide_title":false,"_genesis_hide_breadcrumbs":false,"_genesis_hide_singular_image":false,"_genesis_hide_footer_widgets":false,"_genesis_custom_body_class":"","_genesis_custom_post_class":"","_genesis_layout":"","footnotes":""},"categories":[],"tags":[],"class_list":{"0":"post-138","1":"page","2":"type-page","3":"status-publish","5":"entry"},"_links":{"self":[{"href":"https:\/\/blogs.ugr.es\/memolab\/wp-json\/wp\/v2\/pages\/138","targetHints":{"allow":["GET"]}}],"collection":[{"href":"https:\/\/blogs.ugr.es\/memolab\/wp-json\/wp\/v2\/pages"}],"about":[{"href":"https:\/\/blogs.ugr.es\/memolab\/wp-json\/wp\/v2\/types\/page"}],"author":[{"embeddable":true,"href":"https:\/\/blogs.ugr.es\/memolab\/wp-json\/wp\/v2\/users\/55"}],"replies":[{"embeddable":true,"href":"https:\/\/blogs.ugr.es\/memolab\/wp-json\/wp\/v2\/comments?post=138"}],"version-history":[{"count":3,"href":"https:\/\/blogs.ugr.es\/memolab\/wp-json\/wp\/v2\/pages\/138\/revisions"}],"predecessor-version":[{"id":188,"href":"https:\/\/blogs.ugr.es\/memolab\/wp-json\/wp\/v2\/pages\/138\/revisions\/188"}],"wp:attachment":[{"href":"https:\/\/blogs.ugr.es\/memolab\/wp-json\/wp\/v2\/media?parent=138"}],"wp:term":[{"taxonomy":"category","embeddable":true,"href":"https:\/\/blogs.ugr.es\/memolab\/wp-json\/wp\/v2\/categories?post=138"},{"taxonomy":"post_tag","embeddable":true,"href":"https:\/\/blogs.ugr.es\/memolab\/wp-json\/wp\/v2\/tags?post=138"}],"curies":[{"name":"wp","href":"https:\/\/api.w.org\/{rel}","templated":true}]}}

Investigación

<p><b>Principales Líneas de Investigación</b></p>
<ul>
<li>Arqueología de al-Andalus.</li>
<li style="list-style-type: none">
<ul>
<li>Arqueología del Paisaje. Análisis de paisajes históricos, con especial incidencia en el ámbito de los sistemas hidráulicos, gestión de los recursos naturales y la transformación del territorio.</li>
</ul>
</li>
<li style="list-style-type: none">
<ul>
<li>Arqueología Minera. Especialmente centrada en la cara norte de Sierra Nevada.</li>
</ul>
</li>
<li style="list-style-type: none">
<ul>
<li>Arqueología de la Arquitectura. Con especial incidencia en la documentación y análisis de técnicas de construcción medievales.</li>
</ul>
</li>
<li>Arqueología Clásica y Tardoantigua en Andalucía.</li>
<li style="list-style-type: none">
<ul>
<li>Análisis de poblamiento y producciones cerámicas.</li>
</ul>
</li>
<li style="list-style-type: none">
<ul>
<li>Orígenes del cristianismo antiguo en Andalucía y sus primeras manifestaciones artísticas y culturales. Fundamentalmente, analizando el fenómeno de las placas decoradas tardoantiguas.</li>
</ul>
</li>
<li>Informática aplicada a la investigación en Arqueología y Patrimonio. Elaboración de bases de datos en línea, Sistemas de Información Geográfica, Desarrollo de plataformas web y otras soluciones TIC para la investigación, en temáticas relacionadas con el patrimonio cultural, histórico y artístico.</li>
<li>Arqueología participativa, participación social en la gestión del patrimonio.</li>
<li>Difusión y Educación en el ámbito de la Arqueología. Musealización y actividades de divulgación y comunicación del patrimonio, así como la elaboración de recursos educativos y productos audiovisuales.</li>
<li>Antropología y Etnología, con especial atención a los paisajes históricos, el patrimonio inmaterial y etnológico, los sistemas de riego tradicionales, la gestión comunitaria de recursos naturales, la acción colectiva y los conflictos socioambientales.</li>
<li>Historia de las relaciones entre España y América, con atención principal a la Historia y Etnografía de México.</li>
</ul>

<p>Principales Líneas de Investigación Arqueología de al-Andalus. Arqueología del Paisaje. Análisis de paisajes históricos, con especial incidencia en el ámbito de los sistemas hidráulicos, gestión de los recursos naturales y la transformación del territorio. Arqueología Minera. Especialmente centrada en la cara norte de Sierra Nevada. Arqueología de la Arquitectura. Con especial incidencia en la documentación [&hellip;]</p>
