{"id":1392,"date":"2023-07-14T19:24:54","date_gmt":"2023-07-14T17:24:54","guid":{"rendered":"https:\/\/blogs.ugr.es\/memolab\/?page_id=1392"},"modified":"2024-02-12T11:25:11","modified_gmt":"2024-02-12T10:25:11","slug":"villa-romana-de-salar-salar-granada","status":"publish","type":"page","link":"https:\/\/blogs.ugr.es\/memolab\/villa-romana-de-salar-salar-granada\/","title":{"rendered":"VILLA ROMANA DE SALAR (SALAR, GRANADA)"},"content":{"rendered":"<p>La villa romana de Salar se presenta, actualmente, como uno de los m\u00e1s importantes hallazgos recientes de \u00e9poca romana en toda la Pen\u00ednsula Ib\u00e9rica. La buena conservaci\u00f3n de sus estructuras, y la espectacularidad de las mismas (destacando, entre todas, sus mosaicos pol\u00edcromos figurados) sit\u00faan a \u00e9sta entre las mejores villas romanas de toda Hispania, y parangonable con cualquiera de las que inundaron todo el imperio romano. El escaso porcentaje de sus dimensiones totales hasta ahora excavado, y sus elementos constructivos de gran singularidad, e incluso, exclusivos de \u00e9sta (y eso quiere decir, no identificados en todo el mundo romano hasta hoy d\u00eda), hacen de la villa romana de Salar un conjunto monumental con un enorme potencial arqueol\u00f3gico e hist\u00f3rico.<\/p>\n<p><!--more--><\/p>\n<p>Con una ocupaci\u00f3n que abarca entre los siglos I al VII dC., se ha excavado un amplio sector de la <em>pars urbana<\/em> de la villa, de la que destacan el amplio triclinio con ninfeo en su cabecera, o los excepcionales mosaicos de cacer\u00eda (ambulacro occidental) y de tem\u00e1tica marina (ambulacro oriental) que rodean al peristilo. Asimismo, se ha excavado otro edificio monumental, de \u00e9poca tardoantigua (mediados del siglo V a mediados del VI), que amortiza estructuras de la <em>pars rustica<\/em> de la villa tardorromana.<\/p>\n<figure id=\"attachment_1252\" aria-describedby=\"caption-attachment-1252\" style=\"width: 311px\" class=\"wp-caption alignleft\"><img loading=\"lazy\" decoding=\"async\" class=\"wp-image-1252\" src=\"https:\/\/blogs.ugr.es\/memolab\/wp-content\/uploads\/sites\/41\/2023\/06\/SALAR-2-300x190.jpg\" alt=\"\" width=\"311\" height=\"197\" srcset=\"https:\/\/blogs.ugr.es\/memolab\/wp-content\/uploads\/sites\/41\/2023\/06\/SALAR-2-300x190.jpg 300w, https:\/\/blogs.ugr.es\/memolab\/wp-content\/uploads\/sites\/41\/2023\/06\/SALAR-2.jpg 512w\" sizes=\"auto, (max-width: 311px) 100vw, 311px\" \/><figcaption id=\"caption-attachment-1252\" class=\"wp-caption-text\">Mosaico geom\u00e9trico del triclinio.<\/figcaption><\/figure>\n<div><\/div>\n<div style=\"padding-left: 360px\">\n<figure id=\"attachment_1255\" aria-describedby=\"caption-attachment-1255\" style=\"width: 318px\" class=\"wp-caption alignleft\"><img loading=\"lazy\" decoding=\"async\" class=\"wp-image-1255\" src=\"https:\/\/blogs.ugr.es\/memolab\/wp-content\/uploads\/sites\/41\/2023\/06\/VILLA-300x188.jpg\" alt=\"\" width=\"318\" height=\"199\" srcset=\"https:\/\/blogs.ugr.es\/memolab\/wp-content\/uploads\/sites\/41\/2023\/06\/VILLA-300x188.jpg 300w, https:\/\/blogs.ugr.es\/memolab\/wp-content\/uploads\/sites\/41\/2023\/06\/VILLA-700x438.jpg 700w, https:\/\/blogs.ugr.es\/memolab\/wp-content\/uploads\/sites\/41\/2023\/06\/VILLA.jpg 800w\" sizes=\"auto, (max-width: 318px) 100vw, 318px\" \/><figcaption id=\"caption-attachment-1255\" class=\"wp-caption-text\">Escenas de caza ubicadas en el ambulacro occidental.<\/figcaption><\/figure>\n<\/div>\n<p>Por otro lado, desde el punto de vista social y cultural, la decidida apuesta del Ayuntamiento de Salar por la investigaci\u00f3n, conservaci\u00f3n, musealizaci\u00f3n y difusi\u00f3n de este bien patrimonial, ha tenido unas r\u00e1pidas consecuencias para este peque\u00f1o y otrora desconocido municipio: en solo 6 a\u00f1os, lo ha situado como referente, no solo a nivel comarcal y provincial, sino tambi\u00e9n regional, de buenas pr\u00e1cticas con el patrimonio, y un claro ejemplo de c\u00f3mo la inversi\u00f3n en dicho patrimonio revierte, a corto plazo y multiplicado, en la localidad que lo protagoniza, tanto a nivel econ\u00f3mico, como social y cultural.<\/p>\n<figure id=\"attachment_1253\" aria-describedby=\"caption-attachment-1253\" style=\"width: 157px\" class=\"wp-caption alignleft\"><img loading=\"lazy\" decoding=\"async\" class=\"wp-image-1253\" src=\"https:\/\/blogs.ugr.es\/memolab\/wp-content\/uploads\/sites\/41\/2023\/06\/SALAR-3-159x300.jpg\" alt=\"\" width=\"157\" height=\"296\" srcset=\"https:\/\/blogs.ugr.es\/memolab\/wp-content\/uploads\/sites\/41\/2023\/06\/SALAR-3-159x300.jpg 159w, https:\/\/blogs.ugr.es\/memolab\/wp-content\/uploads\/sites\/41\/2023\/06\/SALAR-3.jpg 272w\" sizes=\"auto, (max-width: 157px) 100vw, 157px\" \/><figcaption id=\"caption-attachment-1253\" class=\"wp-caption-text\">Venus P\u00fadica, de tipo capitolino, aparecida en la campa\u00f1a 2018.<\/figcaption><\/figure>\n<p>&nbsp;<\/p>\n<div><\/div>\n<div><\/div>\n<div><\/div>\n<div><\/div>\n<div><\/div>\n<div><\/div>\n<div><\/div>\n<div><\/div>\n<div><\/div>\n<div><\/div>\n<div><\/div>\n<div><\/div>\n<div><\/div>\n<div><\/div>\n<div><\/div>\n<div><\/div>\n<div><\/div>\n<div>Web y redes sociales:<\/div>\n<div><a href=\"https:\/\/www.facebook.com\/pgivillaromanadesalar\">https:\/\/www.facebook.com\/pgivillaromanadesalar<\/a><\/div>\n<div><a href=\"https:\/\/turismosalar.com\">https:\/\/turismosalar.com<\/a><\/div>\n<div><a href=\"https:\/\/villaromanasalar3D.com\">https:\/\/villaromanasalar3D.com<\/a><\/div>\n<div><a href=\"https:\/\/www.facebook.com\/villaromanasalar\">https:\/\/www.facebook.com\/villaromanasalar<\/a><\/div>\n<div><a href=\"https:\/\/www.instagram.com\/villaromanasalar\/\">https:\/\/www.instagram.com\/villaromanasalar\/<\/a><\/div>\n<div><\/div>\n","protected":false},"excerpt":{"rendered":"<p>La villa romana de Salar se presenta, actualmente, como uno de los m\u00e1s importantes hallazgos recientes de \u00e9poca romana en toda la Pen\u00ednsula Ib\u00e9rica. La buena conservaci\u00f3n de sus estructuras, y la espectacularidad de las mismas (destacando, entre todas, sus mosaicos pol\u00edcromos figurados) sit\u00faan a \u00e9sta entre las mejores villas romanas de toda Hispania, y [&hellip;]<\/p>\n","protected":false},"author":55,"featured_media":0,"parent":0,"menu_order":0,"comment_status":"closed","ping_status":"closed","template":"","meta":{"_genesis_hide_title":false,"_genesis_hide_breadcrumbs":false,"_genesis_hide_singular_image":false,"_genesis_hide_footer_widgets":false,"_genesis_custom_body_class":"","_genesis_custom_post_class":"","_genesis_layout":"","footnotes":""},"categories":[17,16],"tags":[21],"class_list":{"0":"post-1392","1":"page","2":"type-page","3":"status-publish","5":"category-excavacion","6":"category-intervenciones-arqueologicas","7":"tag-villa-romana-de-salar","8":"entry"},"_links":{"self":[{"href":"https:\/\/blogs.ugr.es\/memolab\/wp-json\/wp\/v2\/pages\/1392","targetHints":{"allow":["GET"]}}],"collection":[{"href":"https:\/\/blogs.ugr.es\/memolab\/wp-json\/wp\/v2\/pages"}],"about":[{"href":"https:\/\/blogs.ugr.es\/memolab\/wp-json\/wp\/v2\/types\/page"}],"author":[{"embeddable":true,"href":"https:\/\/blogs.ugr.es\/memolab\/wp-json\/wp\/v2\/users\/55"}],"replies":[{"embeddable":true,"href":"https:\/\/blogs.ugr.es\/memolab\/wp-json\/wp\/v2\/comments?post=1392"}],"version-history":[{"count":1,"href":"https:\/\/blogs.ugr.es\/memolab\/wp-json\/wp\/v2\/pages\/1392\/revisions"}],"predecessor-version":[{"id":1393,"href":"https:\/\/blogs.ugr.es\/memolab\/wp-json\/wp\/v2\/pages\/1392\/revisions\/1393"}],"wp:attachment":[{"href":"https:\/\/blogs.ugr.es\/memolab\/wp-json\/wp\/v2\/media?parent=1392"}],"wp:term":[{"taxonomy":"category","embeddable":true,"href":"https:\/\/blogs.ugr.es\/memolab\/wp-json\/wp\/v2\/categories?post=1392"},{"taxonomy":"post_tag","embeddable":true,"href":"https:\/\/blogs.ugr.es\/memolab\/wp-json\/wp\/v2\/tags?post=1392"}],"curies":[{"name":"wp","href":"https:\/\/api.w.org\/{rel}","templated":true}]}}