{"id":149,"date":"2018-05-25T12:40:53","date_gmt":"2018-05-25T10:40:53","guid":{"rendered":"https:\/\/blogs.ugr.es\/memolab\/?page_id=149"},"modified":"2022-03-01T19:20:25","modified_gmt":"2022-03-01T18:20:25","slug":"tesis-doctorales","status":"publish","type":"page","link":"https:\/\/blogs.ugr.es\/memolab\/investigacion\/tesis-doctorales\/","title":{"rendered":"Tesis doctorales"},"content":{"rendered":"<ul>\n<li>Jorge Rouco Collazo.<em> Las fortificaciones medievales de la Alpujarra Alta desde la Arqueolog\u00eda de la Arquitectura y del Paisaje.<\/em> Granada, julio 2021. <a href=\"http:\/\/hdl.handle.net\/10481\/71115\">http:\/\/hdl.handle.net\/10481\/71115<\/a><\/li>\n<li>Jos\u00e9 A. Benavides L\u00f3pez. <i>Nuevas tecnolog\u00edas en la documentaci\u00f3n del patrimonio: La alcazaba de Guadix- El castillo de P\u00ed\u00f1ar<\/i>. Granada, junio 2017. \u00a0<a href=\"http:\/\/hdl.handle.net\/10481\/47477\">http:\/\/hdl.handle.net\/10481\/47477<\/a><\/li>\n<li>J. Fracisco Ruiz Ruiz, Gesti\u00f3n del agua y resiliencia en los sistemas de riego tradicionales. Una comparativa socio-ecol\u00f3gica entre los agroecosistemas del sureste espa\u00f1ol y los de M\u00e9xico central. Universidad de Granada, Granada. 2017. <a href=\"http:\/\/hdl.handle.net\/10481\/48070\">http:\/\/hdl.handle.net\/10481\/48070<\/a><\/li>\n<li>Lara Delgado An\u00e9s. Gesti\u00f3n, comunicaci\u00f3n y participaci\u00f3n social en los paisajes culturales de Andaluc\u00eda. El caso del proyecto MEMOLA. Universidad de Granada, Granada, 2017. <a href=\"http:\/\/hdl.handle.net\/10481\/47164\">http:\/\/hdl.handle.net\/10481\/47164<\/a><\/li>\n<li>M\u00e9rida Ram\u00edrez Burgos. El sistema de informaci\u00f3n geogr\u00e1fica del patrimonio hist\u00f3rico, art\u00edstico y arqueol\u00f3gico de la ciudad de Guadix (Granada). Universidad de Granada, Granada, 2017. <a href=\"http:\/\/hdl.handle.net\/10481\/46334\">http:\/\/hdl.handle.net\/10481\/46334<\/a><\/li>\n<\/ul>\n","protected":false},"excerpt":{"rendered":"<p>Jorge Rouco Collazo. Las fortificaciones medievales de la Alpujarra Alta desde la Arqueolog\u00eda de la Arquitectura y del Paisaje. Granada, julio 2021. http:\/\/hdl.handle.net\/10481\/71115 Jos\u00e9 A. Benavides L\u00f3pez. Nuevas tecnolog\u00edas en la documentaci\u00f3n del patrimonio: La alcazaba de Guadix- El castillo de P\u00ed\u00f1ar. Granada, junio 2017. \u00a0http:\/\/hdl.handle.net\/10481\/47477 J. Fracisco Ruiz Ruiz, Gesti\u00f3n del agua y resiliencia [&hellip;]<\/p>\n","protected":false},"author":55,"featured_media":0,"parent":138,"menu_order":5,"comment_status":"closed","ping_status":"closed","template":"","meta":{"_genesis_hide_title":false,"_genesis_hide_breadcrumbs":false,"_genesis_hide_singular_image":false,"_genesis_hide_footer_widgets":false,"_genesis_custom_body_class":"","_genesis_custom_post_class":"","_genesis_layout":"","footnotes":""},"categories":[],"tags":[],"class_list":{"0":"post-149","1":"page","2":"type-page","3":"status-publish","5":"entry"},"_links":{"self":[{"href":"https:\/\/blogs.ugr.es\/memolab\/wp-json\/wp\/v2\/pages\/149","targetHints":{"allow":["GET"]}}],"collection":[{"href":"https:\/\/blogs.ugr.es\/memolab\/wp-json\/wp\/v2\/pages"}],"about":[{"href":"https:\/\/blogs.ugr.es\/memolab\/wp-json\/wp\/v2\/types\/page"}],"author":[{"embeddable":true,"href":"https:\/\/blogs.ugr.es\/memolab\/wp-json\/wp\/v2\/users\/55"}],"replies":[{"embeddable":true,"href":"https:\/\/blogs.ugr.es\/memolab\/wp-json\/wp\/v2\/comments?post=149"}],"version-history":[{"count":3,"href":"https:\/\/blogs.ugr.es\/memolab\/wp-json\/wp\/v2\/pages\/149\/revisions"}],"predecessor-version":[{"id":901,"href":"https:\/\/blogs.ugr.es\/memolab\/wp-json\/wp\/v2\/pages\/149\/revisions\/901"}],"up":[{"embeddable":true,"href":"https:\/\/blogs.ugr.es\/memolab\/wp-json\/wp\/v2\/pages\/138"}],"wp:attachment":[{"href":"https:\/\/blogs.ugr.es\/memolab\/wp-json\/wp\/v2\/media?parent=149"}],"wp:term":[{"taxonomy":"category","embeddable":true,"href":"https:\/\/blogs.ugr.es\/memolab\/wp-json\/wp\/v2\/categories?post=149"},{"taxonomy":"post_tag","embeddable":true,"href":"https:\/\/blogs.ugr.es\/memolab\/wp-json\/wp\/v2\/tags?post=149"}],"curies":[{"name":"wp","href":"https:\/\/api.w.org\/{rel}","templated":true}]}}

<ul>
<li>Jorge Rouco Collazo.<em> Las fortificaciones medievales de la Alpujarra Alta desde la Arqueología de la Arquitectura y del Paisaje.</em> Granada, julio 2021. <a href="http://hdl.handle.net/10481/71115">http://hdl.handle.net/10481/71115</a></li>
<li>José A. Benavides López. <i>Nuevas tecnologías en la documentación del patrimonio: La alcazaba de Guadix- El castillo de Píñar</i>. Granada, junio 2017.  <a href="http://hdl.handle.net/10481/47477">http://hdl.handle.net/10481/47477</a></li>
<li>J. Fracisco Ruiz Ruiz, Gestión del agua y resiliencia en los sistemas de riego tradicionales. Una comparativa socio-ecológica entre los agroecosistemas del sureste español y los de México central. Universidad de Granada, Granada. 2017. <a href="http://hdl.handle.net/10481/48070">http://hdl.handle.net/10481/48070</a></li>
<li>Lara Delgado Anés. Gestión, comunicación y participación social en los paisajes culturales de Andalucía. El caso del proyecto MEMOLA. Universidad de Granada, Granada, 2017. <a href="http://hdl.handle.net/10481/47164">http://hdl.handle.net/10481/47164</a></li>
<li>Mérida Ramírez Burgos. El sistema de información geográfica del patrimonio histórico, artístico y arqueológico de la ciudad de Guadix (Granada). Universidad de Granada, Granada, 2017. <a href="http://hdl.handle.net/10481/46334">http://hdl.handle.net/10481/46334</a></li>
</ul>

<p>Jorge Rouco Collazo. Las fortificaciones medievales de la Alpujarra Alta desde la Arqueología de la Arquitectura y del Paisaje. Granada, julio 2021. http://hdl.handle.net/10481/71115 José A. Benavides López. Nuevas tecnologías en la documentación del patrimonio: La alcazaba de Guadix- El castillo de Píñar. Granada, junio 2017.  http://hdl.handle.net/10481/47477 J. Fracisco Ruiz Ruiz, Gestión del agua y resiliencia [&hellip;]</p>
