{"id":195,"date":"2018-05-28T16:49:51","date_gmt":"2018-05-28T14:49:51","guid":{"rendered":"https:\/\/blogs.ugr.es\/memolab\/?page_id=195"},"modified":"2022-03-09T11:34:49","modified_gmt":"2022-03-09T10:34:49","slug":"premios-y-reconocimientos","status":"publish","type":"page","link":"https:\/\/blogs.ugr.es\/memolab\/investigacion\/premios-y-reconocimientos\/","title":{"rendered":"Premios y reconocimientos"},"content":{"rendered":"<ul>\n<li>TOSCANO, M.; BOCANEGRA BARBECHO, L., ROS, S., y GONZ\u00c1LEZ-BLANCO, E.. Premio al mejor p\u00f3ster en la conferencia DARIAH2020 (Zagreb): Insights on scholarly primitives from Digital Humanities research in Spain. Scholarly Primitives &#8211; DARIAH Annual Event 2020, Zagreb, Croatia. 2020. <a href=\"https:\/\/doi.org\/10.5281\/zenodo.4256689\" target=\"_blank\" rel=\"noopener\" data-saferedirecturl=\"https:\/\/www.google.com\/url?q=https:\/\/doi.org\/10.5281\/zenodo.4256689&amp;source=gmail&amp;ust=1646908084542000&amp;usg=AOvVaw2LbhrDw8UYfTUFYAtGLApB\">https:\/\/doi.org\/10.5281\/zenodo.4256689<\/a><\/li>\n<li>DELGADO AN\u00c9S, L.; TOSCANO, M. y MART\u00cdN CIVANTOS, J. M\u00aa. \u00a0Premio UGR-Caja Rural Granada a la Excelencia Acad\u00e9mica, en la categor\u00eda, \u201cComunicaci\u00f3n e Innovaci\u00f3n\u201d, por el trabajo realizado en el MEMOLA FP7 Project.<\/li>\n<li>MART\u00cdN CIVANTOS, J. M\u00aa. Premio de la Asociaci\u00f3n ADEPA (Asociaci\u00f3n para la Defensa y Promoci\u00f3n del Patrimonio Cultural y Natural de Guadix y de su Comarca), por su compromiso con la defensa del Patrimonio Hist\u00f3rico y Cultural de Guadix y su comarca. I Gala Ben\u00e9fica por el Patrimonio de Guadix, 14 de Abril, 2018.<\/li>\n<li>MEMOLA. Primer Premio, Viriato de Oro, del III Festival de Cine Arqueol\u00f3gico de Castilla y Le\u00f3n, en la categor\u00eda de \u201cCortometraje\u201d, con el corto \u201cProyecto MEMOLA -La recuperaci\u00f3n de la acequia de Barjas\u201d. Organizado por la Asociaci\u00f3n Zamora Prohohist\u00f3rica, 2018.<\/li>\n<li>ROMERO PELLITERO, P. Primer premio del \u201cI Concurso de Fotograf\u00eda Arqueol\u00f3gica \u2013 Digitalizando la materialidad\u201d. Organizado por Parque de las Ciencias Andaluc\u00eda\u2013Granada y Universidad de Granada, 2017.<\/li>\n<li>Proyecto MEMOLA. Premio Hispania Nostra 2015 \u00abmenci\u00f3n especial a la intervenci\u00f3n en el territorio\u00bb por la recuperaci\u00f3n de la acequia medieval de Barjas (C\u00e1\u00f1ar, Granada).<\/li>\n<li>Proyecto MEMOLA. Seleccionado por el Comit\u00e9 Cient\u00edfico Europeo de Humanidades como uno de los <a href=\"http:\/\/scieur.org\/radical\">cinco proyectos m\u00e1s innovadores<\/a> en el \u00e1rea de la investigaci\u00f3n en Humanidades. Diciembre, 2015.<\/li>\n<li>MART\u00cdN CIVANTOS, J. M\u00aa. CEI-Biotic University of Granada International Campus Excellence Research Prize, 2014.<\/li>\n<\/ul>\n","protected":false},"excerpt":{"rendered":"<p>TOSCANO, M.; BOCANEGRA BARBECHO, L., ROS, S., y GONZ\u00c1LEZ-BLANCO, E.. Premio al mejor p\u00f3ster en la conferencia DARIAH2020 (Zagreb): Insights on scholarly primitives from Digital Humanities research in Spain. Scholarly Primitives &#8211; DARIAH Annual Event 2020, Zagreb, Croatia. 2020. https:\/\/doi.org\/10.5281\/zenodo.4256689 DELGADO AN\u00c9S, L.; TOSCANO, M. y MART\u00cdN CIVANTOS, J. M\u00aa. \u00a0Premio UGR-Caja Rural Granada a [&hellip;]<\/p>\n","protected":false},"author":55,"featured_media":0,"parent":138,"menu_order":10,"comment_status":"closed","ping_status":"closed","template":"","meta":{"_genesis_hide_title":false,"_genesis_hide_breadcrumbs":false,"_genesis_hide_singular_image":false,"_genesis_hide_footer_widgets":false,"_genesis_custom_body_class":"","_genesis_custom_post_class":"","_genesis_layout":"","footnotes":""},"categories":[],"tags":[],"class_list":{"0":"post-195","1":"page","2":"type-page","3":"status-publish","5":"entry"},"_links":{"self":[{"href":"https:\/\/blogs.ugr.es\/memolab\/wp-json\/wp\/v2\/pages\/195","targetHints":{"allow":["GET"]}}],"collection":[{"href":"https:\/\/blogs.ugr.es\/memolab\/wp-json\/wp\/v2\/pages"}],"about":[{"href":"https:\/\/blogs.ugr.es\/memolab\/wp-json\/wp\/v2\/types\/page"}],"author":[{"embeddable":true,"href":"https:\/\/blogs.ugr.es\/memolab\/wp-json\/wp\/v2\/users\/55"}],"replies":[{"embeddable":true,"href":"https:\/\/blogs.ugr.es\/memolab\/wp-json\/wp\/v2\/comments?post=195"}],"version-history":[{"count":3,"href":"https:\/\/blogs.ugr.es\/memolab\/wp-json\/wp\/v2\/pages\/195\/revisions"}],"predecessor-version":[{"id":939,"href":"https:\/\/blogs.ugr.es\/memolab\/wp-json\/wp\/v2\/pages\/195\/revisions\/939"}],"up":[{"embeddable":true,"href":"https:\/\/blogs.ugr.es\/memolab\/wp-json\/wp\/v2\/pages\/138"}],"wp:attachment":[{"href":"https:\/\/blogs.ugr.es\/memolab\/wp-json\/wp\/v2\/media?parent=195"}],"wp:term":[{"taxonomy":"category","embeddable":true,"href":"https:\/\/blogs.ugr.es\/memolab\/wp-json\/wp\/v2\/categories?post=195"},{"taxonomy":"post_tag","embeddable":true,"href":"https:\/\/blogs.ugr.es\/memolab\/wp-json\/wp\/v2\/tags?post=195"}],"curies":[{"name":"wp","href":"https:\/\/api.w.org\/{rel}","templated":true}]}}