{"id":216,"date":"2022-07-11T21:22:07","date_gmt":"2022-07-11T19:22:07","guid":{"rendered":"https:\/\/blogs.ugr.es\/migra-cin-es\/?page_id=216"},"modified":"2024-02-08T13:24:06","modified_gmt":"2024-02-08T12:24:06","slug":"biblioteca","status":"publish","type":"page","link":"https:\/\/blogs.ugr.es\/migra-cin-es\/biblioteca\/","title":{"rendered":"Biblioteca"},"content":{"rendered":"<p><span style=\"color: #cc2c30\"><a style=\"color: #cc2c30\" href=\"https:\/\/blogs.ugr.es\/migra-cin-es\/articulos-revista\/\">Art\u00edculos de revista<\/a><\/span><\/p>\n<p><span style=\"color: #cc2c30\"><a style=\"color: #cc2c30\" href=\"https:\/\/blogs.ugr.es\/migra-cin-es\/capitulos-libros\/\">Cap\u00edtulos de libros<\/a><\/span><\/p>\n<p><span style=\"color: #cc2c30\"><a style=\"color: #cc2c30\" href=\"https:\/\/blogs.ugr.es\/migra-cin-es\/monografias\/\">Libros<\/a><\/span><\/p>\n<p><span style=\"color: #cc2c30\"><a style=\"color: #cc2c30\" href=\"https:\/\/blogs.ugr.es\/migra-cin-es\/biblioteca\/tesis\/\">Tesis<\/a><\/span><\/p>\n<p><span style=\"color: #cc2c30\"><a style=\"color: #cc2c30\" href=\"https:\/\/blogs.ugr.es\/migra-cin-es\/reuniones-academicas\/\">Reuniones acad\u00e9micas<\/a><\/span><\/p>\n","protected":false},"excerpt":{"rendered":"<p>Art\u00edculos de revista Cap\u00edtulos de libros Libros Tesis Reuniones acad\u00e9micas<\/p>\n","protected":false},"author":20,"featured_media":0,"parent":0,"menu_order":0,"comment_status":"closed","ping_status":"closed","template":"","meta":{"_genesis_hide_title":false,"_genesis_hide_breadcrumbs":false,"_genesis_hide_singular_image":false,"_genesis_hide_footer_widgets":false,"_genesis_custom_body_class":"","_genesis_custom_post_class":"","_genesis_layout":"","footnotes":""},"categories":[],"tags":[],"class_list":{"0":"post-216","1":"page","2":"type-page","3":"status-publish","5":"entry"},"_links":{"self":[{"href":"https:\/\/blogs.ugr.es\/migra-cin-es\/wp-json\/wp\/v2\/pages\/216","targetHints":{"allow":["GET"]}}],"collection":[{"href":"https:\/\/blogs.ugr.es\/migra-cin-es\/wp-json\/wp\/v2\/pages"}],"about":[{"href":"https:\/\/blogs.ugr.es\/migra-cin-es\/wp-json\/wp\/v2\/types\/page"}],"author":[{"embeddable":true,"href":"https:\/\/blogs.ugr.es\/migra-cin-es\/wp-json\/wp\/v2\/users\/20"}],"replies":[{"embeddable":true,"href":"https:\/\/blogs.ugr.es\/migra-cin-es\/wp-json\/wp\/v2\/comments?post=216"}],"version-history":[{"count":3,"href":"https:\/\/blogs.ugr.es\/migra-cin-es\/wp-json\/wp\/v2\/pages\/216\/revisions"}],"predecessor-version":[{"id":959,"href":"https:\/\/blogs.ugr.es\/migra-cin-es\/wp-json\/wp\/v2\/pages\/216\/revisions\/959"}],"wp:attachment":[{"href":"https:\/\/blogs.ugr.es\/migra-cin-es\/wp-json\/wp\/v2\/media?parent=216"}],"wp:term":[{"taxonomy":"category","embeddable":true,"href":"https:\/\/blogs.ugr.es\/migra-cin-es\/wp-json\/wp\/v2\/categories?post=216"},{"taxonomy":"post_tag","embeddable":true,"href":"https:\/\/blogs.ugr.es\/migra-cin-es\/wp-json\/wp\/v2\/tags?post=216"}],"curies":[{"name":"wp","href":"https:\/\/api.w.org\/{rel}","templated":true}]}}