{"id":289,"date":"2022-07-11T21:48:24","date_gmt":"2022-07-11T19:48:24","guid":{"rendered":"https:\/\/blogs.ugr.es\/migra-cin-es\/?page_id=289"},"modified":"2022-10-17T19:16:43","modified_gmt":"2022-10-17T17:16:43","slug":"presentacion","status":"publish","type":"page","link":"https:\/\/blogs.ugr.es\/migra-cin-es\/presentacion\/","title":{"rendered":"Presentaci\u00f3n"},"content":{"rendered":"<p style=\"text-align: right;padding-left: 360px\"><em>\u201c[\u2026] la inmigraci\u00f3n ha estado en el punto de mira del cine casi desde sus inicios.Por eso, las posibilidades que ofrece la historia del cine para reflexionar sobre los movimientos humanos, sobre los flujos migratorios, son ampl\u00edsimas\u201d (Javier de Lucas, 2004)<\/em><\/p>\n<p>Est\u00e1 claro, al cine siempre le han interesado las migraciones como fen\u00f3meno a representar. Pero quiz\u00e1 sea m\u00e1s reciente que a los estudios de migraciones les interese c\u00f3mo se representa dicho fen\u00f3meno a trav\u00e9s de la ficci\u00f3n cinematogr\u00e1fica. Baste con decir ahora que la prestigiosa\u00a0<i><a href=\"https:\/\/onlinelibrary.wiley.com\/doi\/book\/10.1002\/9781444351071\">The Encyclopedia of Global Human Migration<\/a>\u00a0<\/i>(Ness, 2013) le dedicaba hasta catorce entradas a esta confluencia del estudio de las migraciones a trav\u00e9s del cine. Es con esta relevancia con la que cuenta la Organizaci\u00f3n Internacional de las Migraciones (OIM) para impulsar desde 2017 (en su primera edici\u00f3n) un\u00a0<a href=\"https:\/\/www.iom.int\/es\/global-migration-film-festival\">Festival Internacional de Cine sobre Migraciones<\/a>\u00a0(con proyecciones en todo el mundo). Lo que pretende la OIM con ello es promover una conciencia cr\u00edtica sobre el propio fen\u00f3meno: \u201cA trav\u00e9s de los a\u00f1os, las pel\u00edculas han sido han servido para informar, entretener, educar y generar debates\u201d. Es con este esp\u00edritu con el que lanz\u00f3 la OIM este Festival, como se puede leer en la Web del Festival.<\/p>\n<p>Pues bien, consciente de ello, desde hace tiempo hemos intentado promover una l\u00ednea de investigaci\u00f3n sobre cine y migraciones en el\u00a0<a href=\"https:\/\/migraciones.ugr.es\/\">Instituto de Migraciones<\/a>\u00a0de la\u00a0<a href=\"https:\/\/www.ugr.es\/\">Universidad de Granada<\/a>.\u00a0Despu\u00e9s de algunas aproximaciones (Abuladze, Esteban Bretones, &amp; Garc\u00eda Casta\u00f1o, 2012; Esteban Bretones, Abuladze, &amp; Garc\u00eda Casta\u00f1o, 2012 y Garc\u00eda Casta\u00f1o, Esteban Bretones &amp; Abuladze, 2012), tratamos de consolidar la iniciativa con una oferta anual de una asignatura de libre configuraci\u00f3n en la Facultad de Filosof\u00eda y Letras de la Universidad de Granada titulada \u201cCine y Migraciones\u201d \u2013se ofreci\u00f3 desde el curso 2010\/11 al 2015\/16\u2013. Luego impulsar\u00edamos varias actividades desde el Programa de Doctorado en Estudios Migratorios de la Universidad de Granada:<\/p>\n<ul>\n<li>Guido Ring (Anglia Ruskin University, Cambridge) en 2013 desarrollo un seminario sobre\u00a0<em>Mi familia<\/em>\u00a0(Nava, 1995) y en 2014 otro seminario sobre\u00a0<em>Quiero ser como Beckham<\/em>\u00a0(Chadha, 2002). en 2015 se le invit\u00f3 a presentar la ponencia\u00a0<em>Imagining a New Society? Cultural Boundaries and their Limits in Gregory Nava\u2019s Cinema<\/em>\u00a0en el VIII Congreso sobre Migraciones Internacionales en Espa\u00f1a celebrado en Granada.<\/li>\n<li>\u00c1ngel Luis Lara Rodr\u00edguez (State University of New York) desarrollo en 2016 el seminario\u00a0<em>Usos creativos de la ficci\u00f3n televisiva en la investigaci\u00f3n social: narrar las investigaciones, investigar las narraciones<\/em><\/li>\n<\/ul>\n<p>Finalmente, pudimos organizar un seminario sobre cine y migraciones con una nutrida participaci\u00f3n de especialistas y un gran compromiso del personal investigador del propio Programa de Doctorado. Fruto de este \u00faltimo seminario surgir\u00eda un libro titulado Cine y Migraciones que ver\u00e1 la luz en los pr\u00f3ximos meses en la\u00a0<a href=\"https:\/\/www.bellaterra.coop\/es\/colecciones\/migraciones\">Colecci\u00f3n de Estudios Migratorios de la editorial Bellaterra<\/a>. El retraso en su publicaci\u00f3n, cuando estaba ya casi todo concluido, fue motivado por la aparici\u00f3n de pandemia mundial motivada por el COVID-19 y alguna otra enfermedad de alguno de los editores.<\/p>\n<p>Esta l\u00ednea de investigaci\u00f3n comienza a consolidarse con la participaci\u00f3n reciente de varios miembros del Instituto de Migraciones en los Talleres\u00a0<a href=\"https:\/\/sites.google.com\/go.ugr.es\/gendermedialab\/inicio\">Filming Lab22<\/a>\u00a0que ha dirigido por la profesora Mar\u00eda \u00c1ngeles del Moral Garrido (Departamento de Antropolog\u00eda Social de la Universidad de Granada). El programa del taller dedicado a cine y migraciones se puede consultar en el siguiente\u00a0<a href=\"https:\/\/migraciones.ugr.es\/instituto\/noticias\/filming-lab-22\">enlace<\/a>.<\/p>\n<p>Finalmente, este conjunto de acciones se ha completado con una estancia de investigaci\u00f3n del Prof. F. Javier Garc\u00eda Casta\u00f1o (<a>&#102;&#106;&#x67;a&#114;&#x63;&#x69;a&#64;&#x75;&#x67;r&#46;&#x65;&#x73;<\/a>) en el\u00a0<a href=\"https:\/\/cervantesobservatorio.fas.harvard.edu\/en\">Observatory of the Spanish Language and Hispanic Cultures in the United States<\/a>\u00a0de la\u00a0<a href=\"https:\/\/www.fas.harvard.edu\/\">University of Harvard<\/a>. Dicha estancia se ha dedicada a los estudios sobre cine espa\u00f1ol de migraciones en USA y ha sido financiada por las Ayudas de Movilidad Estancias Senior (Salvador Madariaga 2021) del Ministerio de Educaci\u00f3n y Formaci\u00f3n Profesional del Gobierno e Espa\u00f1a. Gracias a esta estancia se ha podido construir est\u00e1 p\u00e1gina web.<\/p>\n","protected":false},"excerpt":{"rendered":"<p>\u201c[\u2026] la inmigraci\u00f3n ha estado en el punto de mira del cine casi desde sus inicios.Por eso, las posibilidades que ofrece la historia del cine para reflexionar sobre los movimientos humanos, sobre los flujos migratorios, son ampl\u00edsimas\u201d (Javier de Lucas, 2004) Est\u00e1 claro, al cine siempre le han interesado las migraciones como fen\u00f3meno a representar.&hellip; <a href=\"https:\/\/blogs.ugr.es\/migra-cin-es\/presentacion\/\" class=\"more-link\">Leer m\u00e1s <span class=\"screen-reader-text\">acerca de Presentaci\u00f3n<\/span><\/a><\/p>\n","protected":false},"author":20,"featured_media":0,"parent":0,"menu_order":0,"comment_status":"closed","ping_status":"closed","template":"","meta":{"_genesis_hide_title":false,"_genesis_hide_breadcrumbs":false,"_genesis_hide_singular_image":false,"_genesis_hide_footer_widgets":false,"_genesis_custom_body_class":"","_genesis_custom_post_class":"","_genesis_layout":"","footnotes":""},"categories":[],"tags":[],"class_list":{"0":"post-289","1":"page","2":"type-page","3":"status-publish","5":"entry"},"_links":{"self":[{"href":"https:\/\/blogs.ugr.es\/migra-cin-es\/wp-json\/wp\/v2\/pages\/289","targetHints":{"allow":["GET"]}}],"collection":[{"href":"https:\/\/blogs.ugr.es\/migra-cin-es\/wp-json\/wp\/v2\/pages"}],"about":[{"href":"https:\/\/blogs.ugr.es\/migra-cin-es\/wp-json\/wp\/v2\/types\/page"}],"author":[{"embeddable":true,"href":"https:\/\/blogs.ugr.es\/migra-cin-es\/wp-json\/wp\/v2\/users\/20"}],"replies":[{"embeddable":true,"href":"https:\/\/blogs.ugr.es\/migra-cin-es\/wp-json\/wp\/v2\/comments?post=289"}],"version-history":[{"count":3,"href":"https:\/\/blogs.ugr.es\/migra-cin-es\/wp-json\/wp\/v2\/pages\/289\/revisions"}],"predecessor-version":[{"id":464,"href":"https:\/\/blogs.ugr.es\/migra-cin-es\/wp-json\/wp\/v2\/pages\/289\/revisions\/464"}],"wp:attachment":[{"href":"https:\/\/blogs.ugr.es\/migra-cin-es\/wp-json\/wp\/v2\/media?parent=289"}],"wp:term":[{"taxonomy":"category","embeddable":true,"href":"https:\/\/blogs.ugr.es\/migra-cin-es\/wp-json\/wp\/v2\/categories?post=289"},{"taxonomy":"post_tag","embeddable":true,"href":"https:\/\/blogs.ugr.es\/migra-cin-es\/wp-json\/wp\/v2\/tags?post=289"}],"curies":[{"name":"wp","href":"https:\/\/api.w.org\/{rel}","templated":true}]}}