{"id":644,"date":"2022-11-02T13:10:14","date_gmt":"2022-11-02T12:10:14","guid":{"rendered":"https:\/\/blogs.ugr.es\/migra-cin-es\/?page_id=644"},"modified":"2022-11-02T13:15:04","modified_gmt":"2022-11-02T12:15:04","slug":"court-metrage","status":"publish","type":"page","link":"https:\/\/blogs.ugr.es\/migra-cin-es\/fr\/court-metrage\/","title":{"rendered":"Court-m\u00e9trage"},"content":{"rendered":"<p>&nbsp;<\/p>\n<h3 style=\"text-align: center\"><strong>Courts m\u00e9trages \u00abespagnols\u00bb enregistr\u00e9s dans la base de donn\u00e9es <a href=\"https:\/\/www.filmaffinity.com\/uk\/main.html\">FilmAffinity<\/a> (et d&#8217;autres bases de donn\u00e9es) qui traitent du ph\u00e9nom\u00e8ne de la migration (1990-2022). Le tri se fait par ann\u00e9e de cr\u00e9ation<\/strong><\/h3>\n<p>&nbsp;<\/p>\n<table style=\"height: 1337px\" border=\"0\" width=\"1033\" cellspacing=\"0\" cellpadding=\"0\">\n<colgroup>\n<col width=\"271\" \/>\n<col width=\"57\" \/>\n<col width=\"340\" \/>\n<col width=\"365\" \/><\/colgroup>\n<tbody>\n<tr>\n<td class=\"xl65\" width=\"271\" height=\"23\">\n<h4><strong>Titre<\/strong><\/h4>\n<\/td>\n<td class=\"xl65\" width=\"57\">\n<h4><strong>Ann\u00e9e<\/strong><\/h4>\n<\/td>\n<td class=\"xl65\" width=\"340\">\n<h4><strong>Direction<\/strong><\/h4>\n<\/td>\n<td class=\"xl65\" width=\"365\">\n<h4><strong>Producteur<\/strong><\/h4>\n<\/td>\n<\/tr>\n<tr>\n<td class=\"xl65\" width=\"271\" height=\"23\">Estrecho Adventure<\/td>\n<td class=\"xl65\" width=\"57\">1996<\/td>\n<td class=\"xl65\" width=\"340\">Valeriano L\u00f3pez Dom\u00ednguez<\/td>\n<td class=\"xl65\" width=\"365\">Descarte Films S.L<\/td>\n<\/tr>\n<tr>\n<td class=\"xl65\" width=\"271\" height=\"23\">Pase negro<\/td>\n<td class=\"xl65\" width=\"57\">1998<\/td>\n<td class=\"xl65\" width=\"340\">Patxi Barko<\/td>\n<td class=\"xl65\" width=\"365\">REC<\/td>\n<\/tr>\n<tr>\n<td class=\"xl65\" width=\"271\" height=\"23\">Mar de cemento<\/td>\n<td class=\"xl65\" width=\"57\">2000<\/td>\n<td class=\"xl65\" width=\"340\">Luis \u00c1ngel Ram\u00edrez<\/td>\n<td class=\"xl65\" width=\"365\">Imval Madrid<\/td>\n<\/tr>\n<tr>\n<td class=\"xl65\" width=\"271\" height=\"23\">El extra<\/td>\n<td class=\"xl65\" width=\"57\">2003<\/td>\n<td class=\"xl65\" width=\"340\">Alberto Pernet<\/td>\n<td class=\"xl65\" width=\"365\"><\/td>\n<\/tr>\n<tr>\n<td class=\"xl65\" width=\"271\" height=\"23\">Usar y tirar<\/td>\n<td class=\"xl65\" width=\"57\">2003<\/td>\n<td class=\"xl65\" width=\"340\">Daniel Garc\u00eda-Pablos<\/td>\n<td class=\"xl65\" width=\"365\">ECAM<\/td>\n<\/tr>\n<tr>\n<td class=\"xl65\" width=\"271\" height=\"23\">Amigo no gima<\/td>\n<td class=\"xl65\" width=\"57\">2004<\/td>\n<td class=\"xl65\" width=\"340\">I\u00f1aki Pe\u00f1afiel<\/td>\n<td class=\"xl65\" width=\"365\">Markab Creativos<\/td>\n<\/tr>\n<tr>\n<td class=\"xl65\" width=\"271\" height=\"23\">Y\u00e1kar (Esperanza)<\/td>\n<td class=\"xl65\" width=\"57\">2004<\/td>\n<td class=\"xl65\" width=\"340\">Guillermo Sempere<\/td>\n<td class=\"xl65\" width=\"365\">Audiovisuales del Monte<\/td>\n<\/tr>\n<tr>\n<td class=\"xl65\" width=\"271\" height=\"23\">El ni\u00f1o que jugaba con trenes<\/td>\n<td class=\"xl65\" width=\"57\">2004<\/td>\n<td class=\"xl65\" width=\"340\">Jorge Blas<\/td>\n<td class=\"xl65\" width=\"365\">Algolpe S.L.<\/td>\n<\/tr>\n<tr>\n<td class=\"xl65\" width=\"271\" height=\"23\">Mercanc\u00edas<\/td>\n<td class=\"xl65\" width=\"57\">2005<\/td>\n<td class=\"xl65\" width=\"340\">Santiago A. Zannou<\/td>\n<td class=\"xl65\" width=\"365\">Centre d&#8217;Estudis Cinematogr\u00e0fics de Catalunya (CECC)<\/td>\n<\/tr>\n<tr>\n<td class=\"xl65\" width=\"271\" height=\"23\">Nana<\/td>\n<td class=\"xl65\" width=\"57\">2005<\/td>\n<td class=\"xl65\" width=\"340\">Jos\u00e9 Javier Rodr\u00edguez Melc\u00f3n<\/td>\n<td class=\"xl65\" width=\"365\">Enigma Films<\/td>\n<\/tr>\n<tr>\n<td class=\"xl65\" width=\"271\" height=\"23\">Hiyab<\/td>\n<td class=\"xl65\" width=\"57\">2005<\/td>\n<td class=\"xl65\" width=\"340\">Xavi Sala<\/td>\n<td class=\"xl65\" width=\"365\">Xavi Sala<\/td>\n<\/tr>\n<tr>\n<td class=\"xl65\" width=\"271\" height=\"23\">Bota de oro<\/td>\n<td class=\"xl65\" width=\"57\">2005<\/td>\n<td class=\"xl65\" width=\"340\">Ram\u00f3n Tarr\u00e9s, Jos\u00e9 Luis Baringo<\/td>\n<td class=\"xl65\" width=\"365\">Feng Shui Films S.L<\/td>\n<\/tr>\n<tr>\n<td class=\"xl65\" width=\"271\" height=\"23\">El viaje de Said<\/td>\n<td class=\"xl65\" width=\"57\">2006<\/td>\n<td class=\"xl65\" width=\"340\">Coke Riob\u00f3o<\/td>\n<td class=\"xl65\" width=\"365\">Jazzy Producciones S.L, Tembleque Producciones<\/td>\n<\/tr>\n<tr>\n<td class=\"xl65\" width=\"271\" height=\"23\">Madrid-Mosc\u00fa<\/td>\n<td class=\"xl65\" width=\"57\">2007<\/td>\n<td class=\"xl65\" width=\"340\">Javier San Rom\u00e1n<\/td>\n<td class=\"xl65\" width=\"365\">Chinatown Producciones<\/td>\n<\/tr>\n<tr>\n<td class=\"xl65\" width=\"271\" height=\"23\">Salom\u00f3n<\/td>\n<td class=\"xl65\" width=\"57\">2007<\/td>\n<td class=\"xl65\" width=\"340\">Ignacio Lasierra<\/td>\n<td class=\"xl65\" width=\"365\">Jos\u00e9 Luis Lasierra<\/td>\n<\/tr>\n<tr>\n<td class=\"xl65\" width=\"271\" height=\"23\">Machu Picchu<\/td>\n<td class=\"xl65\" width=\"57\">2008<\/td>\n<td class=\"xl65\" width=\"340\">Hatem Khraiche<\/td>\n<td class=\"xl65\" width=\"365\">Videoenlace<\/td>\n<\/tr>\n<tr>\n<td class=\"xl65\" width=\"271\" height=\"23\">On the Line (S)<\/td>\n<td class=\"xl65\" width=\"57\">2008<\/td>\n<td class=\"xl65\" width=\"340\">Jon Gara\u00f1o<\/td>\n<td class=\"xl65\" width=\"365\">Moriarti Produkzioak<\/td>\n<\/tr>\n<tr>\n<td class=\"xl65\" width=\"271\" height=\"23\">Miente (S)<\/td>\n<td class=\"xl65\" width=\"57\">2008<\/td>\n<td class=\"xl65\" width=\"340\">Isabel de Ocampo<\/td>\n<td class=\"xl65\" width=\"365\">Producciones L\u00edquidas<\/td>\n<\/tr>\n<tr>\n<td class=\"xl65\" width=\"271\" height=\"23\">Cuesti\u00f3n de suerte (S)<\/td>\n<td class=\"xl65\" width=\"57\">2009<\/td>\n<td class=\"xl65\" width=\"340\">Jorge Laplace<\/td>\n<td class=\"xl65\" width=\"365\">La Claqueta PC<\/td>\n<\/tr>\n<tr>\n<td class=\"xl65\" width=\"271\" height=\"23\">Hemisferio (S)<\/td>\n<td class=\"xl65\" width=\"57\">2010<\/td>\n<td class=\"xl65\" width=\"340\">Luis Mar\u00eda Ferr\u00e1ndez<\/td>\n<td class=\"xl65\" width=\"365\">Producciones Embrujadas<\/td>\n<\/tr>\n<tr>\n<td class=\"xl65\" width=\"271\" height=\"23\">La broma (S)<\/td>\n<td class=\"xl65\" width=\"57\">2010<\/td>\n<td class=\"xl65\" width=\"340\">Luis Arenas<\/td>\n<td class=\"xl65\" width=\"365\">ECAM<\/td>\n<\/tr>\n<tr>\n<td class=\"xl65\" width=\"271\" height=\"23\">Metropolis Ferry (S)<\/td>\n<td class=\"xl65\" width=\"57\">2010<\/td>\n<td class=\"xl65\" width=\"340\">Juan Gautier<\/td>\n<td class=\"xl65\" width=\"365\">Smiz and Pixel<\/td>\n<\/tr>\n<tr>\n<td class=\"xl65\" width=\"271\" height=\"23\">Cuando corres (S)<\/td>\n<td class=\"xl65\" width=\"57\">2010<\/td>\n<td class=\"xl65\" width=\"340\">Mikel Rueda<\/td>\n<td class=\"xl65\" width=\"365\">Enigma Films, Mediagrama, Mediamancha<\/td>\n<\/tr>\n<tr>\n<td class=\"xl65\" width=\"271\" height=\"23\">Ella (S)<\/td>\n<td class=\"xl65\" width=\"57\">2011<\/td>\n<td class=\"xl65\" width=\"340\">Juan Montes de Oca<\/td>\n<td class=\"xl65\" width=\"365\">Universidad de las Islas Baleares<\/td>\n<\/tr>\n<tr>\n<td class=\"xl65\" width=\"271\" height=\"23\">SUB (S)<\/td>\n<td class=\"xl65\" width=\"57\">2012<\/td>\n<td class=\"xl65\" width=\"340\">Jossie Malis<\/td>\n<td class=\"xl65\" width=\"365\">Paramotion Films, Zumbakamera<\/td>\n<\/tr>\n<tr>\n<td class=\"xl65\" width=\"271\" height=\"23\">Ngutu (S)<\/td>\n<td class=\"xl65\" width=\"57\">2012<\/td>\n<td class=\"xl65\" width=\"340\">Felipe del Olmo, Daniel Valledor<\/td>\n<td class=\"xl65\" width=\"365\">Opium Films<\/td>\n<\/tr>\n<tr>\n<td class=\"xl65\" width=\"271\" height=\"23\">La boda (S)<\/td>\n<td class=\"xl65\" width=\"57\">2012<\/td>\n<td class=\"xl65\" width=\"340\">Marina Seresesky<\/td>\n<td class=\"xl65\" width=\"365\">Meridional Producciones<\/td>\n<\/tr>\n<tr>\n<td class=\"xl65\" width=\"271\" height=\"23\">El Rayo<\/td>\n<td class=\"xl65\" width=\"57\">2013<\/td>\n<td class=\"xl65\" width=\"340\">Fran Ara\u00fajo, Ernesto de Nova<\/td>\n<td class=\"xl65\" width=\"365\">Coproducci\u00f3n Espa\u00f1a-Portugal-Marruecos;<\/td>\n<\/tr>\n<tr>\n<td class=\"xl65\" width=\"271\" height=\"23\">Jazm\u00edn (S)<\/td>\n<td class=\"xl65\" width=\"57\">2013<\/td>\n<td class=\"xl65\" width=\"340\">Julio de la Fuente<\/td>\n<td class=\"xl65\" width=\"365\">La Luna Producciones<\/td>\n<\/tr>\n<tr>\n<td class=\"xl65\" width=\"271\" height=\"23\">Abayomi (S)<\/td>\n<td class=\"xl65\" width=\"57\">2015<\/td>\n<td class=\"xl65\" width=\"340\">Guillermo L\u00f3pez L\u00f3pez<\/td>\n<td class=\"xl65\" width=\"365\"><\/td>\n<\/tr>\n<tr>\n<td class=\"xl65\" width=\"271\" height=\"23\">Exilios<\/td>\n<td class=\"xl65\" width=\"57\">2015<\/td>\n<td class=\"xl65\" width=\"340\">Joan \u00c1lvarez Llad\u00f3s<\/td>\n<td class=\"xl65\" width=\"365\">La F\u00e1brica<\/td>\n<\/tr>\n<tr>\n<td class=\"xl65\" width=\"271\" height=\"23\">Un capodanno particolare (S)<\/td>\n<td class=\"xl65\" width=\"57\">2016<\/td>\n<td class=\"xl65\" width=\"340\">Carlos Bouvier<\/td>\n<td class=\"xl65\" width=\"365\">Carlos Bouvier<\/td>\n<\/tr>\n<tr>\n<td class=\"xl65\" width=\"271\" height=\"23\">Barcelone Bar Barsakh (S)<\/td>\n<td class=\"xl65\" width=\"57\">2016<\/td>\n<td class=\"xl65\" width=\"340\">Nacho Gil Cid De Diego, Cristina Vergara Sequeiro<\/td>\n<td class=\"xl65\" width=\"365\"><\/td>\n<\/tr>\n<tr>\n<td class=\"xl65\" width=\"271\" height=\"23\">Express (S)<\/td>\n<td class=\"xl65\" width=\"57\">2016<\/td>\n<td class=\"xl65\" width=\"340\">Carlos Olalla, Juan Herreros<\/td>\n<td class=\"xl65\" width=\"365\">Next Project<\/td>\n<\/tr>\n<tr>\n<td class=\"xl65\" width=\"271\" height=\"23\">Tout le monde aime le bord de la mer (S)<\/td>\n<td class=\"xl65\" width=\"57\">2016<\/td>\n<td class=\"xl65\" width=\"340\">Keina Espi\u00f1eira<\/td>\n<td class=\"xl65\" width=\"365\"><\/td>\n<\/tr>\n<tr>\n<td class=\"xl65\" width=\"271\" height=\"23\">Un lugar (S)<\/td>\n<td class=\"xl65\" width=\"57\">2016<\/td>\n<td class=\"xl65\" width=\"340\">Iv\u00e1n Fern\u00e1ndez De C\u00f3rdoba<\/td>\n<td class=\"xl65\" width=\"365\">SinMuros Films<\/td>\n<\/tr>\n<tr>\n<td class=\"xl65\" width=\"271\" height=\"23\">Pasapalabra (S)<\/td>\n<td class=\"xl65\" width=\"57\">2016<\/td>\n<td class=\"xl65\" width=\"340\">Andrea Testini<\/td>\n<td class=\"xl65\" width=\"365\">Mediahead Audiovisual<\/td>\n<\/tr>\n<tr>\n<td class=\"xl65\" width=\"271\" height=\"23\">Mi amigo Naim (S)<\/td>\n<td class=\"xl65\" width=\"57\">2017<\/td>\n<td class=\"xl65\" width=\"340\">Jos\u00e9 Luis L\u00f3pez Ortiz<\/td>\n<td class=\"xl65\" width=\"365\">Punto y Aparte<\/td>\n<\/tr>\n<tr>\n<td class=\"xl65\" width=\"271\" height=\"23\">Khuruf (S)<\/td>\n<td class=\"xl65\" width=\"57\">2018<\/td>\n<td class=\"xl65\" width=\"340\">Kepa Sojo<\/td>\n<td class=\"xl65\" width=\"365\"><\/td>\n<\/tr>\n<tr>\n<td class=\"xl65\" width=\"271\" height=\"23\">Tahrib (S)<\/td>\n<td class=\"xl65\" width=\"57\">2018<\/td>\n<td class=\"xl65\" width=\"340\">Gerard Vidal Cort\u00e9s<\/td>\n<td class=\"xl65\" width=\"365\">ESCAC Films<\/td>\n<\/tr>\n<tr>\n<td class=\"xl65\" width=\"271\" height=\"23\">Maras (C)<\/td>\n<td class=\"xl65\" width=\"57\">2019<\/td>\n<td class=\"xl65\" width=\"340\">Salvador Calvo<\/td>\n<td class=\"xl65\" width=\"365\">Globomedia<\/td>\n<\/tr>\n<tr>\n<td class=\"xl65\" width=\"271\" height=\"45\">Bye Bye Bridges (S)<\/td>\n<td class=\"xl65\" width=\"57\">2019<\/td>\n<td class=\"xl65\" width=\"340\">Estanis Ba\u00f1uelos<\/td>\n<td class=\"xl65\" width=\"365\">Coproducci\u00f3n Espa\u00f1a-Reino Unido; BaBian Studio, Edinburgh University<\/td>\n<\/tr>\n<tr>\n<td class=\"xl65\" width=\"271\" height=\"23\">Los p\u00e1jaros del sur (S)<\/td>\n<td class=\"xl65\" width=\"57\">2019<\/td>\n<td class=\"xl65\" width=\"340\">Gonzalo Gonz\u00e1lez Undurraga<\/td>\n<td class=\"xl65\" width=\"365\">AS Cinema<\/td>\n<\/tr>\n<tr>\n<td class=\"xl65\" width=\"271\" height=\"23\">Europa<\/td>\n<td class=\"xl65\" width=\"57\">2019<\/td>\n<td class=\"xl65\" width=\"340\">Sergio Duce Maestro<\/td>\n<td class=\"xl65\" width=\"365\"><\/td>\n<\/tr>\n<tr>\n<td class=\"xl65\" width=\"271\" height=\"23\">El m\u00e1rtir (S)<\/td>\n<td class=\"xl65\" width=\"57\">2020<\/td>\n<td class=\"xl65\" width=\"340\">Fernando Pomares<\/td>\n<td class=\"xl65\" width=\"365\">Travelogue Studio<\/td>\n<\/tr>\n<\/tbody>\n<\/table>\n<p>&nbsp;<\/p>\n","protected":false},"excerpt":{"rendered":"<p>&nbsp; Courts m\u00e9trages \u00abespagnols\u00bb enregistr\u00e9s dans la base de donn\u00e9es FilmAffinity (et d&#8217;autres bases de donn\u00e9es) qui traitent du ph\u00e9nom\u00e8ne de la migration (1990-2022). Le tri se fait par ann\u00e9e de cr\u00e9ation &nbsp; Titre Ann\u00e9e Direction Producteur Estrecho Adventure 1996 Valeriano L\u00f3pez Dom\u00ednguez Descarte Films S.L Pase negro 1998 Patxi Barko REC Mar de cemento&hellip; <a href=\"https:\/\/blogs.ugr.es\/migra-cin-es\/fr\/court-metrage\/\" class=\"more-link\">Leer m\u00e1s <span class=\"screen-reader-text\">acerca de Court-m\u00e9trage<\/span><\/a><\/p>\n","protected":false},"author":20,"featured_media":0,"parent":0,"menu_order":0,"comment_status":"closed","ping_status":"closed","template":"","meta":{"_genesis_hide_title":false,"_genesis_hide_breadcrumbs":false,"_genesis_hide_singular_image":false,"_genesis_hide_footer_widgets":false,"_genesis_custom_body_class":"","_genesis_custom_post_class":"","_genesis_layout":"","footnotes":""},"categories":[],"tags":[],"class_list":{"0":"post-644","1":"page","2":"type-page","3":"status-publish","5":"entry"},"_links":{"self":[{"href":"https:\/\/blogs.ugr.es\/migra-cin-es\/wp-json\/wp\/v2\/pages\/644","targetHints":{"allow":["GET"]}}],"collection":[{"href":"https:\/\/blogs.ugr.es\/migra-cin-es\/wp-json\/wp\/v2\/pages"}],"about":[{"href":"https:\/\/blogs.ugr.es\/migra-cin-es\/wp-json\/wp\/v2\/types\/page"}],"author":[{"embeddable":true,"href":"https:\/\/blogs.ugr.es\/migra-cin-es\/wp-json\/wp\/v2\/users\/20"}],"replies":[{"embeddable":true,"href":"https:\/\/blogs.ugr.es\/migra-cin-es\/wp-json\/wp\/v2\/comments?post=644"}],"version-history":[{"count":3,"href":"https:\/\/blogs.ugr.es\/migra-cin-es\/wp-json\/wp\/v2\/pages\/644\/revisions"}],"predecessor-version":[{"id":647,"href":"https:\/\/blogs.ugr.es\/migra-cin-es\/wp-json\/wp\/v2\/pages\/644\/revisions\/647"}],"wp:attachment":[{"href":"https:\/\/blogs.ugr.es\/migra-cin-es\/wp-json\/wp\/v2\/media?parent=644"}],"wp:term":[{"taxonomy":"category","embeddable":true,"href":"https:\/\/blogs.ugr.es\/migra-cin-es\/wp-json\/wp\/v2\/categories?post=644"},{"taxonomy":"post_tag","embeddable":true,"href":"https:\/\/blogs.ugr.es\/migra-cin-es\/wp-json\/wp\/v2\/tags?post=644"}],"curies":[{"name":"wp","href":"https:\/\/api.w.org\/{rel}","templated":true}]}}