{"id":701,"date":"2022-11-02T14:25:55","date_gmt":"2022-11-02T13:25:55","guid":{"rendered":"https:\/\/blogs.ugr.es\/migra-cin-es\/?page_id=701"},"modified":"2022-11-02T14:25:55","modified_gmt":"2022-11-02T13:25:55","slug":"livres","status":"publish","type":"page","link":"https:\/\/blogs.ugr.es\/migra-cin-es\/fr\/livres\/","title":{"rendered":"Livres"},"content":{"rendered":"<h3 style=\"text-align: center\">Ouvrages publi\u00e9s par des membres de l&#8217;\u00e9quipe de recherche sur le th\u00e8me du cin\u00e9ma et de la migration<\/h3>\n<p>&nbsp;<\/p>\n<ul>\n<li>\n<div>\n<p class=\"02Autores\">Olmos Alcaraz, A; R. Mart\u00ednez Chic\u00f3n; M. Rubio G\u00f3mez y F.J. Garc\u00eda Casta\u00f1o (Eds.) (2022). <em>Cine y migraciones.<\/em> Bellaterra<\/p>\n<\/div>\n<\/li>\n<\/ul>\n","protected":false},"excerpt":{"rendered":"<p>Ouvrages publi\u00e9s par des membres de l&#8217;\u00e9quipe de recherche sur le th\u00e8me du cin\u00e9ma et de la migration &nbsp; Olmos Alcaraz, A; R. Mart\u00ednez Chic\u00f3n; M. Rubio G\u00f3mez y F.J. Garc\u00eda Casta\u00f1o (Eds.) (2022). Cine y migraciones. Bellaterra<\/p>\n","protected":false},"author":20,"featured_media":0,"parent":0,"menu_order":0,"comment_status":"closed","ping_status":"closed","template":"","meta":{"_genesis_hide_title":false,"_genesis_hide_breadcrumbs":false,"_genesis_hide_singular_image":false,"_genesis_hide_footer_widgets":false,"_genesis_custom_body_class":"","_genesis_custom_post_class":"","_genesis_layout":"","footnotes":""},"categories":[],"tags":[],"class_list":{"0":"post-701","1":"page","2":"type-page","3":"status-publish","5":"entry"},"_links":{"self":[{"href":"https:\/\/blogs.ugr.es\/migra-cin-es\/wp-json\/wp\/v2\/pages\/701","targetHints":{"allow":["GET"]}}],"collection":[{"href":"https:\/\/blogs.ugr.es\/migra-cin-es\/wp-json\/wp\/v2\/pages"}],"about":[{"href":"https:\/\/blogs.ugr.es\/migra-cin-es\/wp-json\/wp\/v2\/types\/page"}],"author":[{"embeddable":true,"href":"https:\/\/blogs.ugr.es\/migra-cin-es\/wp-json\/wp\/v2\/users\/20"}],"replies":[{"embeddable":true,"href":"https:\/\/blogs.ugr.es\/migra-cin-es\/wp-json\/wp\/v2\/comments?post=701"}],"version-history":[{"count":1,"href":"https:\/\/blogs.ugr.es\/migra-cin-es\/wp-json\/wp\/v2\/pages\/701\/revisions"}],"predecessor-version":[{"id":702,"href":"https:\/\/blogs.ugr.es\/migra-cin-es\/wp-json\/wp\/v2\/pages\/701\/revisions\/702"}],"wp:attachment":[{"href":"https:\/\/blogs.ugr.es\/migra-cin-es\/wp-json\/wp\/v2\/media?parent=701"}],"wp:term":[{"taxonomy":"category","embeddable":true,"href":"https:\/\/blogs.ugr.es\/migra-cin-es\/wp-json\/wp\/v2\/categories?post=701"},{"taxonomy":"post_tag","embeddable":true,"href":"https:\/\/blogs.ugr.es\/migra-cin-es\/wp-json\/wp\/v2\/tags?post=701"}],"curies":[{"name":"wp","href":"https:\/\/api.w.org\/{rel}","templated":true}]}}