{"id":721,"date":"2022-11-03T18:17:41","date_gmt":"2022-11-03T17:17:41","guid":{"rendered":"https:\/\/blogs.ugr.es\/migra-cin-es\/?page_id=721"},"modified":"2022-11-03T18:17:41","modified_gmt":"2022-11-03T17:17:41","slug":"autres-publications","status":"publish","type":"page","link":"https:\/\/blogs.ugr.es\/migra-cin-es\/fr\/autres-publications\/","title":{"rendered":"Autres publications"},"content":{"rendered":"<h3><\/h3>\n<p>&nbsp;<\/p>\n<h3 style=\"text-align: center\">Communications pr\u00e9sent\u00e9es lors de rencontres acad\u00e9miques par des membres de l&#8217;\u00e9quipe de recherche sur le th\u00e8me cin\u00e9ma et migration<\/h3>\n<p>&nbsp;<\/p>\n<div>\n<ul>\n<li>Blanco Gal\u00e1n, A. (2022). El giro cinematogr\u00e1fico en la representaci\u00f3n de las migraciones forzosas tras la \u201ccrisis de los refugiados\u201d de 2015. Una aproximaci\u00f3n a la obra de Aki Kaurism\u00e4ki a trav\u00e9s de \u201cLe Havre\u201d y \u201cEl Otro lado de la Esperanza\u201d. Comunicaci\u00f3n presentada en el <em>X Congreso de Migraciones: Movilidades Cambiantes en un Mundo Convulso <\/em>(Madrid, 14, 15 y 16 de septiembre de 2022).<\/li>\n<li>Dakhchoune Boumjimar, R. (2022). La representaci\u00f3n en el cine de los menores migrantes: el caso de a escondidas (Mikel Rueda, 2014). Comunicaci\u00f3n presentada en el <em>X Congreso de Migraciones: Movilidades Cambiantes en un Mundo Convulso <\/em>(Madrid, 14, 15 y 16 de septiembre de 2022).<\/li>\n<li>Dakhchoune Boumjimar, R. (2022). Percepci\u00f3n contextual de la identidad del \u00e1rabe \u2013 musulm\u00e1n del cine espa\u00f1ol basada en la desfibrilaci\u00f3n sociocultural de la comunidad ib\u00e9rica. Comunicaci\u00f3n presentada en el <em>X Congreso de Migraciones: Movilidades Cambiantes en un Mundo Convulso <\/em>(Madrid, 14, 15 y 16 de septiembre de 2022).<\/li>\n<li>Jiang, Y. (2022). An\u00e1lisis de la cultura China en el cine migratorio de Espa\u00f1a y la interculturalidad hispano-china. Comunicaci\u00f3n presentada en el <em>X Congreso de Migraciones: Movilidades Cambiantes en un Mundo Convulso <\/em>(Madrid, 14, 15 y 16 de septiembre de 2022)<\/li>\n<li>Jiang, Y. (2022). Cine transnacional en el caso de la inmigraci\u00f3n china en Espa\u00f1a y el llamado cine \u201cchi\u00f1ol\u201d. Comunicaci\u00f3n presentada en el <em>X Congreso de Migraciones: Movilidades Cambiantes en un Mundo Convulso <\/em>(Madrid, 14, 15 y 16 de septiembre de 2022).<\/li>\n<li>Lerma Parra. L. (2022). El cine espa\u00f1ol relata las migraciones: \u00bfCu\u00e1les son las pel\u00edculas m\u00e1s estudiadas? Comunicaci\u00f3n presentada en el <em>X Congreso de Migraciones: Movilidades Cambiantes en un Mundo Convulso <\/em>(Madrid, 14, 15 y 16 de septiembre de 2022).<\/li>\n<li>Lerma Parra. L. (2022). La piel quemada (1967) y Ad\u00fa (2020): similitudes y diferencias entre la inmigraci\u00f3n y la emigraci\u00f3n en el cine espa\u00f1ol. Comunicaci\u00f3n presentada en el <em>X Congreso de Migraciones: Movilidades Cambiantes en un Mundo Convulso <\/em>(Madrid, 14, 15 y 16 de septiembre de 2022).<\/li>\n<li>Blanco Gal\u00e1n, A. (2022). Presentaci\u00f3n de la pel\u00edcula Le Havre (Aki Kaurism\u00e4ki, 2011). Comunicaci\u00f3n presentada en el Taller sobre cine y migraciones desarrollado en el marco de <em>Filming Lab 22<\/em> (Granada, 26 d emayo de 2022).<\/li>\n<li>Dakhchoune Boumjimar, R. (2022). Presentaci\u00f3n de la pel\u00edcula A escondidas (Mikel Rueda, 2014). Comunicaci\u00f3n presentada en el Taller sobre cine y migraciones desarrollado en el marco de <em>Filming Lab 22<\/em> (Granada, 26 d emayo de 2022).<\/li>\n<li>Denaro, S. (2022). Presentaci\u00f3n de la pel\u00edcula Lamerica (Gianni Amelio, 2020). Comunicaci\u00f3n presentada en el Taller sobre cine y migraciones desarrollado en el marco de <em>Filming Lab 22<\/em> (Granada, 26 d emayo de 2022).<\/li>\n<li>Garc\u00eda Casta\u00f1o, F.J. (2022). Presentaci\u00f3n del taller: las relaciones entre el cine y las migraciones. Comunicaci\u00f3n presentada en el Taller sobre cine y migraciones desarrollado en el marco de <em>Filming Lab 22<\/em> (Granada, 26 d emayo de 2022).<\/li>\n<li>Jiang, Y. (2022). Presentaci\u00f3n de la pel\u00edcula Yu Gang (La pecera) (Luis Pagliery, Carolina Aranha Nery y Paco Nicolas, 2016). Comunicaci\u00f3n presentada en el Taller sobre cine y migraciones desarrollado en el marco de <em>Filming Lab 22<\/em>(Granada, 26 d emayo de 2022)<\/li>\n<li>Lerma Parra. L. (2022). Presentaci\u00f3n de la pel\u00edcula Ad\u00fa (Salvador Calvo, 2020). Comunicaci\u00f3n presentada en el Taller sobre cine y migraciones desarrollado en el marco de <em>Filming Lab 22<\/em> (Granada, 26 d emayo de 2022).<\/li>\n<li>Abuladze, T., Esteban Bretones, D., &amp; Garc\u00eda Casta\u00f1o, F. J. (2012). \u00bfC\u00f3mo es representado el fen\u00f3meno de las migraciones por las personas que ven cine? An\u00e1lisis de discursos del espectador sobre un conjunto de pel\u00edculas espa\u00f1olas sobre emigraci\u00f3n, inmigraci\u00f3n o con personas migrantes. <i>VII Congreso Migraciones Internacionales en Espa\u00f1a: movilidad humana y diversidad social (Bilbao, 11-13 de abril)<\/i>, 3107-3118.<\/li>\n<li>Esteban Bretones, D., Abuladze, T., &amp; Garc\u00eda Casta\u00f1o, F. J. (2012). La inmigraci\u00f3n extranjera representada en el filme Bread and roses (Ken Loach, 2000). Un an\u00e1lisis de discurso de los receptores desde la teor\u00eda de la recepci\u00f3n. <i>VII Congreso Migraciones Internacionales en Espa\u00f1a: movilidad humana y diversidad social (Bilbao, 11-13 de abril)<\/i>, 3202-3216.<\/li>\n<li>Fern\u00e1ndez Echeverr\u00eda, J., G\u00f3mez Vecchio, T., Fleissner, K., Kressova, N., Chovancova, L., Granados Mart\u00ednez, A., &amp; Garc\u00eda Casta\u00f1o, F. J. (2012). El compromiso de Canal Sur TV con la imagen positiva de los inmigrantes: an\u00e1lisis de presencias y ausencias. <i>VII Congreso Migraciones Internacionales en Espa\u00f1a: movilidad humana y diversidad social (Bilbao, 11-13 de abril)<\/i>, 3218-3233.<\/li>\n<\/ul>\n<\/div>\n","protected":false},"excerpt":{"rendered":"<p>&nbsp; Communications pr\u00e9sent\u00e9es lors de rencontres acad\u00e9miques par des membres de l&#8217;\u00e9quipe de recherche sur le th\u00e8me cin\u00e9ma et migration &nbsp; Blanco Gal\u00e1n, A. (2022). El giro cinematogr\u00e1fico en la representaci\u00f3n de las migraciones forzosas tras la \u201ccrisis de los refugiados\u201d de 2015. Una aproximaci\u00f3n a la obra de Aki Kaurism\u00e4ki a trav\u00e9s de \u201cLe&hellip; <a href=\"https:\/\/blogs.ugr.es\/migra-cin-es\/fr\/autres-publications\/\" class=\"more-link\">Leer m\u00e1s <span class=\"screen-reader-text\">acerca de Autres publications<\/span><\/a><\/p>\n","protected":false},"author":20,"featured_media":0,"parent":0,"menu_order":0,"comment_status":"closed","ping_status":"closed","template":"","meta":{"_genesis_hide_title":false,"_genesis_hide_breadcrumbs":false,"_genesis_hide_singular_image":false,"_genesis_hide_footer_widgets":false,"_genesis_custom_body_class":"","_genesis_custom_post_class":"","_genesis_layout":"","footnotes":""},"categories":[],"tags":[],"class_list":{"0":"post-721","1":"page","2":"type-page","3":"status-publish","5":"entry"},"_links":{"self":[{"href":"https:\/\/blogs.ugr.es\/migra-cin-es\/wp-json\/wp\/v2\/pages\/721","targetHints":{"allow":["GET"]}}],"collection":[{"href":"https:\/\/blogs.ugr.es\/migra-cin-es\/wp-json\/wp\/v2\/pages"}],"about":[{"href":"https:\/\/blogs.ugr.es\/migra-cin-es\/wp-json\/wp\/v2\/types\/page"}],"author":[{"embeddable":true,"href":"https:\/\/blogs.ugr.es\/migra-cin-es\/wp-json\/wp\/v2\/users\/20"}],"replies":[{"embeddable":true,"href":"https:\/\/blogs.ugr.es\/migra-cin-es\/wp-json\/wp\/v2\/comments?post=721"}],"version-history":[{"count":1,"href":"https:\/\/blogs.ugr.es\/migra-cin-es\/wp-json\/wp\/v2\/pages\/721\/revisions"}],"predecessor-version":[{"id":722,"href":"https:\/\/blogs.ugr.es\/migra-cin-es\/wp-json\/wp\/v2\/pages\/721\/revisions\/722"}],"wp:attachment":[{"href":"https:\/\/blogs.ugr.es\/migra-cin-es\/wp-json\/wp\/v2\/media?parent=721"}],"wp:term":[{"taxonomy":"category","embeddable":true,"href":"https:\/\/blogs.ugr.es\/migra-cin-es\/wp-json\/wp\/v2\/categories?post=721"},{"taxonomy":"post_tag","embeddable":true,"href":"https:\/\/blogs.ugr.es\/migra-cin-es\/wp-json\/wp\/v2\/tags?post=721"}],"curies":[{"name":"wp","href":"https:\/\/api.w.org\/{rel}","templated":true}]}}