{"id":271,"date":"2024-04-10T13:14:54","date_gmt":"2024-04-10T11:14:54","guid":{"rendered":"https:\/\/blogs.ugr.es\/migranee\/?page_id=271"},"modified":"2025-11-03T10:59:36","modified_gmt":"2025-11-03T09:59:36","slug":"divulgacion","status":"publish","type":"page","link":"https:\/\/blogs.ugr.es\/migranee\/divulgacion\/","title":{"rendered":""},"content":{"rendered":"<div class=\"wp-block-image is-style-rounded\">\n<figure class=\"aligncenter size-full is-resized\"><img loading=\"lazy\" decoding=\"async\" width=\"800\" height=\"800\" src=\"https:\/\/blogs.ugr.es\/migranee\/wp-content\/uploads\/sites\/147\/2024\/05\/DIVULGACIO\u0301N.png\" alt=\"\" class=\"wp-image-951\" style=\"width:150px;height:150px\" srcset=\"https:\/\/blogs.ugr.es\/migranee\/wp-content\/uploads\/sites\/147\/2024\/05\/DIVULGACIO\u0301N.png 800w, https:\/\/blogs.ugr.es\/migranee\/wp-content\/uploads\/sites\/147\/2024\/05\/DIVULGACIO\u0301N-300x300.png 300w, https:\/\/blogs.ugr.es\/migranee\/wp-content\/uploads\/sites\/147\/2024\/05\/DIVULGACIO\u0301N-700x700.png 700w, https:\/\/blogs.ugr.es\/migranee\/wp-content\/uploads\/sites\/147\/2024\/05\/DIVULGACIO\u0301N-150x150.png 150w, https:\/\/blogs.ugr.es\/migranee\/wp-content\/uploads\/sites\/147\/2024\/05\/DIVULGACIO\u0301N-100x100.png 100w\" sizes=\"auto, (max-width: 800px) 100vw, 800px\" \/><\/figure>\n<\/div>\n\n\n<p><\/p>\n\n\n\n<h2 class=\"wp-block-heading has-text-align-center has-vivid-cyan-blue-color has-text-color has-link-color wp-elements-49c30c534cc300c7adb8732a8b5ddcf2\" style=\"letter-spacing:1px\">DIVULGACI\u00d3N<\/h2>\n\n\n\n<p class=\"has-text-align-center\">Mostramos los espacios en los que el proyecto se comparte y discute. <\/p>\n\n\n<div class=\"wp-block-image\">\n<figure class=\"aligncenter size-large is-resized\"><img loading=\"lazy\" decoding=\"async\" width=\"700\" height=\"525\" src=\"https:\/\/blogs.ugr.es\/migranee\/wp-content\/uploads\/sites\/147\/2024\/07\/aibr1-700x525.jpeg\" alt=\"\" class=\"wp-image-1148\" style=\"width:452px;height:auto\" \/><\/figure>\n<\/div>\n\n\n<h3 class=\"wp-block-heading has-text-align-center\">Participaci\u00f3n en el 10\u00ba Congreso Internacional de Antropolog\u00eda AIBR<\/h3>\n\n\n\n<p class=\"has-text-align-center has-small-font-size\">9, 10, 11 y 12 de julio de 2024<\/p>\n\n\n\n<p class=\"has-text-align-left\">El Proyecto MigraNEE ha participado con el Panel <em><strong>Construcci\u00f3n de la diferencia en espacios escolares: aproximaciones etnogr\u00e1ficas<\/strong><\/em>, coordinado por Mar\u00eda Rubio G\u00f3mez. Se presentaron <a href=\"https:\/\/blogs.ugr.es\/migranee\/el-proyecto-migranee-en-el-10o-congreso-aibr-2024-en-madrid\/\" data-type=\"link\" data-id=\"https:\/\/blogs.ugr.es\/migranee\/el-proyecto-migranee-en-el-10o-congreso-aibr-2024-en-madrid\/\">cinco comunicaciones<\/a> por doce miembros del Proyecto MigraNEE: Mar\u00eda Rubio G\u00f3mez y Jos\u00e9 Castilla Segura; F. Javier Garc\u00eda Casta\u00f1o, Marta Zornoza Madrid y Luc\u00eda Lerma Parra; Carmen Clara Bravo Torres e Irene L\u00f3pez Fogu\u00e9s; Gloria Calabresi y Carla Alba Pulido; Raquel Mart\u00ednez Chic\u00f3n, Silvina Monteros Obelar y Habiba Hadjab Boudiaf.  <\/p>\n\n\n\n<p class=\"has-text-align-center has-small-font-size\"><strong>Instituto de Migraciones \u00b7 Universidad de Granada,  Universidad de C\u00f3rdoba y Universidad de Almer\u00eda.<\/strong><\/p>\n\n\n\n<div class=\"wp-block-columns is-layout-flex wp-container-core-columns-is-layout-9d6595d7 wp-block-columns-is-layout-flex\">\n<div class=\"wp-block-column is-layout-flow wp-block-column-is-layout-flow\">\n<figure class=\"wp-block-image size-large\"><img loading=\"lazy\" decoding=\"async\" width=\"700\" height=\"510\" src=\"https:\/\/blogs.ugr.es\/migranee\/wp-content\/uploads\/sites\/147\/2024\/07\/Captura-de-Pantalla-2024-07-03-a-las-8.23.19-700x510.jpg\" alt=\"\" class=\"wp-image-1134\" srcset=\"https:\/\/blogs.ugr.es\/migranee\/wp-content\/uploads\/sites\/147\/2024\/07\/Captura-de-Pantalla-2024-07-03-a-las-8.23.19-700x510.jpg 700w, https:\/\/blogs.ugr.es\/migranee\/wp-content\/uploads\/sites\/147\/2024\/07\/Captura-de-Pantalla-2024-07-03-a-las-8.23.19-300x219.jpg 300w, https:\/\/blogs.ugr.es\/migranee\/wp-content\/uploads\/sites\/147\/2024\/07\/Captura-de-Pantalla-2024-07-03-a-las-8.23.19.jpg 800w\" sizes=\"auto, (max-width: 700px) 100vw, 700px\" \/><\/figure>\n\n\n\n<h3 class=\"wp-block-heading has-text-align-center\">Participaci\u00f3n II Congreso Internacional de Antropolog\u00eda Feminista<\/h3>\n\n\n\n<p class=\"has-text-align-center has-small-font-size\">1, 2 y 3 de julio de 2024<\/p>\n\n\n\n<p class=\"has-text-align-left\">El Proyecto MigraNEE ha participado con la Comunicaci\u00f3n <em><strong>Dilemas desde una Propuesta de Etnograf\u00eda Escolar en el contexto de la Educaci\u00f3n Especial en el estado espa\u00f1ol<\/strong><\/em>, con Mar\u00eda Rubio G\u00f3mez, Carla Alba Pulido y Gloria Calabresi.<\/p>\n\n\n\n<p class=\"has-text-align-center has-small-font-size\"><strong>Instituto de Migraciones \u00b7 Universidad de Granada y Universidad de Almer\u00eda. <\/strong><\/p>\n<\/div>\n\n\n\n<div class=\"wp-block-column is-layout-flow wp-block-column-is-layout-flow\"><div class=\"wp-block-image\">\n<figure class=\"aligncenter size-large is-resized\"><img loading=\"lazy\" decoding=\"async\" width=\"700\" height=\"501\" src=\"https:\/\/blogs.ugr.es\/migranee\/wp-content\/uploads\/sites\/147\/2024\/07\/Captura-de-pantalla-2024-07-23-a-las-9.05.35-700x501.jpg\" alt=\"\" class=\"wp-image-1168\" style=\"width:416px;height:auto\" srcset=\"https:\/\/blogs.ugr.es\/migranee\/wp-content\/uploads\/sites\/147\/2024\/07\/Captura-de-pantalla-2024-07-23-a-las-9.05.35-700x501.jpg 700w, https:\/\/blogs.ugr.es\/migranee\/wp-content\/uploads\/sites\/147\/2024\/07\/Captura-de-pantalla-2024-07-23-a-las-9.05.35-300x215.jpg 300w, https:\/\/blogs.ugr.es\/migranee\/wp-content\/uploads\/sites\/147\/2024\/07\/Captura-de-pantalla-2024-07-23-a-las-9.05.35.jpg 800w\" sizes=\"auto, (max-width: 700px) 100vw, 700px\" \/><\/figure>\n<\/div>\n\n\n<p><\/p>\n\n\n\n<h3 class=\"wp-block-heading has-text-align-center\">Participaci\u00f3n II Congreso Internacional de Metodolog\u00eda de Investigaci\u00f3n en Ciencias Sociales Qualitativa<\/h3>\n\n\n\n<p class=\"has-text-align-center has-small-font-size\">10, 11 y 12 de abril de 2024<\/p>\n\n\n\n<p>El Proyecto MigraNEE ha participado con la Comunicaci\u00f3n <em><strong>Investigando desde la mirada antropol\u00f3gica en espacios escolares: el Proyecto MigraNEE<\/strong><\/em>, con Carla Alba Pulido, Marta Zornoza Madrid, Clara Bravo Torres y Mar\u00eda Rubio G\u00f3mez. <\/p>\n\n\n\n<p class=\"has-text-align-center has-small-font-size\"><strong>Instituto de Migraciones \u00b7 Universidad de Granada y Universidad de C\u00f3rdoba.<\/strong><\/p>\n<\/div>\n<\/div>\n","protected":false},"excerpt":{"rendered":"<p>DIVULGACI\u00d3N Mostramos los espacios en los que el proyecto se comparte y discute. Participaci\u00f3n en el 10\u00ba Congreso Internacional de Antropolog\u00eda AIBR 9, 10, 11 y 12 de julio de 2024 El Proyecto MigraNEE ha participado con el Panel Construcci\u00f3n de la diferencia en espacios escolares: aproximaciones etnogr\u00e1ficas, coordinado por Mar\u00eda Rubio G\u00f3mez. Se presentaron [&hellip;]<\/p>\n","protected":false},"author":661,"featured_media":0,"parent":0,"menu_order":0,"comment_status":"closed","ping_status":"closed","template":"","meta":{"_genesis_hide_title":false,"_genesis_hide_breadcrumbs":true,"_genesis_hide_singular_image":false,"_genesis_hide_footer_widgets":false,"_genesis_custom_body_class":"","_genesis_custom_post_class":"","_genesis_layout":"full-width-content","footnotes":""},"categories":[],"tags":[],"class_list":{"0":"post-271","1":"page","2":"type-page","3":"status-publish","5":"entry","6":"has-post-thumbnail"},"_links":{"self":[{"href":"https:\/\/blogs.ugr.es\/migranee\/wp-json\/wp\/v2\/pages\/271","targetHints":{"allow":["GET"]}}],"collection":[{"href":"https:\/\/blogs.ugr.es\/migranee\/wp-json\/wp\/v2\/pages"}],"about":[{"href":"https:\/\/blogs.ugr.es\/migranee\/wp-json\/wp\/v2\/types\/page"}],"author":[{"embeddable":true,"href":"https:\/\/blogs.ugr.es\/migranee\/wp-json\/wp\/v2\/users\/661"}],"replies":[{"embeddable":true,"href":"https:\/\/blogs.ugr.es\/migranee\/wp-json\/wp\/v2\/comments?post=271"}],"version-history":[{"count":3,"href":"https:\/\/blogs.ugr.es\/migranee\/wp-json\/wp\/v2\/pages\/271\/revisions"}],"predecessor-version":[{"id":1417,"href":"https:\/\/blogs.ugr.es\/migranee\/wp-json\/wp\/v2\/pages\/271\/revisions\/1417"}],"wp:attachment":[{"href":"https:\/\/blogs.ugr.es\/migranee\/wp-json\/wp\/v2\/media?parent=271"}],"wp:term":[{"taxonomy":"category","embeddable":true,"href":"https:\/\/blogs.ugr.es\/migranee\/wp-json\/wp\/v2\/categories?post=271"},{"taxonomy":"post_tag","embeddable":true,"href":"https:\/\/blogs.ugr.es\/migranee\/wp-json\/wp\/v2\/tags?post=271"}],"curies":[{"name":"wp","href":"https:\/\/api.w.org\/{rel}","templated":true}]}}

<div class="wp-block-image is-style-rounded">
<figure class="aligncenter size-full is-resized"><img loading="lazy" decoding="async" width="800" height="800" src="https://blogs.ugr.es/migranee/wp-content/uploads/sites/147/2024/05/DIVULGACIÓN.png" alt="" class="wp-image-951" style="width:150px;height:150px" srcset="https://blogs.ugr.es/migranee/wp-content/uploads/sites/147/2024/05/DIVULGACIÓN.png 800w, https://blogs.ugr.es/migranee/wp-content/uploads/sites/147/2024/05/DIVULGACIÓN-300x300.png 300w, https://blogs.ugr.es/migranee/wp-content/uploads/sites/147/2024/05/DIVULGACIÓN-700x700.png 700w, https://blogs.ugr.es/migranee/wp-content/uploads/sites/147/2024/05/DIVULGACIÓN-150x150.png 150w, https://blogs.ugr.es/migranee/wp-content/uploads/sites/147/2024/05/DIVULGACIÓN-100x100.png 100w" sizes="auto, (max-width: 800px) 100vw, 800px" /></figure>
</div>


<p></p>



<h2 class="wp-block-heading has-text-align-center has-vivid-cyan-blue-color has-text-color has-link-color wp-elements-49c30c534cc300c7adb8732a8b5ddcf2" style="letter-spacing:1px">DIVULGACIÓN</h2>



<p class="has-text-align-center">Mostramos los espacios en los que el proyecto se comparte y discute. </p>


<div class="wp-block-image">
<figure class="aligncenter size-large is-resized"><img loading="lazy" decoding="async" width="700" height="525" src="https://blogs.ugr.es/migranee/wp-content/uploads/sites/147/2024/07/aibr1-700x525.jpeg" alt="" class="wp-image-1148" style="width:452px;height:auto" /></figure>
</div>


<h3 class="wp-block-heading has-text-align-center">Participación en el 10º Congreso Internacional de Antropología AIBR</h3>



<p class="has-text-align-center has-small-font-size">9, 10, 11 y 12 de julio de 2024</p>



<p class="has-text-align-left">El Proyecto MigraNEE ha participado con el Panel <em><strong>Construcción de la diferencia en espacios escolares: aproximaciones etnográficas</strong></em>, coordinado por María Rubio Gómez. Se presentaron <a href="https://blogs.ugr.es/migranee/el-proyecto-migranee-en-el-10o-congreso-aibr-2024-en-madrid/" data-type="link" data-id="https://blogs.ugr.es/migranee/el-proyecto-migranee-en-el-10o-congreso-aibr-2024-en-madrid/">cinco comunicaciones</a> por doce miembros del Proyecto MigraNEE: María Rubio Gómez y José Castilla Segura; F. Javier García Castaño, Marta Zornoza Madrid y Lucía Lerma Parra; Carmen Clara Bravo Torres e Irene López Fogués; Gloria Calabresi y Carla Alba Pulido; Raquel Martínez Chicón, Silvina Monteros Obelar y Habiba Hadjab Boudiaf.  </p>



<p class="has-text-align-center has-small-font-size"><strong>Instituto de Migraciones · Universidad de Granada,  Universidad de Córdoba y Universidad de Almería.</strong></p>



<div class="wp-block-columns is-layout-flex wp-container-core-columns-is-layout-9d6595d7 wp-block-columns-is-layout-flex">
<div class="wp-block-column is-layout-flow wp-block-column-is-layout-flow">
<figure class="wp-block-image size-large"><img loading="lazy" decoding="async" width="700" height="510" src="https://blogs.ugr.es/migranee/wp-content/uploads/sites/147/2024/07/Captura-de-Pantalla-2024-07-03-a-las-8.23.19-700x510.jpg" alt="" class="wp-image-1134" srcset="https://blogs.ugr.es/migranee/wp-content/uploads/sites/147/2024/07/Captura-de-Pantalla-2024-07-03-a-las-8.23.19-700x510.jpg 700w, https://blogs.ugr.es/migranee/wp-content/uploads/sites/147/2024/07/Captura-de-Pantalla-2024-07-03-a-las-8.23.19-300x219.jpg 300w, https://blogs.ugr.es/migranee/wp-content/uploads/sites/147/2024/07/Captura-de-Pantalla-2024-07-03-a-las-8.23.19.jpg 800w" sizes="auto, (max-width: 700px) 100vw, 700px" /></figure>



<h3 class="wp-block-heading has-text-align-center">Participación II Congreso Internacional de Antropología Feminista</h3>



<p class="has-text-align-center has-small-font-size">1, 2 y 3 de julio de 2024</p>



<p class="has-text-align-left">El Proyecto MigraNEE ha participado con la Comunicación <em><strong>Dilemas desde una Propuesta de Etnografía Escolar en el contexto de la Educación Especial en el estado español</strong></em>, con María Rubio Gómez, Carla Alba Pulido y Gloria Calabresi.</p>



<p class="has-text-align-center has-small-font-size"><strong>Instituto de Migraciones · Universidad de Granada y Universidad de Almería. </strong></p>
</div>



<div class="wp-block-column is-layout-flow wp-block-column-is-layout-flow"><div class="wp-block-image">
<figure class="aligncenter size-large is-resized"><img loading="lazy" decoding="async" width="700" height="501" src="https://blogs.ugr.es/migranee/wp-content/uploads/sites/147/2024/07/Captura-de-pantalla-2024-07-23-a-las-9.05.35-700x501.jpg" alt="" class="wp-image-1168" style="width:416px;height:auto" srcset="https://blogs.ugr.es/migranee/wp-content/uploads/sites/147/2024/07/Captura-de-pantalla-2024-07-23-a-las-9.05.35-700x501.jpg 700w, https://blogs.ugr.es/migranee/wp-content/uploads/sites/147/2024/07/Captura-de-pantalla-2024-07-23-a-las-9.05.35-300x215.jpg 300w, https://blogs.ugr.es/migranee/wp-content/uploads/sites/147/2024/07/Captura-de-pantalla-2024-07-23-a-las-9.05.35.jpg 800w" sizes="auto, (max-width: 700px) 100vw, 700px" /></figure>
</div>


<p></p>



<h3 class="wp-block-heading has-text-align-center">Participación II Congreso Internacional de Metodología de Investigación en Ciencias Sociales Qualitativa</h3>



<p class="has-text-align-center has-small-font-size">10, 11 y 12 de abril de 2024</p>



<p>El Proyecto MigraNEE ha participado con la Comunicación <em><strong>Investigando desde la mirada antropológica en espacios escolares: el Proyecto MigraNEE</strong></em>, con Carla Alba Pulido, Marta Zornoza Madrid, Clara Bravo Torres y María Rubio Gómez. </p>



<p class="has-text-align-center has-small-font-size"><strong>Instituto de Migraciones · Universidad de Granada y Universidad de Córdoba.</strong></p>
</div>
</div>

<p>DIVULGACIÓN Mostramos los espacios en los que el proyecto se comparte y discute. Participación en el 10º Congreso Internacional de Antropología AIBR 9, 10, 11 y 12 de julio de 2024 El Proyecto MigraNEE ha participado con el Panel Construcción de la diferencia en espacios escolares: aproximaciones etnográficas, coordinado por María Rubio Gómez. Se presentaron [&hellip;]</p>
