{"id":913,"date":"2024-05-15T11:40:31","date_gmt":"2024-05-15T09:40:31","guid":{"rendered":"https:\/\/blogs.ugr.es\/migranee\/?page_id=913"},"modified":"2024-05-15T12:16:00","modified_gmt":"2024-05-15T10:16:00","slug":"015-la-rioja","status":"publish","type":"page","link":"https:\/\/blogs.ugr.es\/migranee\/legislacion\/015-la-rioja\/","title":{"rendered":"015 La Rioja"},"content":{"rendered":"\n<p style=\"font-size:15px\">Orden de documentos por orden alfab\u00e9tico:<\/p>\n\n\n\n<ul class=\"wp-block-list\" style=\"font-size:12px\">\n<li>Consejer\u00eda de Educaci\u00f3n Cultura Deporte y Juventud. (2022). Orden EDC\/16\/2022, de 21 de abril, por la que se modifica la Orden EDC\/20\/2021, de 22 de abril, por la que se regula el procedimiento de admisi\u00f3n del alumnado en los centros docentes p\u00fablicos y privados concertados que imparten ense\u00f1anzas de segundo ciclo de educaci\u00f3n infantil, educaci\u00f3n primaria, educaci\u00f3n secundaria obligatoria y bachillerato. <em>Bolet\u00edn Oficial de La Rioja<\/em>, <em>76<\/em>, 5888\u20135889. http:\/\/www.larioja.org\/verificacion<\/li>\n<\/ul>\n\n\n\n<ul class=\"wp-block-list\" style=\"font-size:12px\">\n<li>Consejer\u00eda de Educaci\u00f3n Formaci\u00f3n y Empleo. (2018). Orden EDU\/53\/2018, de 31 de julio, por la que se regula la Evaluaci\u00f3n Psicopedag\u00f3gica en los centros sostenidos con fondos p\u00fablicos de La Rioja. <em>Bolet\u00edn Oficial de La Rioja<\/em>, <em>91<\/em>, 11136\u201311153. http:\/\/www.larioja.org\/verificacion<\/li>\n<\/ul>\n\n\n\n<ul class=\"wp-block-list\" style=\"font-size:12px\">\n<li>Direcci\u00f3n General de Educaci\u00f3n. (2012). Protocolo de Intervenci\u00f3n educativa con el alumnado con TDAH. In <em>Gobierno de La Rioja<\/em>.<\/li>\n<\/ul>\n\n\n\n<ul class=\"wp-block-list\" style=\"font-size:12px\">\n<li>Direcci\u00f3n General de Educaci\u00f3n. (2014). Resoluci\u00f3n n\u00famero 3452, de 6 de noviembre de 2014, de la Direcci\u00f3n General de Educaci\u00f3n, por la que se dictan instrucciones para establecer el cat\u00e1logo de actuaciones generales y medidas ordinarias y espec\u00edficas de respuesta educativa a la diversidad del alumnado en la Comunidad Aut\u00f3noma de La Rioja. <em>Bolet\u00edn Oficial de La Rioja<\/em>, <em>146<\/em>, 23341\u201323344. http:\/\/www.larioja.org\/verificacion<\/li>\n<\/ul>\n\n\n\n<ul class=\"wp-block-list\" style=\"font-size:12px\">\n<li>Direcci\u00f3n General de Educaci\u00f3n. (2018). Resoluci\u00f3n de 16 de julio de 2018, de la Direcci\u00f3n General de Educaci\u00f3n, por la que se dictan instrucciones que regulan los Servicios de Orientaci\u00f3n Educativa en los centros docentes de la Comunidad Aut\u00f3noma de La Rioja. <em>Bolet\u00edn Oficial de La Rioja<\/em>, <em>87<\/em>, 10472\u201310498. http:\/\/www.larioja.org\/verificacion<\/li>\n<\/ul>\n\n\n\n<ul class=\"wp-block-list\" style=\"font-size:12px\">\n<li>Direcci\u00f3n General de Innovaci\u00f3n Educativa. (2023). Resoluci\u00f3n 38\/2023, de 6 de junio, de la Direcci\u00f3n General de Innovaci\u00f3n Educativa, por la que se dictan instrucciones para el establecimiento y funcionamiento de medidas inclusivas para alumnado con necesidades educativas especiales asociadas al espectro autista escolarizado en segundo ciclo de Educaci\u00f3n Infantil, en Educaci\u00f3n Primaria y en Educaci\u00f3n Secundaria Obligatoria en centros docentes sostenidos con fondos p\u00fablicos de la Comunidad Aut\u00f3noma de La Rioja para el curso 2023\/2024. <em>Bolet\u00edn Oficial de La Rioja<\/em>, <em>118<\/em>, 11750\u201311763. http:\/\/www.larioja.org\/verificacion<\/li>\n<\/ul>\n\n\n\n<ul class=\"wp-block-list\" style=\"font-size:12px\">\n<li>Direcci\u00f3n General de Innovaci\u00f3n y Ordenaci\u00f3n Educativa. (2023a). Correcci\u00f3n de errores en la Resoluci\u00f3n 69\/2023, de 4 de octubre, de la Direcci\u00f3n General de Innovaci\u00f3n y Ordenaci\u00f3n Educativa, por la que se resuelve la convocatoria de los centros p\u00fablicos ubicados en zona rural para el desarrollo del Programa de Cooperaci\u00f3n Territorial de Educaci\u00f3n Inclusiva en la Comunidad Aut\u00f3noma de La Rioja en el curso 2023-2024. <em>Bolet\u00edn Oficial de La Rioja<\/em>, <em>214<\/em>, 18605. http:\/\/www.larioja.org\/verificacion<\/li>\n<\/ul>\n\n\n\n<ul class=\"wp-block-list\" style=\"font-size:12px\">\n<li>Direcci\u00f3n General de Innovaci\u00f3n y Ordenaci\u00f3n Educativa. (2023b). Resoluci\u00f3n 63\/2023, de 22 de agosto, de la Direcci\u00f3n General de Innovaci\u00f3n y Ordenaci\u00f3n Educativa, por la que se regula el Programa de Aulas terap\u00e9utico-educativas en centros docentes sostenidos con fondos p\u00fablicos de la Comunidad Aut\u00f3noma de La Rioja. <em>Bolet\u00edn Oficial de La Rioja<\/em>, <em>175<\/em>, 16498\u201316508. http:\/\/www.larioja.org\/verificacion<\/li>\n<\/ul>\n\n\n\n<ul class=\"wp-block-list\" style=\"font-size:12px\">\n<li>Direcci\u00f3n General de Innovaci\u00f3n y Ordenaci\u00f3n Educativa. (2023c). Resoluci\u00f3n 69\/2023, de 4 de octubre, de la Direcci\u00f3n General de Innovaci\u00f3n y Ordenaci\u00f3n Educativa, por la que se resuelve la convocatoria de los centros p\u00fablicos ubicados en zona rural para el desarrollo del Programa de Cooperaci\u00f3n Territorial de Educaci\u00f3n Inclusiva en la Comunidad Aut\u00f3noma de La Rioja en el curso 2023-2024. <em>Bolet\u00edn Oficial de La Rioja<\/em>, <em>204<\/em>, 17983\u201317986. http:\/\/www.larioja.org\/verificacion<\/li>\n<\/ul>\n\n\n\n<ul class=\"wp-block-list\" style=\"font-size:12px\">\n<li>Direcci\u00f3n General de Innovaci\u00f3n y Ordenaci\u00f3n Educativa. (2023d). Resoluci\u00f3n 75\/2023, de 29 de noviembre, de la Direcci\u00f3n General de Innovaci\u00f3n y Ordenaci\u00f3n Educativa, por la que se regulan determinados aspectos sobre la organizaci\u00f3n, evaluaci\u00f3n y la promoci\u00f3n en la Educaci\u00f3n Primaria en la Comunidad Aut\u00f3noma de La Rioja, en el curso 2023\/2024. <em>Bolet\u00edn Oficial de La Rioja<\/em>, <em>242<\/em>, 21029\u201321049. http:\/\/www.larioja.org\/verificacion<\/li>\n<\/ul>\n\n\n\n<ul class=\"wp-block-list\" style=\"font-size:12px\">\n<li>Direcci\u00f3n General de Innovaci\u00f3n y Ordenaci\u00f3n Educativa. (2024). Circular de la Direcci\u00f3n General de Innovaci\u00f3n y Ordenaci\u00f3n Educativa por la que se dictan Instrucciones en relaci\u00f3n con el procedimiento de escolarizaci\u00f3n del alumnado con necesidades educativas especiales y alumnado con necesidad espec\u00edfica de apoyo educativo en los centros docentes sostenidos con fondos p\u00fablicos de la Comunidad Aut\u00f3noma de La Rioja para el curso acad\u00e9mico 2024\/2025. In <em>Viceconsejer\u00eda de Educaci\u00f3n Universidades y Formaci\u00f3n Profesional<\/em>. https:\/\/www.larioja.org\/verificacion<\/li>\n<\/ul>\n\n\n\n<ul class=\"wp-block-list\" style=\"font-size:12px\">\n<li>Educaci\u00f3n Formaci\u00f3n y Empleo. (2018). Plan integral de coordinaci\u00f3n entre Educaci\u00f3n, Salud, Servicios Sociales y Justicia para aulas terap\u00e9utico educativas para alumnado con necesidades educativas especiales asociadas a graves trastornos de personalidad (Aulas GTP). In <em>Gobierno de la Rioja<\/em>.<\/li>\n<\/ul>\n\n\n\n<p><\/p>\n\n\n\n<p><\/p>\n\n\n\n<p class=\"has-text-align-center\" style=\"font-size:15px;letter-spacing:1px\">Todas las referencias corresponden a la versi\u00f3n <strong>7\u00aa del formato APA<\/strong> (American Psychological Association, 2020).<\/p>\n","protected":false},"excerpt":{"rendered":"<p>Orden de documentos por orden alfab\u00e9tico: Todas las referencias corresponden a la versi\u00f3n 7\u00aa del formato APA (American Psychological Association, 2020).<\/p>\n","protected":false},"author":661,"featured_media":0,"parent":270,"menu_order":0,"comment_status":"closed","ping_status":"closed","template":"","meta":{"_genesis_hide_title":false,"_genesis_hide_breadcrumbs":false,"_genesis_hide_singular_image":false,"_genesis_hide_footer_widgets":false,"_genesis_custom_body_class":"","_genesis_custom_post_class":"","_genesis_layout":"","footnotes":""},"categories":[],"tags":[],"class_list":{"0":"post-913","1":"page","2":"type-page","3":"status-publish","5":"entry"},"_links":{"self":[{"href":"https:\/\/blogs.ugr.es\/migranee\/wp-json\/wp\/v2\/pages\/913","targetHints":{"allow":["GET"]}}],"collection":[{"href":"https:\/\/blogs.ugr.es\/migranee\/wp-json\/wp\/v2\/pages"}],"about":[{"href":"https:\/\/blogs.ugr.es\/migranee\/wp-json\/wp\/v2\/types\/page"}],"author":[{"embeddable":true,"href":"https:\/\/blogs.ugr.es\/migranee\/wp-json\/wp\/v2\/users\/661"}],"replies":[{"embeddable":true,"href":"https:\/\/blogs.ugr.es\/migranee\/wp-json\/wp\/v2\/comments?post=913"}],"version-history":[{"count":2,"href":"https:\/\/blogs.ugr.es\/migranee\/wp-json\/wp\/v2\/pages\/913\/revisions"}],"predecessor-version":[{"id":945,"href":"https:\/\/blogs.ugr.es\/migranee\/wp-json\/wp\/v2\/pages\/913\/revisions\/945"}],"up":[{"embeddable":true,"href":"https:\/\/blogs.ugr.es\/migranee\/wp-json\/wp\/v2\/pages\/270"}],"wp:attachment":[{"href":"https:\/\/blogs.ugr.es\/migranee\/wp-json\/wp\/v2\/media?parent=913"}],"wp:term":[{"taxonomy":"category","embeddable":true,"href":"https:\/\/blogs.ugr.es\/migranee\/wp-json\/wp\/v2\/categories?post=913"},{"taxonomy":"post_tag","embeddable":true,"href":"https:\/\/blogs.ugr.es\/migranee\/wp-json\/wp\/v2\/tags?post=913"}],"curies":[{"name":"wp","href":"https:\/\/api.w.org\/{rel}","templated":true}]}}