{"id":119,"date":"2018-01-22T09:22:43","date_gmt":"2018-01-22T08:22:43","guid":{"rendered":"https:\/\/blogs.ugr.es\/mruizg\/?page_id=119"},"modified":"2021-06-18T11:28:20","modified_gmt":"2021-06-18T09:28:20","slug":"inicio","status":"publish","type":"page","link":"https:\/\/blogs.ugr.es\/mruizg\/","title":{"rendered":"Inicio"},"content":{"rendered":"<p>Te doy la bienvenida a esta web, en la que encontrar\u00e1s informaci\u00f3n sobre mi docencia e investigaci\u00f3n.<\/p>\n<p>&nbsp;<\/p>\n<p style=\"padding-left: 80px\"><img loading=\"lazy\" decoding=\"async\" class=\"alignright wp-image-434 size-thumbnail\" src=\"https:\/\/blogs.ugr.es\/mruizg\/wp-content\/uploads\/sites\/13\/2018\/12\/foto-manolo-150x150.jpg\" alt=\"Fotograf\u00eda de Manuel Ruiz Gal\u00e1n\" width=\"150\" height=\"150\" srcset=\"https:\/\/blogs.ugr.es\/mruizg\/wp-content\/uploads\/sites\/13\/2018\/12\/foto-manolo-150x150.jpg 150w, https:\/\/blogs.ugr.es\/mruizg\/wp-content\/uploads\/sites\/13\/2018\/12\/foto-manolo-100x100.jpg 100w\" sizes=\"auto, (max-width: 150px) 100vw, 150px\" \/>Manuel Ruiz Gal\u00e1n<\/p>\n<p style=\"padding-left: 80px\">Departamento de Matem\u00e1tica Aplicada<\/p>\n<p style=\"padding-left: 80px\">E.T.S. de Ingenier\u00eda de Edificaci\u00f3n, despacho n\u00ba 27<\/p>\n<p style=\"padding-left: 80px\">Universidad de Granada<\/p>\n<p style=\"padding-left: 80px\">E-mail: <a href=\"&#x6d;a&#x69;&#108;&#x74;&#111;&#x3a;&#x6d;r&#x75;&#105;&#x7a;&#103;&#x40;&#117;g&#x72;&#46;&#x65;&#115;\">&#x6d;&#x72;&#x75;&#x69;&#x7a;&#x67;&#x40;&#117;&#103;&#114;&#46;&#101;s<\/a><\/p>\n","protected":false},"excerpt":{"rendered":"<p>Te doy la bienvenida a esta web, en la que encontrar\u00e1s informaci\u00f3n sobre mi docencia e investigaci\u00f3n. &nbsp; Manuel Ruiz Gal\u00e1n Departamento de Matem\u00e1tica Aplicada E.T.S. de Ingenier\u00eda de Edificaci\u00f3n, despacho n\u00ba 27 Universidad de Granada E-mail: m&#114;&#117;&#x69;&#x7a;&#x67;&#64;u&#103;&#114;&#x2e;&#x65;&#x73;<\/p>\n","protected":false},"author":16,"featured_media":0,"parent":0,"menu_order":0,"comment_status":"closed","ping_status":"closed","template":"","meta":{"_genesis_hide_title":false,"_genesis_hide_breadcrumbs":false,"_genesis_hide_singular_image":false,"_genesis_hide_footer_widgets":false,"_genesis_custom_body_class":"","_genesis_custom_post_class":"","_genesis_layout":"","footnotes":""},"categories":[],"tags":[],"class_list":{"0":"post-119","1":"page","2":"type-page","3":"status-publish","5":"entry","6":"has-post-thumbnail"},"_links":{"self":[{"href":"https:\/\/blogs.ugr.es\/mruizg\/wp-json\/wp\/v2\/pages\/119","targetHints":{"allow":["GET"]}}],"collection":[{"href":"https:\/\/blogs.ugr.es\/mruizg\/wp-json\/wp\/v2\/pages"}],"about":[{"href":"https:\/\/blogs.ugr.es\/mruizg\/wp-json\/wp\/v2\/types\/page"}],"author":[{"embeddable":true,"href":"https:\/\/blogs.ugr.es\/mruizg\/wp-json\/wp\/v2\/users\/16"}],"replies":[{"embeddable":true,"href":"https:\/\/blogs.ugr.es\/mruizg\/wp-json\/wp\/v2\/comments?post=119"}],"version-history":[{"count":3,"href":"https:\/\/blogs.ugr.es\/mruizg\/wp-json\/wp\/v2\/pages\/119\/revisions"}],"predecessor-version":[{"id":805,"href":"https:\/\/blogs.ugr.es\/mruizg\/wp-json\/wp\/v2\/pages\/119\/revisions\/805"}],"wp:attachment":[{"href":"https:\/\/blogs.ugr.es\/mruizg\/wp-json\/wp\/v2\/media?parent=119"}],"wp:term":[{"taxonomy":"category","embeddable":true,"href":"https:\/\/blogs.ugr.es\/mruizg\/wp-json\/wp\/v2\/categories?post=119"},{"taxonomy":"post_tag","embeddable":true,"href":"https:\/\/blogs.ugr.es\/mruizg\/wp-json\/wp\/v2\/tags?post=119"}],"curies":[{"name":"wp","href":"https:\/\/api.w.org\/{rel}","templated":true}]}}