{"id":201,"date":"2025-04-25T10:12:22","date_gmt":"2025-04-25T08:12:22","guid":{"rendered":"https:\/\/blogs.ugr.es\/mujerpapelytijera\/?page_id=201"},"modified":"2025-05-14T00:01:50","modified_gmt":"2025-05-13T22:01:50","slug":"las-editoras","status":"publish","type":"page","link":"https:\/\/blogs.ugr.es\/mujerpapelytijera\/las-editoras\/","title":{"rendered":"Las editoras"},"content":{"rendered":"<p><img loading=\"lazy\" decoding=\"async\" class=\"alignleft wp-image-284\" src=\"https:\/\/blogs.ugr.es\/mujerpapelytijera\/wp-content\/uploads\/sites\/170\/2025\/05\/Captura-de-pantalla-2025-05-13-a-las-18.14.05.jpg\" alt=\"\" width=\"200\" height=\"173\" \/><\/p>\n<p><strong>Marina Beloki<\/strong> es cofundadora y editora de Continta Me Tienes, editorial independiente, fundada en 2011, con un marcado car\u00e1cter pol\u00edtico especializada en la publicaci\u00f3n de libros de feminismos, no monogamias, LGTBQIA+ y artes esc\u00e9nicas.<\/p>\n<p>&nbsp;<\/p>\n<p>&nbsp;<\/p>\n<p>&nbsp;<\/p>\n<p><img loading=\"lazy\" decoding=\"async\" class=\"alignleft wp-image-285\" src=\"https:\/\/blogs.ugr.es\/mujerpapelytijera\/wp-content\/uploads\/sites\/170\/2025\/05\/Captura-de-pantalla-2025-05-13-a-las-18.06.30.jpg\" alt=\"\" width=\"200\" height=\"172\" \/><\/p>\n<p><b>Eug\u00e8nia Broggi <\/b>es editora, fundadora y directora de L&#8217;altra editorial. Ha sido vocal de la junta directiva de la Asociaci\u00f3n de Editores en Lengua Catalana. Formada en Filolog\u00eda Rom\u00e1nica, fue lectora y editora de la Editorial Anagrama entre los a\u00f1os 2002 y 2004 y, entre 2004 y 2013, editora del Grup 62 en sellos como El Aleph Editores, Editorial Amp\u00faries o Labutxaca.<\/p>\n<p>&nbsp;<\/p>\n<p>&nbsp;<\/p>\n<p><img loading=\"lazy\" decoding=\"async\" class=\"alignleft wp-image-302\" src=\"https:\/\/blogs.ugr.es\/mujerpapelytijera\/wp-content\/uploads\/sites\/170\/2025\/05\/Captura-de-pantalla-2025-05-13-a-las-20.38.51-300x288.jpg\" alt=\"\" width=\"200\" height=\"192\" srcset=\"https:\/\/blogs.ugr.es\/mujerpapelytijera\/wp-content\/uploads\/sites\/170\/2025\/05\/Captura-de-pantalla-2025-05-13-a-las-20.38.51-300x288.jpg 300w, https:\/\/blogs.ugr.es\/mujerpapelytijera\/wp-content\/uploads\/sites\/170\/2025\/05\/Captura-de-pantalla-2025-05-13-a-las-20.38.51-700x671.jpg 700w, https:\/\/blogs.ugr.es\/mujerpapelytijera\/wp-content\/uploads\/sites\/170\/2025\/05\/Captura-de-pantalla-2025-05-13-a-las-20.38.51.jpg 800w\" sizes=\"auto, (max-width: 200px) 100vw, 200px\" \/><\/p>\n<p><b>N\u00faria Cabut\u00ed\u00a0<\/b>es la actual directora del grupo Penguin Random House Mondadori. Su formaci\u00f3n se centra en el \u00e1rea de la econom\u00eda y fue en ese \u00e1mbito en el que se introdujo en el sector editorial y, concretamente, en el grupo Bertelsmann ya en 1992. En 2023, fue incluida por la revista Forbes en la lista de las 100 mujeres m\u00e1s influyentes de Espa\u00f1a.<\/p>\n<p>&nbsp;<\/p>\n<p>&nbsp;<\/p>\n<p>&nbsp;<\/p>\n<p><img loading=\"lazy\" decoding=\"async\" class=\"alignleft wp-image-304\" src=\"https:\/\/blogs.ugr.es\/mujerpapelytijera\/wp-content\/uploads\/sites\/170\/2025\/05\/Captura-de-pantalla-2025-05-13-a-las-22.11.49-300x300.jpg\" alt=\"\" width=\"200\" height=\"199\" srcset=\"https:\/\/blogs.ugr.es\/mujerpapelytijera\/wp-content\/uploads\/sites\/170\/2025\/05\/Captura-de-pantalla-2025-05-13-a-las-22.11.49-300x300.jpg 300w, https:\/\/blogs.ugr.es\/mujerpapelytijera\/wp-content\/uploads\/sites\/170\/2025\/05\/Captura-de-pantalla-2025-05-13-a-las-22.11.49-700x697.jpg 700w, https:\/\/blogs.ugr.es\/mujerpapelytijera\/wp-content\/uploads\/sites\/170\/2025\/05\/Captura-de-pantalla-2025-05-13-a-las-22.11.49-150x150.jpg 150w, https:\/\/blogs.ugr.es\/mujerpapelytijera\/wp-content\/uploads\/sites\/170\/2025\/05\/Captura-de-pantalla-2025-05-13-a-las-22.11.49.jpg 800w\" sizes=\"auto, (max-width: 200px) 100vw, 200px\" \/><\/p>\n<p><b>Salom\u00e9 Cohen\u00a0<\/b>es una de las editoras m\u00e1s reconocidas del sector del libro en Colombia. Es editora de los sellos Random House y Penguin Cl\u00e1sicos de Penguin Random House en Colombia desde hace dos a\u00f1os, habi\u00e9ndose desarrollado previamente en el sector independiente, concretamente en Laguna Libros. Ha sido la \u00fanica editora en lengua espa\u00f1ola seleccionada en el programa Fellowship de la Feria del Libro de Frankfurt en 2024.<\/p>\n<p>&nbsp;<\/p>\n<p>&nbsp;<\/p>\n<p><img loading=\"lazy\" decoding=\"async\" class=\"alignleft wp-image-290\" src=\"https:\/\/blogs.ugr.es\/mujerpapelytijera\/wp-content\/uploads\/sites\/170\/2025\/05\/Captura-de-pantalla-2025-05-13-a-las-18.35.42.jpg\" alt=\"\" width=\"200\" height=\"180\" \/><\/p>\n<p><b>Leonora Djament\u00a0<\/b>es la directora editorial de la argentina Eterna Cadencia desde 2007. Es licenciada en Letras por la Universidad de Buenos Aires y se ha desarrollado en el \u00e1mbito acad\u00e9mico como investigadora, cr\u00edtica literaria y profesora universitaria desde 1996. Fue editora de las l\u00edneas de ensayo en Alfaguara. Desde enero de 2000 hasta octubre de 2007 estuvo a cargo de la Direcci\u00f3n Editorial de Grupo Editorial Norma. En 2015 fue reconocida como Editor\/a del a\u00f1o por la Fundaci\u00f3n El Libro.<\/p>\n<p>&nbsp;<\/p>\n<p>&nbsp;<\/p>\n<p><b><img loading=\"lazy\" decoding=\"async\" class=\"alignleft wp-image-311\" src=\"https:\/\/blogs.ugr.es\/mujerpapelytijera\/wp-content\/uploads\/sites\/170\/2025\/05\/WhatsApp-Image-2025-05-13-at-23.55.04-1-300x297.jpeg\" alt=\"\" width=\"200\" height=\"198\" srcset=\"https:\/\/blogs.ugr.es\/mujerpapelytijera\/wp-content\/uploads\/sites\/170\/2025\/05\/WhatsApp-Image-2025-05-13-at-23.55.04-1-300x297.jpeg 300w, https:\/\/blogs.ugr.es\/mujerpapelytijera\/wp-content\/uploads\/sites\/170\/2025\/05\/WhatsApp-Image-2025-05-13-at-23.55.04-1-150x150.jpeg 150w, https:\/\/blogs.ugr.es\/mujerpapelytijera\/wp-content\/uploads\/sites\/170\/2025\/05\/WhatsApp-Image-2025-05-13-at-23.55.04-1.jpeg 585w\" sizes=\"auto, (max-width: 200px) 100vw, 200px\" \/><\/b><\/p>\n<p><b>Ana Del Arco\u00a0<\/b>es abogada especializada en propiedad intelectual y asesoramiento a industrias culturales. Es directora de publicaciones de la editorial acad\u00e9mica granadina Comares y autora de publicaciones relacionadas con su especialidad como\u00a0<em>El archivo de Internet <\/em>(2016), junto a Luna Rojas Sosa, o <em>Digitalizaci\u00f3n de editoriales acad\u00e9micas. Pol\u00edticas cient\u00edficas e investigaci\u00f3n (2022), <\/em>junto a Elea Gim\u00e9nez Toledo.<\/p>\n<p>&nbsp;<\/p>\n<p>&nbsp;<\/p>\n<p><img loading=\"lazy\" decoding=\"async\" class=\"alignleft wp-image-305\" src=\"https:\/\/blogs.ugr.es\/mujerpapelytijera\/wp-content\/uploads\/sites\/170\/2025\/05\/Captura-de-pantalla-2025-05-13-a-las-21.11.57-2-300x271.jpg\" alt=\"\" width=\"200\" height=\"181\" srcset=\"https:\/\/blogs.ugr.es\/mujerpapelytijera\/wp-content\/uploads\/sites\/170\/2025\/05\/Captura-de-pantalla-2025-05-13-a-las-21.11.57-2-300x271.jpg 300w, https:\/\/blogs.ugr.es\/mujerpapelytijera\/wp-content\/uploads\/sites\/170\/2025\/05\/Captura-de-pantalla-2025-05-13-a-las-21.11.57-2-700x633.jpg 700w, https:\/\/blogs.ugr.es\/mujerpapelytijera\/wp-content\/uploads\/sites\/170\/2025\/05\/Captura-de-pantalla-2025-05-13-a-las-21.11.57-2.jpg 800w\" sizes=\"auto, (max-width: 200px) 100vw, 200px\" \/><\/p>\n<p><strong>Patricia Escalona<\/strong> ha trabajado durante m\u00e1s de 20 a\u00f1os en el mundo del libro: desde la elaboraci\u00f3n de informes de lectura para Ediciones B durante su etapa universitaria hasta su experiencia neoyorkina en The New Press. Ha sido directora editorial en Roca Editorial durante 11 a\u00f1os. Posteriormente, trabaj\u00f3 en Malpaso, donde destaca su labor en la edici\u00f3n de libros feministas de ficci\u00f3n y no ficci\u00f3n.<\/p>\n<p>&nbsp;<\/p>\n<p>&nbsp;<\/p>\n<p>&nbsp;<\/p>\n<p><img loading=\"lazy\" decoding=\"async\" class=\"alignleft wp-image-286\" src=\"https:\/\/blogs.ugr.es\/mujerpapelytijera\/wp-content\/uploads\/sites\/170\/2025\/05\/Captura-de-pantalla-2025-05-13-a-las-18.18.26.jpg\" alt=\"\" width=\"200\" height=\"180\" \/><\/p>\n<p><strong>Ofelia Grande<\/strong> es la directora editorial de Siruela. Se licenci\u00f3 en Derecho y Ciencias Empresariales en la Universidad Pontificia de Comillas y ejerci\u00f3 la abogac\u00eda durante algunos a\u00f1os antes de enfocar su carrera en el sector editorial. En este \u00e1mbito, trabaj\u00f3 como Adjunta a la Direcci\u00f3n de Marketing en Anaya Educaci\u00f3n y Directora Adjunta de Alianza Editorial antes de su paso por la Escuela de Letras de Madrid y de realizar un curso de Edici\u00f3n en la Universidad de Harvard (2000) tras el que ingres\u00f3 ya en la editorial Siruela.<\/p>\n<p>&nbsp;<\/p>\n<p><b><img loading=\"lazy\" decoding=\"async\" class=\"alignleft wp-image-312\" src=\"https:\/\/blogs.ugr.es\/mujerpapelytijera\/wp-content\/uploads\/sites\/170\/2025\/05\/WhatsApp-Image-2025-05-13-at-23.55.04-300x290.jpeg\" alt=\"\" width=\"200\" height=\"193\" srcset=\"https:\/\/blogs.ugr.es\/mujerpapelytijera\/wp-content\/uploads\/sites\/170\/2025\/05\/WhatsApp-Image-2025-05-13-at-23.55.04-300x290.jpeg 300w, https:\/\/blogs.ugr.es\/mujerpapelytijera\/wp-content\/uploads\/sites\/170\/2025\/05\/WhatsApp-Image-2025-05-13-at-23.55.04.jpeg 579w\" sizes=\"auto, (max-width: 200px) 100vw, 200px\" \/>Ana Lafuente <\/b>cuenta con una trayectoria de m\u00e1s de 25 a\u00f1os en el mundo de la edici\u00f3n, en los que se ha desempe\u00f1ado en editoriales de distinto tipo. Debido a su formaci\u00f3n en el \u00e1mbito del Derecho, comenz\u00f3 trabajando en la editorial jur\u00eddica Trivium. Posteriormente, form\u00f3 parte de los equipos del C\u00edrculo de Lectores, el grupo Anaya, Alianza Editorial o Ediciones B o Temas de Hoy, entre otras. En la actualidad, desarrolla su actividad en el \u00e1rea Espasa del Grupo Planeta, que engloba las editoriales sello Espasa, Mart\u00ednez Roca y Esencia.<\/p>\n<p>&nbsp;<\/p>\n<p>&nbsp;<\/p>\n<p><img loading=\"lazy\" decoding=\"async\" class=\"alignleft wp-image-287\" src=\"https:\/\/blogs.ugr.es\/mujerpapelytijera\/wp-content\/uploads\/sites\/170\/2025\/05\/Captura-de-pantalla-2025-05-13-a-las-18.20.33.jpg\" alt=\"\" width=\"200\" height=\"191\" \/><\/p>\n<p><b>Olga Mart\u00ednez\u00a0<\/b>es cofundadora (junto a Paco Robles) y editora de la independiente Candaya desde hace m\u00e1s de 20 a\u00f1os, habiendo conformado un cat\u00e1logo de m\u00e1s de 150 libros de los cuales el 70% est\u00e1n firmados por autores y autoras latinoamericanas.<\/p>\n<p>&nbsp;<\/p>\n<p>&nbsp;<\/p>\n<p>&nbsp;<\/p>\n<p><img loading=\"lazy\" decoding=\"async\" class=\"alignleft wp-image-288\" src=\"https:\/\/blogs.ugr.es\/mujerpapelytijera\/wp-content\/uploads\/sites\/170\/2025\/05\/Captura-de-pantalla-2025-05-13-a-las-18.20.56.jpg\" alt=\"\" width=\"200\" height=\"196\" \/><\/p>\n<p><b>Pilar Reyes <\/b>es la Directora Editorial de la Divisi\u00f3n Literaria de Penguin Random House Grupo Editorial, integrada por los sellos Alfaguara, Lumen, Random House, Salamandra, Caballo de Troya, Reservoir Books, Debate, Taurus y las publicaciones que el Grupo editorial adelanta con la Real Academia de la Lengua Espa\u00f1ola. Habi\u00e9ndose graduado en Letras en la Pontificia Universidad Javeriana de Bogot\u00e1, ha dedicado toda su carrera al sector editorial.<\/p>\n<p>&nbsp;<\/p>\n<p>&nbsp;<\/p>\n<p><img loading=\"lazy\" decoding=\"async\" class=\"alignleft wp-image-289\" src=\"https:\/\/blogs.ugr.es\/mujerpapelytijera\/wp-content\/uploads\/sites\/170\/2025\/05\/Captura-de-pantalla-2025-05-13-a-las-18.32.31.jpg\" alt=\"\" width=\"200\" height=\"181\" \/><\/p>\n<p><strong>Consuelo S\u00e1izar\u00a0<\/strong>es soci\u00f3loga de la cultura, consultora de empresas de contenidos culturales y editora. Dirigi\u00f3 el Fondo de Cultura Econ\u00f3mica desde el 2002 hasta el 2009, a\u00f1o en que fue nombrada presidenta del CONACULTA. Ha sido presidenta del Centro Regional para el Fomento del Libro en Am\u00e9rica Latina y el Caribe (perteneciente a la UNESCO). Entre los a\u00f1os 2022 y 2023 asumi\u00f3 la direcci\u00f3n de la Feria Internacional del Libro de Monterrey. Ostenta, adem\u00e1s, numerosos reconocimientos, entre los que destaca la Medalla al M\u00e9rito Cultural del Gobierno de Colombia o la condecoraci\u00f3n con la Gran Orden Victoria de la Rep\u00fablica.<\/p>\n<p>&nbsp;<\/p>\n<p><img loading=\"lazy\" decoding=\"async\" class=\"alignleft wp-image-303\" src=\"https:\/\/blogs.ugr.es\/mujerpapelytijera\/wp-content\/uploads\/sites\/170\/2025\/05\/Captura-de-pantalla-2025-05-13-a-las-21.19.26-2-300x293.jpg\" alt=\"\" width=\"200\" height=\"195\" srcset=\"https:\/\/blogs.ugr.es\/mujerpapelytijera\/wp-content\/uploads\/sites\/170\/2025\/05\/Captura-de-pantalla-2025-05-13-a-las-21.19.26-2-300x293.jpg 300w, https:\/\/blogs.ugr.es\/mujerpapelytijera\/wp-content\/uploads\/sites\/170\/2025\/05\/Captura-de-pantalla-2025-05-13-a-las-21.19.26-2-700x684.jpg 700w, https:\/\/blogs.ugr.es\/mujerpapelytijera\/wp-content\/uploads\/sites\/170\/2025\/05\/Captura-de-pantalla-2025-05-13-a-las-21.19.26-2.jpg 800w\" sizes=\"auto, (max-width: 200px) 100vw, 200px\" \/><\/p>\n<p><b>Silvia Ses\u00e9 <\/b>dirige la editorial Anagrama desde 2017. Es licenciada en Filolog\u00eda Hisp\u00e1nica por la Universidad de Barcelona y ha trabajado en el sector del libro desde entonces. En concreto, fue editora de C\u00edrculo de Lectores durante 15 a\u00f1os. En 2007, pas\u00f3 a Ediciones Destino, dirigiendo el programa de ficci\u00f3n. Ya en 2015 fue nombrada Adjunta de direcci\u00f3n en la editorial Anagrama.<\/p>\n","protected":false},"excerpt":{"rendered":"<p>Marina Beloki es cofundadora y editora de Continta Me Tienes, editorial independiente, fundada en 2011, con un marcado car\u00e1cter pol\u00edtico especializada en la publicaci\u00f3n de libros de feminismos, no monogamias, LGTBQIA+ y artes esc\u00e9nicas. &nbsp; &nbsp; &nbsp; Eug\u00e8nia Broggi es editora, fundadora y directora de L&#8217;altra editorial. Ha sido vocal de la junta directiva de&hellip; <a href=\"https:\/\/blogs.ugr.es\/mujerpapelytijera\/las-editoras\/\" class=\"more-link\">Leer m\u00e1s <span class=\"screen-reader-text\">acerca de Las editoras<\/span><\/a><\/p>\n","protected":false},"author":590,"featured_media":0,"parent":0,"menu_order":0,"comment_status":"closed","ping_status":"closed","template":"","meta":{"_genesis_hide_title":false,"_genesis_hide_breadcrumbs":false,"_genesis_hide_singular_image":false,"_genesis_hide_footer_widgets":false,"_genesis_custom_body_class":"","_genesis_custom_post_class":"","_genesis_layout":"","footnotes":""},"categories":[],"tags":[],"class_list":{"0":"post-201","1":"page","2":"type-page","3":"status-publish","5":"entry","6":"has-post-thumbnail"},"_links":{"self":[{"href":"https:\/\/blogs.ugr.es\/mujerpapelytijera\/wp-json\/wp\/v2\/pages\/201","targetHints":{"allow":["GET"]}}],"collection":[{"href":"https:\/\/blogs.ugr.es\/mujerpapelytijera\/wp-json\/wp\/v2\/pages"}],"about":[{"href":"https:\/\/blogs.ugr.es\/mujerpapelytijera\/wp-json\/wp\/v2\/types\/page"}],"author":[{"embeddable":true,"href":"https:\/\/blogs.ugr.es\/mujerpapelytijera\/wp-json\/wp\/v2\/users\/590"}],"replies":[{"embeddable":true,"href":"https:\/\/blogs.ugr.es\/mujerpapelytijera\/wp-json\/wp\/v2\/comments?post=201"}],"version-history":[{"count":3,"href":"https:\/\/blogs.ugr.es\/mujerpapelytijera\/wp-json\/wp\/v2\/pages\/201\/revisions"}],"predecessor-version":[{"id":269,"href":"https:\/\/blogs.ugr.es\/mujerpapelytijera\/wp-json\/wp\/v2\/pages\/201\/revisions\/269"}],"wp:attachment":[{"href":"https:\/\/blogs.ugr.es\/mujerpapelytijera\/wp-json\/wp\/v2\/media?parent=201"}],"wp:term":[{"taxonomy":"category","embeddable":true,"href":"https:\/\/blogs.ugr.es\/mujerpapelytijera\/wp-json\/wp\/v2\/categories?post=201"},{"taxonomy":"post_tag","embeddable":true,"href":"https:\/\/blogs.ugr.es\/mujerpapelytijera\/wp-json\/wp\/v2\/tags?post=201"}],"curies":[{"name":"wp","href":"https:\/\/api.w.org\/{rel}","templated":true}]}}