{"id":142,"date":"2019-03-20T18:51:49","date_gmt":"2019-03-20T17:51:49","guid":{"rendered":"https:\/\/blogs.ugr.es\/photochem\/?page_id=142"},"modified":"2020-03-26T23:28:08","modified_gmt":"2020-03-26T22:28:08","slug":"tg-diag-data","status":"publish","type":"page","link":"https:\/\/blogs.ugr.es\/photochem\/tg-diag\/tg-diag-data\/","title":{"rendered":"TG-DiAG &#8211; Data"},"content":{"rendered":"<h3 style=\"text-align: center\"><span style=\"text-decoration: underline\">TG-DiAG: Novel diagnostics tools based on time-gated fluorescence<\/span><\/h3>\n<p style=\"text-align: left\"><img loading=\"lazy\" decoding=\"async\" class=\"alignnone size-medium wp-image-228 aligncenter\" src=\"https:\/\/blogs.ugr.es\/photochem\/wp-content\/uploads\/sites\/61\/2019\/03\/TGDiag-300x96.jpg\" alt=\"\" width=\"300\" height=\"96\" srcset=\"https:\/\/blogs.ugr.es\/photochem\/wp-content\/uploads\/sites\/61\/2019\/03\/TGDiag-300x96.jpg 300w, https:\/\/blogs.ugr.es\/photochem\/wp-content\/uploads\/sites\/61\/2019\/03\/TGDiag-700x225.jpg 700w, https:\/\/blogs.ugr.es\/photochem\/wp-content\/uploads\/sites\/61\/2019\/03\/TGDiag.jpg 800w\" sizes=\"auto, (max-width: 300px) 100vw, 300px\" \/><\/p>\n<ul>\n<li><strong>Funding Body<\/strong>: Spanish Ministry of Economy and Competitiveness and the European Regional Development Fund (ERDF).<\/li>\n<li><strong>Code<\/strong>: CTQ2017-85658-R<\/li>\n<li><strong>PIs<\/strong>: Dr Angel Orte &amp; Dr Luis Crovetto<\/li>\n<li>Department of Physical Chemistry. Faculty of Pharmacy. University of Granada (Spain)<\/li>\n<li><strong>Funding<\/strong>: 116,160.00 \u20ac<\/li>\n<li><strong>Other participants<\/strong>: Dr E. M. Talavera; Dr M. J. Ruedas-Rama; Dr. J. Justicia; Dr. E. Garcia-Fernandez<\/li>\n<li><strong>Collaborating institutions: <\/strong>CNRS (France), Instituto de Qu\u00edmica M\u00e9dica &#8211; CSIC (Madrid), DestiNA Gen\u00f3mica S.L. (Granada)<\/li>\n<\/ul>\n<p style=\"text-align: center\"><img loading=\"lazy\" decoding=\"async\" class=\"wp-image-272 size-thumbnail alignleft\" src=\"https:\/\/blogs.ugr.es\/photochem\/wp-content\/uploads\/sites\/61\/2019\/04\/csic-150x150.png\" alt=\"\" width=\"150\" height=\"150\" srcset=\"https:\/\/blogs.ugr.es\/photochem\/wp-content\/uploads\/sites\/61\/2019\/04\/csic-150x150.png 150w, https:\/\/blogs.ugr.es\/photochem\/wp-content\/uploads\/sites\/61\/2019\/04\/csic-100x100.png 100w\" sizes=\"auto, (max-width: 150px) 100vw, 150px\" \/><\/p>\n<p><img loading=\"lazy\" decoding=\"async\" class=\"size-full wp-image-456 alignleft\" src=\"https:\/\/blogs.ugr.es\/photochem\/wp-content\/uploads\/sites\/61\/2020\/03\/0-e1585261244546.png\" alt=\"\" width=\"193\" height=\"122\" \/><\/p>\n<p><img loading=\"lazy\" decoding=\"async\" class=\"wp-image-271 size-thumbnail alignleft\" src=\"https:\/\/blogs.ugr.es\/photochem\/wp-content\/uploads\/sites\/61\/2019\/04\/arton45-150x150.jpg\" alt=\"\" width=\"150\" height=\"150\" srcset=\"https:\/\/blogs.ugr.es\/photochem\/wp-content\/uploads\/sites\/61\/2019\/04\/arton45-150x150.jpg 150w, https:\/\/blogs.ugr.es\/photochem\/wp-content\/uploads\/sites\/61\/2019\/04\/arton45-100x100.jpg 100w, https:\/\/blogs.ugr.es\/photochem\/wp-content\/uploads\/sites\/61\/2019\/04\/arton45.jpg 250w\" sizes=\"auto, (max-width: 150px) 100vw, 150px\" \/><\/p>\n<p>&nbsp;<\/p>\n<p>&nbsp;<\/p>\n<p>&nbsp;<\/p>\n<p>&nbsp;<\/p>\n<p>&nbsp;<\/p>\n<hr \/>\n<p><em><span style=\"color: #999999\">The project CTQ2017\u201385658-R is funded by the Spanish Ministerio de Ciencia, Innovaci\u00f3n y Universidades, the Agencia Estatal de Investigaci\u00f3n (AEI) and the European Regional Development Fund (ERDF).<\/span><\/em><\/p>\n<p><img loading=\"lazy\" decoding=\"async\" class=\"size-medium wp-image-361 alignleft\" src=\"https:\/\/blogs.ugr.es\/photochem\/wp-content\/uploads\/sites\/61\/2019\/09\/MCIU_Gob_Web_AEI-300x58.jpg\" alt=\"\" width=\"300\" height=\"58\" srcset=\"https:\/\/blogs.ugr.es\/photochem\/wp-content\/uploads\/sites\/61\/2019\/09\/MCIU_Gob_Web_AEI-300x58.jpg 300w, https:\/\/blogs.ugr.es\/photochem\/wp-content\/uploads\/sites\/61\/2019\/09\/MCIU_Gob_Web_AEI-700x136.jpg 700w, https:\/\/blogs.ugr.es\/photochem\/wp-content\/uploads\/sites\/61\/2019\/09\/MCIU_Gob_Web_AEI.jpg 800w\" sizes=\"auto, (max-width: 300px) 100vw, 300px\" \/><img loading=\"lazy\" decoding=\"async\" class=\"size-medium wp-image-452 alignleft\" src=\"https:\/\/blogs.ugr.es\/photochem\/wp-content\/uploads\/sites\/61\/2020\/03\/Logotipo-UE-FEDER_Horizontal-300x57.png\" alt=\"\" width=\"300\" height=\"57\" srcset=\"https:\/\/blogs.ugr.es\/photochem\/wp-content\/uploads\/sites\/61\/2020\/03\/Logotipo-UE-FEDER_Horizontal-300x57.png 300w, https:\/\/blogs.ugr.es\/photochem\/wp-content\/uploads\/sites\/61\/2020\/03\/Logotipo-UE-FEDER_Horizontal-700x133.png 700w, https:\/\/blogs.ugr.es\/photochem\/wp-content\/uploads\/sites\/61\/2020\/03\/Logotipo-UE-FEDER_Horizontal.png 800w\" sizes=\"auto, (max-width: 300px) 100vw, 300px\" \/><\/p>\n","protected":false},"excerpt":{"rendered":"<p>TG-DiAG: Novel diagnostics tools based on time-gated fluorescence Funding Body: Spanish Ministry of Economy and Competitiveness and the European Regional Development Fund (ERDF). Code: CTQ2017-85658-R PIs: Dr Angel Orte &amp; Dr Luis Crovetto Department of Physical Chemistry. Faculty of Pharmacy. University of Granada (Spain) Funding: 116,160.00 \u20ac Other participants: Dr E. M. Talavera; Dr M.&hellip; <a href=\"https:\/\/blogs.ugr.es\/photochem\/tg-diag\/tg-diag-data\/\" class=\"more-link\">Leer m\u00e1s <span class=\"screen-reader-text\">acerca de TG-DiAG &#8211; Data<\/span><\/a><\/p>\n","protected":false},"author":508,"featured_media":0,"parent":140,"menu_order":0,"comment_status":"closed","ping_status":"closed","template":"","meta":{"_genesis_hide_title":false,"_genesis_hide_breadcrumbs":false,"_genesis_hide_singular_image":false,"_genesis_hide_footer_widgets":false,"_genesis_custom_body_class":"","_genesis_custom_post_class":"","_genesis_layout":"","footnotes":""},"categories":[],"tags":[],"class_list":{"0":"post-142","1":"page","2":"type-page","3":"status-publish","5":"entry","6":"has-post-thumbnail"},"_links":{"self":[{"href":"https:\/\/blogs.ugr.es\/photochem\/wp-json\/wp\/v2\/pages\/142","targetHints":{"allow":["GET"]}}],"collection":[{"href":"https:\/\/blogs.ugr.es\/photochem\/wp-json\/wp\/v2\/pages"}],"about":[{"href":"https:\/\/blogs.ugr.es\/photochem\/wp-json\/wp\/v2\/types\/page"}],"author":[{"embeddable":true,"href":"https:\/\/blogs.ugr.es\/photochem\/wp-json\/wp\/v2\/users\/508"}],"replies":[{"embeddable":true,"href":"https:\/\/blogs.ugr.es\/photochem\/wp-json\/wp\/v2\/comments?post=142"}],"version-history":[{"count":4,"href":"https:\/\/blogs.ugr.es\/photochem\/wp-json\/wp\/v2\/pages\/142\/revisions"}],"predecessor-version":[{"id":459,"href":"https:\/\/blogs.ugr.es\/photochem\/wp-json\/wp\/v2\/pages\/142\/revisions\/459"}],"up":[{"embeddable":true,"href":"https:\/\/blogs.ugr.es\/photochem\/wp-json\/wp\/v2\/pages\/140"}],"wp:attachment":[{"href":"https:\/\/blogs.ugr.es\/photochem\/wp-json\/wp\/v2\/media?parent=142"}],"wp:term":[{"taxonomy":"category","embeddable":true,"href":"https:\/\/blogs.ugr.es\/photochem\/wp-json\/wp\/v2\/categories?post=142"},{"taxonomy":"post_tag","embeddable":true,"href":"https:\/\/blogs.ugr.es\/photochem\/wp-json\/wp\/v2\/tags?post=142"}],"curies":[{"name":"wp","href":"https:\/\/api.w.org\/{rel}","templated":true}]}}