{"id":369,"date":"2024-03-05T17:42:18","date_gmt":"2024-03-05T16:42:18","guid":{"rendered":"https:\/\/blogs.ugr.es\/prinma\/?page_id=369"},"modified":"2024-03-08T11:25:10","modified_gmt":"2024-03-08T10:25:10","slug":"transferencia-y-difusion","status":"publish","type":"page","link":"https:\/\/blogs.ugr.es\/prinma\/transferencia-y-difusion\/","title":{"rendered":""},"content":{"rendered":"<p style=\"text-align: justify\"><span style=\"font-weight: 400\">Las contribuciones de PRINMA se relacionan espec\u00edficamente con la interacci\u00f3n entre la Historia y al Arqueolog\u00eda Medieval. M\u00e1s que una mera yuxtaposici\u00f3n de discursos independientes que corren en paralelo sin informarse entre s\u00ed, PRINMA explora y fomenta pr\u00e1cticas interdisciplinarias mediante las cuales cada discurso disciplinar incorpora las contribuciones de otros. Se exploran los conocimientos de una amplia gama de \u00e1reas complementarias, como la Historia y la Arqueolog\u00eda Medieval, la Historia Econ\u00f3mica, la Historia Comparada, La Historia del Arte, la Paleograf\u00eda o la Diplom\u00e1tica. Se est\u00e1 prestando especial atenci\u00f3n a los temas que suscitan controversia, ya sea porque representan en s\u00ed mismos un enfrentamiento entre diferentes posiciones te\u00f3ricas o porque tratan de fen\u00f3menos novedosos.<\/span><\/p>\n","protected":false},"excerpt":{"rendered":"<p>Las contribuciones de PRINMA se relacionan espec\u00edficamente con la interacci\u00f3n entre la Historia y al Arqueolog\u00eda Medieval. M\u00e1s que una mera yuxtaposici\u00f3n de discursos independientes que corren en paralelo sin informarse entre s\u00ed, PRINMA explora y fomenta pr\u00e1cticas interdisciplinarias mediante las cuales cada discurso disciplinar incorpora las contribuciones de otros. Se exploran los conocimientos de [&hellip;]<\/p>\n","protected":false},"author":645,"featured_media":0,"parent":0,"menu_order":0,"comment_status":"closed","ping_status":"closed","template":"","meta":{"_genesis_hide_title":false,"_genesis_hide_breadcrumbs":false,"_genesis_hide_singular_image":false,"_genesis_hide_footer_widgets":false,"_genesis_custom_body_class":"","_genesis_custom_post_class":"","_genesis_layout":"","footnotes":""},"categories":[],"tags":[],"class_list":{"0":"post-369","1":"page","2":"type-page","3":"status-publish","5":"entry"},"_links":{"self":[{"href":"https:\/\/blogs.ugr.es\/prinma\/wp-json\/wp\/v2\/pages\/369","targetHints":{"allow":["GET"]}}],"collection":[{"href":"https:\/\/blogs.ugr.es\/prinma\/wp-json\/wp\/v2\/pages"}],"about":[{"href":"https:\/\/blogs.ugr.es\/prinma\/wp-json\/wp\/v2\/types\/page"}],"author":[{"embeddable":true,"href":"https:\/\/blogs.ugr.es\/prinma\/wp-json\/wp\/v2\/users\/645"}],"replies":[{"embeddable":true,"href":"https:\/\/blogs.ugr.es\/prinma\/wp-json\/wp\/v2\/comments?post=369"}],"version-history":[{"count":2,"href":"https:\/\/blogs.ugr.es\/prinma\/wp-json\/wp\/v2\/pages\/369\/revisions"}],"predecessor-version":[{"id":509,"href":"https:\/\/blogs.ugr.es\/prinma\/wp-json\/wp\/v2\/pages\/369\/revisions\/509"}],"wp:attachment":[{"href":"https:\/\/blogs.ugr.es\/prinma\/wp-json\/wp\/v2\/media?parent=369"}],"wp:term":[{"taxonomy":"category","embeddable":true,"href":"https:\/\/blogs.ugr.es\/prinma\/wp-json\/wp\/v2\/categories?post=369"},{"taxonomy":"post_tag","embeddable":true,"href":"https:\/\/blogs.ugr.es\/prinma\/wp-json\/wp\/v2\/tags?post=369"}],"curies":[{"name":"wp","href":"https:\/\/api.w.org\/{rel}","templated":true}]}}