{"id":479,"date":"2024-03-06T10:51:13","date_gmt":"2024-03-06T09:51:13","guid":{"rendered":"https:\/\/blogs.ugr.es\/prinma\/?page_id=479"},"modified":"2026-02-14T19:21:22","modified_gmt":"2026-02-14T18:21:22","slug":"contacto","status":"publish","type":"page","link":"https:\/\/blogs.ugr.es\/prinma\/contacto\/","title":{"rendered":""},"content":{"rendered":"<p>Puedes contactar con PRINMA en:<\/p>\n<p style=\"text-align: center\"><strong>Departamento de Historia Medieval y Ciencias y T\u00e9cnicas Historiogr\u00e1ficas, Facultad de Filosof\u00eda y Letras<\/strong><br \/>\n<strong>C\/. Profesor Clavera s\/n., Campus Universitario de Cartuja, s\/n<\/strong><br \/>\n<strong>C.P. 18071<\/strong><br \/>\n<strong>Granada (Spain)<\/strong><br \/>\n<strong>958249788<\/strong><br \/>\n<strong><a href=\"&#x6d;&#x61;&#x69;&#x6c;&#x74;&#x6f;&#x3a;&#x61;&#x67;&#x70;&#x6f;&#x72;&#x72;&#x61;&#x73;&#x40;&#x75;&#x67;&#x72;&#x2e;&#x65;&#x73;\" target=\"_blank\" rel=\"noopener\">&#x70;&#x72;&#x69;&#x6e;&#x6d;&#x61;&#x40;&#x75;&#x67;&#x72;&#x2e;&#x65;&#x73;<\/a><\/strong><\/p>\n<p style=\"text-align: justify\">Tambi\u00e9n puedes hacerlo a trav\u00e9s de sus Redes Sociales:<\/p>\n<p>&nbsp;<\/p>\n<p><a href=\"https:\/\/www.facebook.com\/PrinmaUGR\/?locale=es_LA\" target=\"_blank\" rel=\"noopener\"><img loading=\"lazy\" decoding=\"async\" class=\"aligncenter\" src=\"https:\/\/i.pinimg.com\/564x\/95\/d1\/63\/95d16377f0820c48b9ad3e679d4aa3fe.jpg\" alt=\"Icono oficial de Facebook | Iconos de redes sociales, Icono de facebook, Facebook icono\" width=\"148\" height=\"148\" \/><\/a><\/p>\n<p><a href=\"https:\/\/www.instagram.com\/prinmaugr\/?hl=es\" target=\"_blank\" rel=\"noopener\"><img loading=\"lazy\" decoding=\"async\" class=\"aligncenter\" src=\"https:\/\/img.freepik.com\/vector-gratis\/instagram-nuevo-icono_1057-2227.jpg?size=338&amp;ext=jpg&amp;ga=GA1.1.1395991368.1709856000&amp;semt=ais\" alt=\"Instagram Logo - Vectores y PSD gratuitos para descargar\" width=\"214\" height=\"214\" \/><\/a><\/p>\n<p><a href=\"https:\/\/twitter.com\/prinmaugr\" target=\"_blank\" rel=\"noopener\"><img loading=\"lazy\" decoding=\"async\" class=\"aligncenter\" src=\"https:\/\/img.freepik.com\/vector-premium\/nuevo-logotipo-twitter-x-2023-descarga-vector-logotipo-twitter-x_691560-10794.jpg\" alt=\"Twitter X Logo Png - Vectores y PSD gratuitos para descargar\" width=\"158\" height=\"158\" \/><\/a><\/p>\n<p>&nbsp;<\/p>\n<p><a href=\"https:\/\/www.youtube.com\/channel\/UCI6be3wQqrc0ENFlYnvutog\" target=\"_blank\" rel=\"noopener\"><img loading=\"lazy\" decoding=\"async\" class=\"aligncenter\" src=\"https:\/\/t3.ftcdn.net\/jpg\/04\/74\/05\/94\/360_F_474059464_qldYuzxaUWEwNTtYBJ44VN89ARuFktHW.jpg\" alt=\"Im\u00e1genes de Youtube Logo: descubre bancos de fotos, ilustraciones, vectores y v\u00eddeos de 22,297 | Adobe Stock\" width=\"251\" height=\"200\" \/><\/a><\/p>\n","protected":false},"excerpt":{"rendered":"<p>Puedes contactar con PRINMA en: Departamento de Historia Medieval y Ciencias y T\u00e9cnicas Historiogr\u00e1ficas, Facultad de Filosof\u00eda y Letras C\/. Profesor Clavera s\/n., Campus Universitario de Cartuja, s\/n C.P. 18071 Granada (Spain) 958249788 &#112;&#x72;i&#110;&#x6d;a&#64;&#x75;g&#114;&#x2e;e&#115; Tambi\u00e9n puedes hacerlo a trav\u00e9s de sus Redes Sociales: &nbsp; &nbsp;<\/p>\n","protected":false},"author":645,"featured_media":0,"parent":0,"menu_order":0,"comment_status":"closed","ping_status":"closed","template":"","meta":{"_genesis_hide_title":false,"_genesis_hide_breadcrumbs":false,"_genesis_hide_singular_image":false,"_genesis_hide_footer_widgets":false,"_genesis_custom_body_class":"","_genesis_custom_post_class":"","_genesis_layout":"","footnotes":""},"categories":[],"tags":[],"class_list":{"0":"post-479","1":"page","2":"type-page","3":"status-publish","5":"entry"},"_links":{"self":[{"href":"https:\/\/blogs.ugr.es\/prinma\/wp-json\/wp\/v2\/pages\/479","targetHints":{"allow":["GET"]}}],"collection":[{"href":"https:\/\/blogs.ugr.es\/prinma\/wp-json\/wp\/v2\/pages"}],"about":[{"href":"https:\/\/blogs.ugr.es\/prinma\/wp-json\/wp\/v2\/types\/page"}],"author":[{"embeddable":true,"href":"https:\/\/blogs.ugr.es\/prinma\/wp-json\/wp\/v2\/users\/645"}],"replies":[{"embeddable":true,"href":"https:\/\/blogs.ugr.es\/prinma\/wp-json\/wp\/v2\/comments?post=479"}],"version-history":[{"count":3,"href":"https:\/\/blogs.ugr.es\/prinma\/wp-json\/wp\/v2\/pages\/479\/revisions"}],"predecessor-version":[{"id":932,"href":"https:\/\/blogs.ugr.es\/prinma\/wp-json\/wp\/v2\/pages\/479\/revisions\/932"}],"wp:attachment":[{"href":"https:\/\/blogs.ugr.es\/prinma\/wp-json\/wp\/v2\/media?parent=479"}],"wp:term":[{"taxonomy":"category","embeddable":true,"href":"https:\/\/blogs.ugr.es\/prinma\/wp-json\/wp\/v2\/categories?post=479"},{"taxonomy":"post_tag","embeddable":true,"href":"https:\/\/blogs.ugr.es\/prinma\/wp-json\/wp\/v2\/tags?post=479"}],"curies":[{"name":"wp","href":"https:\/\/api.w.org\/{rel}","templated":true}]}}