{"id":547,"date":"2024-03-08T17:06:48","date_gmt":"2024-03-08T16:06:48","guid":{"rendered":"https:\/\/blogs.ugr.es\/prinma\/?page_id=547"},"modified":"2026-02-14T14:08:49","modified_gmt":"2026-02-14T13:08:49","slug":"otros-enlaces-a-prinma","status":"publish","type":"page","link":"https:\/\/blogs.ugr.es\/prinma\/otros-enlaces-a-prinma\/","title":{"rendered":""},"content":{"rendered":"<p style=\"text-align: justify\">Algunos proyectos de PRINMA cuentan con su propia web en la que podr\u00e1s encontrar informaci\u00f3n m\u00e1s ampliada. Pulsa sobre sus logos y accede a m\u00e1s contenido sobre el <strong>Castillo de la Estrella,<\/strong>\u00a0<strong>Fajalauza HD, COSEDA <\/strong>y la <strong>AIECM3<\/strong> (XIII Congreso Internacional sobre Cer\u00e1mica Medieval y Moderna en el Mediterr\u00e1neo).<\/p>\n<p><a href=\"https:\/\/castillodelaestrellateba.com\/\" target=\"_blank\" rel=\"noopener\"><img loading=\"lazy\" decoding=\"async\" class=\"size-full wp-image-553 aligncenter\" src=\"https:\/\/blogs.ugr.es\/prinma\/wp-content\/uploads\/sites\/91\/2024\/03\/castillo.png\" alt=\"\" width=\"220\" height=\"229\" \/><\/a><a href=\"https:\/\/blogs.ugr.es\/fajalauza-hd\/\" target=\"_blank\" rel=\"noopener\"><img loading=\"lazy\" decoding=\"async\" class=\"size-medium wp-image-552 aligncenter\" src=\"https:\/\/blogs.ugr.es\/prinma\/wp-content\/uploads\/sites\/91\/2024\/03\/fajalauza-300x108.jpg\" alt=\"\" width=\"300\" height=\"108\" srcset=\"https:\/\/blogs.ugr.es\/prinma\/wp-content\/uploads\/sites\/91\/2024\/03\/fajalauza-300x108.jpg 300w, https:\/\/blogs.ugr.es\/prinma\/wp-content\/uploads\/sites\/91\/2024\/03\/fajalauza.jpg 510w\" sizes=\"auto, (max-width: 300px) 100vw, 300px\" \/><\/a><\/p>\n<p>&nbsp;<\/p>\n<p><a href=\"https:\/\/blogs.ugr.es\/xiiiaiecm3\/\" target=\"_blank\" rel=\"noopener\"><img loading=\"lazy\" decoding=\"async\" class=\"aligncenter\" src=\"https:\/\/aiecm3.com\/wp-content\/uploads\/2020\/12\/PAJAROII-CON-LETRASamarillo.jpg\" alt=\"Association de AIECM3\" width=\"182\" height=\"250\" \/><\/a><\/p>\n<p><a href=\"https:\/\/blogs.ugr.es\/coseda\/presentacion-coseda\/\"><img loading=\"lazy\" decoding=\"async\" class=\"aligncenter size-medium wp-image-915\" src=\"https:\/\/blogs.ugr.es\/prinma\/wp-content\/uploads\/sites\/91\/2026\/02\/Captura-de-pantalla-2026-02-14-a-las-14.06.12-300x230.png\" alt=\"\" width=\"300\" height=\"230\" srcset=\"https:\/\/blogs.ugr.es\/prinma\/wp-content\/uploads\/sites\/91\/2026\/02\/Captura-de-pantalla-2026-02-14-a-las-14.06.12-300x230.png 300w, https:\/\/blogs.ugr.es\/prinma\/wp-content\/uploads\/sites\/91\/2026\/02\/Captura-de-pantalla-2026-02-14-a-las-14.06.12-700x537.png 700w, https:\/\/blogs.ugr.es\/prinma\/wp-content\/uploads\/sites\/91\/2026\/02\/Captura-de-pantalla-2026-02-14-a-las-14.06.12.png 782w\" sizes=\"auto, (max-width: 300px) 100vw, 300px\" \/><\/a><\/p>\n<p>&nbsp;<\/p>\n<p style=\"text-align: justify\">Adem\u00e1s, el grupo est\u00e1 presente en <strong>Redes Sociales<\/strong>, donde encontrar\u00e1s informaci\u00f3n siempre actualizada sobre proyectos, publicaciones y actividades de divulgaci\u00f3n. Puedes encontrarlo pulsando en los logos.<\/p>\n<p><a href=\"https:\/\/www.youtube.com\/channel\/UCI6be3wQqrc0ENFlYnvutog\" target=\"_blank\" rel=\"noopener\"><img loading=\"lazy\" decoding=\"async\" class=\"aligncenter\" src=\"https:\/\/t3.ftcdn.net\/jpg\/04\/74\/05\/94\/360_F_474059464_qldYuzxaUWEwNTtYBJ44VN89ARuFktHW.jpg\" alt=\"Im\u00e1genes de Youtube Logo: descubre bancos de fotos, ilustraciones, vectores y v\u00eddeos de 22,297 | Adobe Stock\" width=\"251\" height=\"200\" \/><\/a><\/p>\n<p><a href=\"https:\/\/www.facebook.com\/PrinmaUGR\/?locale=es_LA\" target=\"_blank\" rel=\"noopener\"><img loading=\"lazy\" decoding=\"async\" class=\"aligncenter\" src=\"https:\/\/i.pinimg.com\/564x\/95\/d1\/63\/95d16377f0820c48b9ad3e679d4aa3fe.jpg\" alt=\"Icono oficial de Facebook | Iconos de redes sociales, Icono de facebook, Facebook icono\" width=\"148\" height=\"148\" \/><\/a><\/p>\n<p><a href=\"https:\/\/www.instagram.com\/prinmaugr\/?hl=es\" target=\"_blank\" rel=\"noopener\"><img loading=\"lazy\" decoding=\"async\" class=\"aligncenter\" src=\"https:\/\/img.freepik.com\/vector-gratis\/instagram-nuevo-icono_1057-2227.jpg?size=338&amp;ext=jpg&amp;ga=GA1.1.1395991368.1709856000&amp;semt=ais\" alt=\"Instagram Logo - Vectores y PSD gratuitos para descargar\" width=\"214\" height=\"214\" \/><\/a><\/p>\n<p><a href=\"https:\/\/twitter.com\/prinmaugr\" target=\"_blank\" rel=\"noopener\"><img loading=\"lazy\" decoding=\"async\" class=\"aligncenter\" src=\"https:\/\/img.freepik.com\/vector-premium\/nuevo-logotipo-twitter-x-2023-descarga-vector-logotipo-twitter-x_691560-10794.jpg\" alt=\"Twitter X Logo Png - Vectores y PSD gratuitos para descargar\" width=\"158\" height=\"158\" \/><\/a><\/p>\n<p>&nbsp;<\/p>\n<p>&nbsp;<\/p>\n<p>&nbsp;<\/p>\n","protected":false},"excerpt":{"rendered":"<p>Algunos proyectos de PRINMA cuentan con su propia web en la que podr\u00e1s encontrar informaci\u00f3n m\u00e1s ampliada. Pulsa sobre sus logos y accede a m\u00e1s contenido sobre el Castillo de la Estrella,\u00a0Fajalauza HD, COSEDA y la AIECM3 (XIII Congreso Internacional sobre Cer\u00e1mica Medieval y Moderna en el Mediterr\u00e1neo). &nbsp; &nbsp; Adem\u00e1s, el grupo est\u00e1 presente [&hellip;]<\/p>\n","protected":false},"author":645,"featured_media":0,"parent":0,"menu_order":0,"comment_status":"closed","ping_status":"closed","template":"","meta":{"_genesis_hide_title":false,"_genesis_hide_breadcrumbs":false,"_genesis_hide_singular_image":false,"_genesis_hide_footer_widgets":false,"_genesis_custom_body_class":"","_genesis_custom_post_class":"","_genesis_layout":"","footnotes":""},"categories":[],"tags":[],"class_list":{"0":"post-547","1":"page","2":"type-page","3":"status-publish","5":"entry","6":"has-post-thumbnail"},"_links":{"self":[{"href":"https:\/\/blogs.ugr.es\/prinma\/wp-json\/wp\/v2\/pages\/547","targetHints":{"allow":["GET"]}}],"collection":[{"href":"https:\/\/blogs.ugr.es\/prinma\/wp-json\/wp\/v2\/pages"}],"about":[{"href":"https:\/\/blogs.ugr.es\/prinma\/wp-json\/wp\/v2\/types\/page"}],"author":[{"embeddable":true,"href":"https:\/\/blogs.ugr.es\/prinma\/wp-json\/wp\/v2\/users\/645"}],"replies":[{"embeddable":true,"href":"https:\/\/blogs.ugr.es\/prinma\/wp-json\/wp\/v2\/comments?post=547"}],"version-history":[{"count":3,"href":"https:\/\/blogs.ugr.es\/prinma\/wp-json\/wp\/v2\/pages\/547\/revisions"}],"predecessor-version":[{"id":917,"href":"https:\/\/blogs.ugr.es\/prinma\/wp-json\/wp\/v2\/pages\/547\/revisions\/917"}],"wp:attachment":[{"href":"https:\/\/blogs.ugr.es\/prinma\/wp-json\/wp\/v2\/media?parent=547"}],"wp:term":[{"taxonomy":"category","embeddable":true,"href":"https:\/\/blogs.ugr.es\/prinma\/wp-json\/wp\/v2\/categories?post=547"},{"taxonomy":"post_tag","embeddable":true,"href":"https:\/\/blogs.ugr.es\/prinma\/wp-json\/wp\/v2\/tags?post=547"}],"curies":[{"name":"wp","href":"https:\/\/api.w.org\/{rel}","templated":true}]}}