{"id":230,"date":"2022-04-06T09:04:24","date_gmt":"2022-04-06T07:04:24","guid":{"rendered":"https:\/\/blogs.ugr.es\/protecciondedatos\/?page_id=230"},"modified":"2022-04-06T11:47:58","modified_gmt":"2022-04-06T09:47:58","slug":"datos-de-contacto","status":"publish","type":"page","link":"https:\/\/blogs.ugr.es\/protecciondedatos\/datos-de-contacto\/","title":{"rendered":"Datos de contacto"},"content":{"rendered":"<p><strong>Delegada de Protecci\u00f3n de Datos<\/strong><\/p>\n<p>Mar\u00eda del\u00a0 Carmen Garc\u00eda Garnica<\/p>\n<p><a href=\"&#x6d;&#97;i&#x6c;&#116;o&#x3a;&#x64;&#101;&#x6c;&#x65;&#103;a&#x64;&#97;p&#x64;&#x40;&#117;&#x67;&#x72;&#46;e&#x73;\">&#100;&#x65;&#108;&#x65;g&#x61;d&#97;&#x70;&#100;&#x40;u&#x67;r&#46;&#x65;&#115;<\/a><\/p>\n<p><a href=\"https:\/\/secretariageneral.ugr.es\/pages\/proteccion_datos\" target=\"_blank\" rel=\"noopener\"><strong>Oficina de Protecci\u00f3n de Datos<\/strong><\/a><\/p>\n<p>Directora Elena Mara\u00f1\u00f3n Lizana<\/p>\n<p><a href=\"&#x6d;&#x61;&#x69;&#x6c;&#x74;&#x6f;&#x3a;&#x70;&#x72;&#x6f;&#x74;&#x65;&#x63;&#x63;&#x69;&#x6f;&#x6e;&#x64;&#x65;&#x64;&#x61;&#x74;&#x6f;&#x73;&#x40;&#x75;&#x67;&#x72;&#x2e;&#x65;&#x73;\">&#112;&#x72;&#x6f;t&#101;&#x63;c&#105;&#x6f;&#x6e;d&#101;&#x64;a&#116;&#x6f;&#x73;&#64;&#117;&#x67;r&#46;&#x65;&#x73;<\/a><\/p>\n","protected":false},"excerpt":{"rendered":"<p>Delegada de Protecci\u00f3n de Datos Mar\u00eda del\u00a0 Carmen Garc\u00eda Garnica &#x64;&#x65;&#108;&#101;ga&#x64;&#x61;&#x70;&#100;&#64;u&#x67;&#x72;&#x2e;&#101;&#115; Oficina de Protecci\u00f3n de Datos Directora Elena Mara\u00f1\u00f3n Lizana &#x70;&#114;o&#x74;&#101;&#99;&#x63;&#x69;&#111;n&#x64;&#101;d&#x61;&#x74;&#111;s&#x40;&#117;g&#x72;&#x2e;&#101;s<\/p>\n","protected":false},"author":27,"featured_media":0,"parent":0,"menu_order":0,"comment_status":"closed","ping_status":"closed","template":"","meta":{"_genesis_hide_title":false,"_genesis_hide_breadcrumbs":false,"_genesis_hide_singular_image":false,"_genesis_hide_footer_widgets":false,"_genesis_custom_body_class":"","_genesis_custom_post_class":"","_genesis_layout":"","footnotes":""},"categories":[],"tags":[],"class_list":{"0":"post-230","1":"page","2":"type-page","3":"status-publish","5":"entry"},"_links":{"self":[{"href":"https:\/\/blogs.ugr.es\/protecciondedatos\/wp-json\/wp\/v2\/pages\/230","targetHints":{"allow":["GET"]}}],"collection":[{"href":"https:\/\/blogs.ugr.es\/protecciondedatos\/wp-json\/wp\/v2\/pages"}],"about":[{"href":"https:\/\/blogs.ugr.es\/protecciondedatos\/wp-json\/wp\/v2\/types\/page"}],"author":[{"embeddable":true,"href":"https:\/\/blogs.ugr.es\/protecciondedatos\/wp-json\/wp\/v2\/users\/27"}],"replies":[{"embeddable":true,"href":"https:\/\/blogs.ugr.es\/protecciondedatos\/wp-json\/wp\/v2\/comments?post=230"}],"version-history":[{"count":3,"href":"https:\/\/blogs.ugr.es\/protecciondedatos\/wp-json\/wp\/v2\/pages\/230\/revisions"}],"predecessor-version":[{"id":246,"href":"https:\/\/blogs.ugr.es\/protecciondedatos\/wp-json\/wp\/v2\/pages\/230\/revisions\/246"}],"wp:attachment":[{"href":"https:\/\/blogs.ugr.es\/protecciondedatos\/wp-json\/wp\/v2\/media?parent=230"}],"wp:term":[{"taxonomy":"category","embeddable":true,"href":"https:\/\/blogs.ugr.es\/protecciondedatos\/wp-json\/wp\/v2\/categories?post=230"},{"taxonomy":"post_tag","embeddable":true,"href":"https:\/\/blogs.ugr.es\/protecciondedatos\/wp-json\/wp\/v2\/tags?post=230"}],"curies":[{"name":"wp","href":"https:\/\/api.w.org\/{rel}","templated":true}]}}

<p><strong>Delegada de Protección de Datos</strong></p>
<p>María del  Carmen García Garnica</p>
<p><a href="&#x6d;&#97;i&#x6c;&#116;o&#x3a;&#x64;&#101;&#x6c;&#x65;&#103;a&#x64;&#97;p&#x64;&#x40;&#117;&#x67;&#x72;&#46;e&#x73;">&#100;&#x65;&#108;&#x65;g&#x61;d&#97;&#x70;&#100;&#x40;u&#x67;r&#46;&#x65;&#115;</a></p>
<p><a href="https://secretariageneral.ugr.es/pages/proteccion_datos" target="_blank" rel="noopener"><strong>Oficina de Protección de Datos</strong></a></p>
<p>Directora Elena Marañón Lizana</p>
<p><a href="&#x6d;&#x61;&#x69;&#x6c;&#x74;&#x6f;&#x3a;&#x70;&#x72;&#x6f;&#x74;&#x65;&#x63;&#x63;&#x69;&#x6f;&#x6e;&#x64;&#x65;&#x64;&#x61;&#x74;&#x6f;&#x73;&#x40;&#x75;&#x67;&#x72;&#x2e;&#x65;&#x73;">&#112;&#x72;&#x6f;t&#101;&#x63;c&#105;&#x6f;&#x6e;d&#101;&#x64;a&#116;&#x6f;&#x73;&#64;&#117;&#x67;r&#46;&#x65;&#x73;</a></p>

<p>Delegada de Protección de Datos María del  Carmen García Garnica &#x64;&#x65;&#108;&#101;ga&#x64;&#x61;&#x70;&#100;&#64;u&#x67;&#x72;&#x2e;&#101;&#115; Oficina de Protección de Datos Directora Elena Marañón Lizana &#x70;&#114;o&#x74;&#101;&#99;&#x63;&#x69;&#111;n&#x64;&#101;d&#x61;&#x74;&#111;s&#x40;&#117;g&#x72;&#x2e;&#101;s</p>
