{"id":284,"date":"2022-04-20T13:29:35","date_gmt":"2022-04-20T11:29:35","guid":{"rendered":"https:\/\/blogs.ugr.es\/protecciondedatos\/?page_id=284"},"modified":"2022-04-20T13:29:35","modified_gmt":"2022-04-20T11:29:35","slug":"informacion-basica-sobre-proteccion-de-datos-personales-aportados-en-el-blog","status":"publish","type":"page","link":"https:\/\/blogs.ugr.es\/protecciondedatos\/informacion-basica-sobre-proteccion-de-datos-personales-aportados-en-el-blog\/","title":{"rendered":"Informacion b\u00e1sica sobre protecci\u00f3n de datos personales aportados en el blog"},"content":{"rendered":"<p>&nbsp;<\/p>\n<table width=\"118%\">\n<tbody>\n<tr>\n<td colspan=\"2\" width=\"100%\"><strong>Informaci\u00f3n b\u00e1sica sobre protecci\u00f3n de sus datos personales aportados<\/strong><\/td>\n<\/tr>\n<tr>\n<td width=\"12%\"><strong>Responsable:<\/strong><\/td>\n<td width=\"87%\">Universidad de Granada<\/td>\n<\/tr>\n<tr>\n<td width=\"12%\"><strong>Legitimaci\u00f3n:<\/strong><\/td>\n<td width=\"87%\">La Universidad se encuentra legitimada para el tratamiento de sus datos personales por ser necesario para el cumplimiento de una misi\u00f3n realizada en inter\u00e9s p\u00fablico o en el ejercicio de los poderes p\u00fablicos conferidos al responsable del mismo: <strong>Art. 6.1 e) RGPD<\/strong>.<\/td>\n<\/tr>\n<tr>\n<td width=\"12%\"><strong>Finalidad:<\/strong><\/td>\n<td width=\"87%\">Gesti\u00f3n de la actividad del blog.<\/td>\n<\/tr>\n<tr>\n<td width=\"12%\"><strong>Destinatarios<\/strong><\/td>\n<td width=\"87%\">No se prev\u00e9n cesiones o comunicaciones de datos.<\/td>\n<\/tr>\n<tr>\n<td width=\"12%\"><strong>Derechos:<\/strong><\/td>\n<td width=\"87%\">Tiene derecho a solicitar el acceso, oposici\u00f3n, rectificaci\u00f3n, supresi\u00f3n o limitaci\u00f3n del tratamiento de sus datos, tal y como se explica en la informaci\u00f3n adicional.<\/td>\n<\/tr>\n<tr>\n<td width=\"12%\"><strong>Informaci\u00f3n adicional:<\/strong><\/td>\n<td width=\"87%\">Puede consultar la informaci\u00f3n adicional y detallada sobre protecci\u00f3n de datos en el siguiente enlace:<\/p>\n<p><a href=\"https:\/\/secretariageneral.ugr.es\/pages\/proteccion_datos\/leyendas-informativas\/_img\/informacionadicionaldifusiondenoticias\/%21\">https:\/\/secretariageneral.ugr.es\/pages\/proteccion_datos\/leyendas-informativas\/_img\/informacionadicionaldifusiondenoticias\/%21<\/a><\/td>\n<\/tr>\n<\/tbody>\n<\/table>\n<p>&nbsp;<\/p>\n","protected":false},"excerpt":{"rendered":"<p>&nbsp; Informaci\u00f3n b\u00e1sica sobre protecci\u00f3n de sus datos personales aportados Responsable: Universidad de Granada Legitimaci\u00f3n: La Universidad se encuentra legitimada para el tratamiento de sus datos personales por ser necesario para el cumplimiento de una misi\u00f3n realizada en inter\u00e9s p\u00fablico o en el ejercicio de los poderes p\u00fablicos conferidos al responsable del mismo: Art. 6.1 [&hellip;]<\/p>\n","protected":false},"author":27,"featured_media":0,"parent":0,"menu_order":0,"comment_status":"closed","ping_status":"closed","template":"","meta":{"_genesis_hide_title":false,"_genesis_hide_breadcrumbs":false,"_genesis_hide_singular_image":false,"_genesis_hide_footer_widgets":false,"_genesis_custom_body_class":"","_genesis_custom_post_class":"","_genesis_layout":"","footnotes":""},"categories":[],"tags":[],"class_list":{"0":"post-284","1":"page","2":"type-page","3":"status-publish","5":"entry"},"_links":{"self":[{"href":"https:\/\/blogs.ugr.es\/protecciondedatos\/wp-json\/wp\/v2\/pages\/284","targetHints":{"allow":["GET"]}}],"collection":[{"href":"https:\/\/blogs.ugr.es\/protecciondedatos\/wp-json\/wp\/v2\/pages"}],"about":[{"href":"https:\/\/blogs.ugr.es\/protecciondedatos\/wp-json\/wp\/v2\/types\/page"}],"author":[{"embeddable":true,"href":"https:\/\/blogs.ugr.es\/protecciondedatos\/wp-json\/wp\/v2\/users\/27"}],"replies":[{"embeddable":true,"href":"https:\/\/blogs.ugr.es\/protecciondedatos\/wp-json\/wp\/v2\/comments?post=284"}],"version-history":[{"count":2,"href":"https:\/\/blogs.ugr.es\/protecciondedatos\/wp-json\/wp\/v2\/pages\/284\/revisions"}],"predecessor-version":[{"id":286,"href":"https:\/\/blogs.ugr.es\/protecciondedatos\/wp-json\/wp\/v2\/pages\/284\/revisions\/286"}],"wp:attachment":[{"href":"https:\/\/blogs.ugr.es\/protecciondedatos\/wp-json\/wp\/v2\/media?parent=284"}],"wp:term":[{"taxonomy":"category","embeddable":true,"href":"https:\/\/blogs.ugr.es\/protecciondedatos\/wp-json\/wp\/v2\/categories?post=284"},{"taxonomy":"post_tag","embeddable":true,"href":"https:\/\/blogs.ugr.es\/protecciondedatos\/wp-json\/wp\/v2\/tags?post=284"}],"curies":[{"name":"wp","href":"https:\/\/api.w.org\/{rel}","templated":true}]}}

Informacion básica sobre protección de datos personales aportados en el blog

<p>&nbsp;</p>
<table width="118%">
<tbody>
<tr>
<td colspan="2" width="100%"><strong>Información básica sobre protección de sus datos personales aportados</strong></td>
</tr>
<tr>
<td width="12%"><strong>Responsable:</strong></td>
<td width="87%">Universidad de Granada</td>
</tr>
<tr>
<td width="12%"><strong>Legitimación:</strong></td>
<td width="87%">La Universidad se encuentra legitimada para el tratamiento de sus datos personales por ser necesario para el cumplimiento de una misión realizada en interés público o en el ejercicio de los poderes públicos conferidos al responsable del mismo: <strong>Art. 6.1 e) RGPD</strong>.</td>
</tr>
<tr>
<td width="12%"><strong>Finalidad:</strong></td>
<td width="87%">Gestión de la actividad del blog.</td>
</tr>
<tr>
<td width="12%"><strong>Destinatarios</strong></td>
<td width="87%">No se prevén cesiones o comunicaciones de datos.</td>
</tr>
<tr>
<td width="12%"><strong>Derechos:</strong></td>
<td width="87%">Tiene derecho a solicitar el acceso, oposición, rectificación, supresión o limitación del tratamiento de sus datos, tal y como se explica en la información adicional.</td>
</tr>
<tr>
<td width="12%"><strong>Información adicional:</strong></td>
<td width="87%">Puede consultar la información adicional y detallada sobre protección de datos en el siguiente enlace:</p>
<p><a href="https://secretariageneral.ugr.es/pages/proteccion_datos/leyendas-informativas/_img/informacionadicionaldifusiondenoticias/%21">https://secretariageneral.ugr.es/pages/proteccion_datos/leyendas-informativas/_img/informacionadicionaldifusiondenoticias/%21</a></td>
</tr>
</tbody>
</table>
<p>&nbsp;</p>

<p>&nbsp; Información básica sobre protección de sus datos personales aportados Responsable: Universidad de Granada Legitimación: La Universidad se encuentra legitimada para el tratamiento de sus datos personales por ser necesario para el cumplimiento de una misión realizada en interés público o en el ejercicio de los poderes públicos conferidos al responsable del mismo: Art. 6.1 [&hellip;]</p>
