{"id":359,"date":"2022-11-15T13:03:11","date_gmt":"2022-11-15T12:03:11","guid":{"rendered":"https:\/\/blogs.ugr.es\/protecciondedatos\/?page_id=359"},"modified":"2022-11-15T13:16:46","modified_gmt":"2022-11-15T12:16:46","slug":"capsulas-tematicas","status":"publish","type":"page","link":"https:\/\/blogs.ugr.es\/protecciondedatos\/capsulas-tematicas\/","title":{"rendered":"C\u00e1psulas tem\u00e1ticas."},"content":{"rendered":"<h3><span style=\"color: #339966\"><em><strong>En este apartado podr\u00e1 descargarse o ver algunas infogr\u00e1fias sobre temas de inter\u00e9s relaccionado con la Protecci\u00f3n de Datos.<\/strong><\/em><\/span><\/h3>\n<ul>\n<li><a href=\"https:\/\/blogs.ugr.es\/protecciondedatos\/wp-content\/uploads\/sites\/82\/2022\/11\/Adapte-su-web-pdf.pdf\" target=\"_blank\" rel=\"noopener\">Adapte su sitio WEB al RGPD.<\/a><\/li>\n<li><a href=\"https:\/\/blogs.ugr.es\/protecciondedatos\/wp-content\/uploads\/sites\/82\/2022\/11\/CONTROL-DE-EXPOSICIO\u0301N-DE-DATOS.pdf\" target=\"_blank\" rel=\"noopener\">Medidas para controlar la exposici\u00f3n p\u00fablica de datos personales.<\/a><\/li>\n<li><a href=\"https:\/\/blogs.ugr.es\/protecciondedatos\/wp-content\/uploads\/sites\/82\/2022\/11\/Claves.pdf\" target=\"_blank\" rel=\"noopener\">Claves en protecci\u00f3n de datos.<\/a><\/li>\n<\/ul>\n","protected":false},"excerpt":{"rendered":"<p>En este apartado podr\u00e1 descargarse o ver algunas infogr\u00e1fias sobre temas de inter\u00e9s relaccionado con la Protecci\u00f3n de Datos. Adapte su sitio WEB al RGPD. Medidas para controlar la exposici\u00f3n p\u00fablica de datos personales. Claves en protecci\u00f3n de datos.<\/p>\n","protected":false},"author":27,"featured_media":0,"parent":0,"menu_order":0,"comment_status":"closed","ping_status":"closed","template":"","meta":{"_genesis_hide_title":false,"_genesis_hide_breadcrumbs":false,"_genesis_hide_singular_image":false,"_genesis_hide_footer_widgets":false,"_genesis_custom_body_class":"","_genesis_custom_post_class":"","_genesis_layout":"","footnotes":""},"categories":[],"tags":[],"class_list":{"0":"post-359","1":"page","2":"type-page","3":"status-publish","5":"entry"},"_links":{"self":[{"href":"https:\/\/blogs.ugr.es\/protecciondedatos\/wp-json\/wp\/v2\/pages\/359","targetHints":{"allow":["GET"]}}],"collection":[{"href":"https:\/\/blogs.ugr.es\/protecciondedatos\/wp-json\/wp\/v2\/pages"}],"about":[{"href":"https:\/\/blogs.ugr.es\/protecciondedatos\/wp-json\/wp\/v2\/types\/page"}],"author":[{"embeddable":true,"href":"https:\/\/blogs.ugr.es\/protecciondedatos\/wp-json\/wp\/v2\/users\/27"}],"replies":[{"embeddable":true,"href":"https:\/\/blogs.ugr.es\/protecciondedatos\/wp-json\/wp\/v2\/comments?post=359"}],"version-history":[{"count":3,"href":"https:\/\/blogs.ugr.es\/protecciondedatos\/wp-json\/wp\/v2\/pages\/359\/revisions"}],"predecessor-version":[{"id":367,"href":"https:\/\/blogs.ugr.es\/protecciondedatos\/wp-json\/wp\/v2\/pages\/359\/revisions\/367"}],"wp:attachment":[{"href":"https:\/\/blogs.ugr.es\/protecciondedatos\/wp-json\/wp\/v2\/media?parent=359"}],"wp:term":[{"taxonomy":"category","embeddable":true,"href":"https:\/\/blogs.ugr.es\/protecciondedatos\/wp-json\/wp\/v2\/categories?post=359"},{"taxonomy":"post_tag","embeddable":true,"href":"https:\/\/blogs.ugr.es\/protecciondedatos\/wp-json\/wp\/v2\/tags?post=359"}],"curies":[{"name":"wp","href":"https:\/\/api.w.org\/{rel}","templated":true}]}}