{"id":209,"date":"2024-10-03T12:05:19","date_gmt":"2024-10-03T10:05:19","guid":{"rendered":"https:\/\/blogs.ugr.es\/proyectogustavo\/?page_id=209"},"modified":"2025-10-02T11:52:19","modified_gmt":"2025-10-02T09:52:19","slug":"fisica-i","status":"publish","type":"page","link":"https:\/\/blogs.ugr.es\/proyectogustavo\/fisica-i\/","title":{"rendered":"F\u00edsica I"},"content":{"rendered":"<h2>CONTENIDOS DEL PODCAST \u00ab<a href=\"https:\/\/go.ivoox.com\/sq\/2476793\" target=\"_blank\" rel=\"noopener\">F\u00edsica I<\/a>\u00ab<\/h2>\n<h4>Tema 0 &#8211; <a href=\"https:\/\/blogs.ugr.es\/proyectogustavo\/2024\/10\/11\/fisica-i-0-presentacion\/\" target=\"_blank\" rel=\"noopener\">Presentaci\u00f3n<\/a><\/h4>\n<h4>Tema 1 &#8211; Introducci\u00f3n<\/h4>\n<ul>\n<li><strong>1.1 &#8211; <a href=\"https:\/\/blogs.ugr.es\/proyectogustavo\/2024\/10\/18\/fisica-i-1-1-ciencia-y-metodo-cientifico\/\" target=\"_blank\" rel=\"noopener\">La F\u00edsica y el m\u00e9todo cient\u00edfico<\/a><\/strong><\/li>\n<li><strong>1.2 &#8211; <a href=\"https:\/\/blogs.ugr.es\/proyectogustavo\/2024\/10\/25\/fisica-i-1-2-magnitud-cantidad-unidad-medida\/\" target=\"_blank\" rel=\"noopener\">Magnitud, cantidad, unidad y medida<\/a><\/strong><\/li>\n<li><strong>1.3 &#8211; <a href=\"https:\/\/blogs.ugr.es\/proyectogustavo\/2024\/10\/28\/fisica-i-1-3-conversion-unidades-notacion-cientifica\/\" target=\"_blank\" rel=\"noopener\">Conversi\u00f3n de unidades y notaci\u00f3n cient\u00edfica<\/a><\/strong><\/li>\n<li><strong>1.4 &#8211; <a href=\"https:\/\/blogs.ugr.es\/proyectogustavo\/2024\/11\/08\/fisica-i-1-4-homogeneidad-dimensional\/\" target=\"_blank\" rel=\"noopener\">Homogeneidad dimensional<\/a><\/strong><\/li>\n<\/ul>\n<h4>Tema 2 &#8211; Cinem\u00e1tica en 1-D<\/h4>\n<ul>\n<li><strong>2.1 &#8211; <a href=\"https:\/\/blogs.ugr.es\/proyectogustavo\/2024\/11\/18\/fisica-i-2-1-desplazamiento-y-velocidad\/\" target=\"_blank\" rel=\"noopener\">Desplazamiento y velocidad<\/a><\/strong><\/li>\n<li><strong>2.2 &#8211; <a href=\"https:\/\/blogs.ugr.es\/proyectogustavo\/2024\/11\/25\/fisica-i-2-2-aceleracion\/\" target=\"_blank\" rel=\"noopener\">Aceleraci\u00f3n<\/a><\/strong><\/li>\n<li><strong>2.3 &#8211; <a href=\"https:\/\/blogs.ugr.es\/proyectogustavo\/2024\/11\/29\/fisica-i-2-3-movimiento-con-aceleracion-constante\/\" target=\"_blank\" rel=\"noopener\">Movimiento con aceleraci\u00f3n constante<\/a><\/strong><\/li>\n<li><strong>2.4 &#8211; <a href=\"https:\/\/blogs.ugr.es\/proyectogustavo\/2024\/12\/02\/fisica-i-2-4-aceleracion-no-constante\/\" target=\"_blank\" rel=\"noopener\">Aceleraci\u00f3n no constante<\/a><\/strong><\/li>\n<\/ul>\n<h4>Tema 3 &#8211; Cinem\u00e1tica en 3-D<\/h4>\n<ul>\n<li><strong>3.1 &#8211; <a href=\"https:\/\/blogs.ugr.es\/proyectogustavo\/2025\/01\/16\/fisica-i-3-1-vector-desplazamiento\/\" target=\"_blank\" rel=\"noopener\">El vector desplazamiento<\/a><\/strong><\/li>\n<li><strong>3.2 &#8211; <a href=\"https:\/\/blogs.ugr.es\/proyectogustavo\/2025\/01\/28\/fisica-i-3-2-algebra-vectorial\/\" target=\"_blank\" rel=\"noopener\">Nociones de \u00c1lgebra vectorial<\/a><\/strong><\/li>\n<li><strong>3.3 &#8211; <a href=\"https:\/\/blogs.ugr.es\/proyectogustavo\/2025\/02\/03\/fisica-i-3-3-vectores-posicion-velocidad-aceleracion\/\" target=\"_blank\" rel=\"noopener\">Vectores posici\u00f3n, velocidad, aceleraci\u00f3n<\/a><\/strong><\/li>\n<li><strong>3.4 &#8211; <a href=\"https:\/\/blogs.ugr.es\/proyectogustavo\/2025\/02\/07\/fisica-i-3-4-movimiento-de-un-proyectil\/\" target=\"_blank\" rel=\"noopener\">Movimiento de un proyectil<\/a><\/strong><\/li>\n<\/ul>\n<p><strong>Tema 4 &#8211; Din\u00e1mica I. Leyes de Newton<\/strong><\/p>\n<ul>\n<li><strong>4.1 &#8211; <a href=\"https:\/\/blogs.ugr.es\/proyectogustavo\/2025\/02\/10\/fisica-i-4-1-primera-ley-sistemas-de-referencia-inerciales\/\" target=\"_blank\" rel=\"noopener\">Primera Ley. Sistemas de referencia inerciales<\/a><\/strong><\/li>\n<li><strong>4.2 &#8211; <a href=\"https:\/\/blogs.ugr.es\/proyectogustavo\/2025\/02\/17\/4-2-segunda-ley-de-newton-fuerza-masa-y-aceleracion\/\" target=\"_blank\" rel=\"noopener\">Segunda Ley. Fuerza, masa y aceleraci\u00f3n<\/a><\/strong><\/li>\n<li><strong>4.3 &#8211; <a href=\"https:\/\/blogs.ugr.es\/proyectogustavo\/2025\/02\/21\/fisica-i-4-3-tercera-ley-accion-y-reaccion\/\" target=\"_blank\" rel=\"noopener\">Tercera Ley. Acci\u00f3n y reacci\u00f3n<\/a><\/strong><\/li>\n<\/ul>\n<p><strong>Tema 5 &#8211; Din\u00e1mica II. Aplicaci\u00f3n de las Leyes de Newton<\/strong><\/p>\n<ul>\n<li><strong>5.1 &#8211; <a href=\"https:\/\/blogs.ugr.es\/proyectogustavo\/2025\/02\/24\/fisica-i-5-1-resolucion-de-problemas\/\" target=\"_blank\" rel=\"noopener\">Resoluci\u00f3n de problemas<\/a><\/strong><\/li>\n<li><strong>5.2 &#8211; <a href=\"https:\/\/blogs.ugr.es\/proyectogustavo\/2025\/02\/27\/fisica-i-5-2-fuerzas-de-rozamiento\/\" target=\"_blank\" rel=\"noopener\">Fuerzas de rozamiento<\/a><\/strong><\/li>\n<li><strong>5.3 &#8211; <a href=\"https:\/\/blogs.ugr.es\/proyectogustavo\/2025\/03\/03\/fisica-i-5-3-movimiento-circular\/\" target=\"_blank\" rel=\"noopener\">Movimiento circular<\/a><\/strong><\/li>\n<li><strong>5.4 &#8211; <a href=\"https:\/\/blogs.ugr.es\/proyectogustavo\/2025\/03\/07\/fisica-i-5-4-sistemas-de-referencia-inerciales-y-fuerzas-ficticias\/\" target=\"_blank\" rel=\"noopener\">Sistemas de referencia no inerciales y fuerzas ficticias<\/a><\/strong><\/li>\n<\/ul>\n<p><strong>Tema 6 &#8211; Trabajo y energ\u00eda<\/strong><\/p>\n<ul>\n<li><strong>6.1 &#8211; <a href=\"https:\/\/blogs.ugr.es\/proyectogustavo\/2025\/03\/10\/fisica-i-6-1-trabajo-de-una-fuerza\/\" target=\"_blank\" rel=\"noopener\">Trabajo de una fuerza<\/a><\/strong><\/li>\n<li><strong>6.2 &#8211; <a href=\"https:\/\/blogs.ugr.es\/proyectogustavo\/2025\/03\/13\/fisica-i-6-2-energia-cinetica-y-principio-trabajo-energia\/\" target=\"_blank\" rel=\"noopener\">Energ\u00eda cin\u00e9tica y principio trabajo-energ\u00eda<\/a><\/strong><\/li>\n<li><strong>6.3 &#8211; <a href=\"https:\/\/blogs.ugr.es\/proyectogustavo\/2025\/03\/17\/fisica-i-6-3-potencia\/\" target=\"_blank\" rel=\"noopener\">Potencia<\/a><\/strong><\/li>\n<li><strong>6.4 &#8211; <a href=\"https:\/\/blogs.ugr.es\/proyectogustavo\/2025\/03\/24\/fisica-i-6-4-fuerzas-conservativas-energia-potencial\/\" target=\"_blank\" rel=\"noopener\">Fuerzas conservativas y energ\u00eda potencial<\/a><\/strong><\/li>\n<li><strong>6.5 &#8211; <a href=\"https:\/\/blogs.ugr.es\/proyectogustavo\/2025\/03\/26\/fisica-i-6-5-conservacion-de-la-energia-mecanica\/\" target=\"_blank\" rel=\"noopener\">Conservaci\u00f3n de la energ\u00eda mec\u00e1nica<\/a><\/strong><\/li>\n<li><strong>6.6 &#8211; <a href=\"https:\/\/blogs.ugr.es\/proyectogustavo\/2025\/03\/28\/fisica-i-6-6-ley-de-conservacion-de-la-energia\/\" target=\"_blank\" rel=\"noopener\">Ley de conservaci\u00f3n de la energ\u00eda<\/a><\/strong><\/li>\n<li><strong>6.A &#8211; <a href=\"https:\/\/blogs.ugr.es\/proyectogustavo\/2025\/03\/31\/fisica-i-6-a-emmy-noether-la-dama-de-la-simetria\/\" target=\"_blank\" rel=\"noopener\">ESPECIAL: Emmy Noether, la dama de la simetr\u00eda<\/a><\/strong><\/li>\n<\/ul>\n<p><strong>Tema 7 &#8211; Sistemas de part\u00edculas<\/strong><\/p>\n<ul>\n<li><strong>7.1 &#8211; <a href=\"https:\/\/blogs.ugr.es\/proyectogustavo\/2025\/04\/02\/fisica-i-7-1-centro-de-masas\/\" target=\"_blank\" rel=\"noopener\">Centro de masas<\/a><\/strong><\/li>\n<li><strong>7.2 &#8211; <a href=\"https:\/\/blogs.ugr.es\/proyectogustavo\/2025\/04\/04\/fisica-i-7-2-movimiento-del-centro-de-masas\/\" target=\"_blank\" rel=\"noopener\">Movimiento del centro de masas<\/a><\/strong><\/li>\n<li><strong>7.3 &#8211; <a href=\"https:\/\/blogs.ugr.es\/proyectogustavo\/2025\/04\/07\/fisica-i-7-3-momento-lineal-y-su-conservacion\/\" target=\"_blank\" rel=\"noopener\">Momento lineal y su conservaci\u00f3n<\/a><\/strong><\/li>\n<li><strong>7.4 &#8211; <a href=\"https:\/\/blogs.ugr.es\/proyectogustavo\/2025\/04\/21\/fisica-i-7-4-energia-cinetica-de-un-sistema-de-particulas\/\" target=\"_blank\" rel=\"noopener\">Energ\u00eda cin\u00e9tica de un sistema de part\u00edculas<\/a><\/strong><\/li>\n<li><strong>7.5 &#8211; <a href=\"https:\/\/blogs.ugr.es\/proyectogustavo\/2025\/04\/28\/fisica-i-7-5-colisiones\/\" target=\"_blank\" rel=\"noopener\">Colisiones<\/a><\/strong><\/li>\n<li><strong>7.6 &#8211; <a href=\"https:\/\/blogs.ugr.es\/proyectogustavo\/2025\/05\/06\/fisica-i-7-6-sistema-de-referencia-del-centro-de-masas\/\" target=\"_blank\" rel=\"noopener\">Sistema de referencia del centro de masas<\/a><\/strong><\/li>\n<li><strong>7.A &#8211; <a href=\"https:\/\/blogs.ugr.es\/proyectogustavo\/2025\/05\/09\/fisica-i-7-a-el-problema-de-los-n-cuerpos\/\" target=\"_blank\" rel=\"noopener\">ESPECIAL: El problema de los N cuerpos<\/a><\/strong><\/li>\n<\/ul>\n<p><strong>Tema 8 &#8211; Movimiento de rotaci\u00f3n<\/strong><\/p>\n<ul>\n<li><strong>8.1 &#8211; <a href=\"https:\/\/blogs.ugr.es\/proyectogustavo\/2025\/05\/12\/fisica-i-8-1-velocidad-y-aceleracion-angulares\/\" target=\"_blank\" rel=\"noopener\">Velocidad y aceleraci\u00f3n angulares<\/a><\/strong><\/li>\n<li><strong>8.2 &#8211;<a href=\"https:\/\/blogs.ugr.es\/proyectogustavo\/2025\/05\/14\/fisica-i-8-2-segunda-ley-de-newton-para-la-rotacion\/\" target=\"_blank\" rel=\"noopener\"> Segunda Ley de Newton para la rotaci\u00f3n<\/a><\/strong><\/li>\n<li><strong>8.3 &#8211; <a href=\"https:\/\/blogs.ugr.es\/proyectogustavo\/2025\/05\/16\/fisica-i-8-3-calculo-de-momentos-de-inercia\/\" target=\"_blank\" rel=\"noopener\">C\u00e1lculo de momentos de inercia<\/a><\/strong><\/li>\n<li><strong>8.4 &#8211; <a href=\"https:\/\/blogs.ugr.es\/proyectogustavo\/2025\/05\/21\/fisica-i-8-4-energia-cinetica-de-rotacion\/\" target=\"_blank\" rel=\"noopener\">Energ\u00eda cin\u00e9tica de rotaci\u00f3n<\/a><\/strong><\/li>\n<li><strong>8.5 &#8211; <a href=\"https:\/\/blogs.ugr.es\/proyectogustavo\/2025\/05\/23\/fisica-i-8-5-deslizamiento-y-rodadura\/\" target=\"_blank\" rel=\"noopener\">Deslizamiento y rodadura<\/a><\/strong><\/li>\n<\/ul>\n<p><strong>Tema 9 &#8211; Conservaci\u00f3n del momento angular<\/strong><\/p>\n<ul>\n<li><strong>9.1 &#8211; <a href=\"https:\/\/blogs.ugr.es\/proyectogustavo\/2025\/05\/26\/fisica-i-9-1-naturaleza-vectorial-de-la-rotacion\/\" target=\"_blank\" rel=\"noopener\">Naturaleza vectorial de la rotaci\u00f3n<\/a><\/strong><\/li>\n<li><strong>9.2 &#8211; <a href=\"https:\/\/blogs.ugr.es\/proyectogustavo\/2025\/05\/28\/fisica-i-9-2-el-momento-angular\/\" target=\"_blank\" rel=\"noopener\">El momento angular<\/a><\/strong><\/li>\n<li><strong>9.3 &#8211; <a href=\"https:\/\/blogs.ugr.es\/proyectogustavo\/2025\/05\/30\/fisica-i-9-3-momento-de-fuerza-y-momento-angular\/\" target=\"_blank\" rel=\"noopener\">Momento de fuerza y momento angular<\/a><\/strong><\/li>\n<li><strong>9.4 &#8211; <a href=\"https:\/\/blogs.ugr.es\/proyectogustavo\/2025\/06\/02\/fisica-i-9-4-conservacion-del-momento-angular\/\" target=\"_blank\" rel=\"noopener\">Conservaci\u00f3n del momento angular<\/a><\/strong><\/li>\n<li><strong>9.5 &#8211; <a href=\"https:\/\/blogs.ugr.es\/proyectogustavo\/2025\/06\/04\/fisica-i-9-5-precesion\/\" target=\"_blank\" rel=\"noopener\">Precesi\u00f3n<\/a><\/strong><\/li>\n<\/ul>\n<p><strong>Tema 10 &#8211; Gravitaci\u00f3n<\/strong><\/p>\n<ul>\n<li><strong>10.1 &#8211; <a href=\"https:\/\/blogs.ugr.es\/proyectogustavo\/2025\/06\/06\/fisica-i-10-1-leyes-de-kepler\/\" target=\"_blank\" rel=\"noopener\">Leyes de Kepler<\/a><\/strong><\/li>\n<li><strong>10.2 &#8211; <a href=\"https:\/\/blogs.ugr.es\/proyectogustavo\/2025\/06\/09\/fisica-i-10-2-ley-de-newton-de-gravitacion-universal\/\" target=\"_blank\" rel=\"noopener\">Ley de Newton de Gravitaci\u00f3n Universal<\/a><\/strong><\/li>\n<li><strong>10.3 &#8211; <a href=\"https:\/\/blogs.ugr.es\/proyectogustavo\/2025\/06\/11\/fisica-i-10-3-energia-potencial-gravitatoria\/\" target=\"_blank\" rel=\"noopener\">Energ\u00eda potencial gravitatoria<\/a><\/strong><\/li>\n<\/ul>\n<p><strong>Tema 11 &#8211; Fluidos<\/strong><\/p>\n<ul>\n<li><strong>11.1 &#8211; <a href=\"https:\/\/blogs.ugr.es\/proyectogustavo\/2025\/06\/13\/fisica-i-11-1-densidad\/\" target=\"_blank\" rel=\"noopener\">Densidad<\/a><\/strong><\/li>\n<li><strong>11.2 &#8211; <a href=\"https:\/\/blogs.ugr.es\/proyectogustavo\/2025\/06\/16\/fisica-i-11-2-presion-en-un-fluido-y-principio-de-pascal\/\" target=\"_blank\" rel=\"noopener\">Presi\u00f3n en un fluido y principio de Pascal<\/a><\/strong><\/li>\n<li><strong>11.3 &#8211; <a href=\"https:\/\/blogs.ugr.es\/proyectogustavo\/2025\/06\/18\/fisica-i-11-3-principio-de-arquimedes\/\" target=\"_blank\" rel=\"noopener\">Principio de Arqu\u00edmedes<\/a><\/strong><\/li>\n<li><strong>11.4 &#8211; <a href=\"https:\/\/blogs.ugr.es\/proyectogustavo\/2025\/06\/24\/fisica-i-11-4-fluidos-en-movimiento-ecuacion-de-continuidad\/\" target=\"_blank\" rel=\"noopener\">Fluidos en movimiento. Ecuaci\u00f3n de continuidad<\/a><\/strong><\/li>\n<li><strong>11.5 &#8211; <a href=\"https:\/\/blogs.ugr.es\/proyectogustavo\/2025\/06\/25\/fisica-i-11-5-ecuacion-de-bernoulli\/\" target=\"_blank\" rel=\"noopener\">Ecuaci\u00f3n de Bernoulli<\/a><\/strong><\/li>\n<li><strong>11.6 &#8211; <a href=\"https:\/\/blogs.ugr.es\/proyectogustavo\/2025\/06\/26\/fisica-i-11-6-viscosidad-y-turbulencia\/\" target=\"_blank\" rel=\"noopener\">Viscosidad y turbulencia<\/a><\/strong><\/li>\n<\/ul>\n<p><strong>Tema 12 &#8211; Movimiento arm\u00f3nico simple<\/strong><\/p>\n<ul>\n<li><strong>12.1 &#8211; <a href=\"https:\/\/blogs.ugr.es\/proyectogustavo\/2025\/09\/09\/12-1-movimiento-armonico-simple\/\" target=\"_blank\" rel=\"noopener\">Movimiento arm\u00f3nico simple<\/a><\/strong><\/li>\n<li><strong>12.2 &#8211; <a href=\"https:\/\/blogs.ugr.es\/proyectogustavo\/2025\/09\/19\/fisica-i-12-2-energia-en-el-movimiento-armonico-simple\/\" target=\"_blank\" rel=\"noopener\">Energ\u00eda en el movimiento arm\u00f3nico simple<\/a><\/strong><\/li>\n<li><strong>12.3 &#8211; <a href=\"https:\/\/blogs.ugr.es\/proyectogustavo\/2025\/09\/23\/fisica-i-12-3-algunos-ejemplos-de-movimiento-armonico-simple\/\" target=\"_blank\" rel=\"noopener\">Algunos ejemplos de movimiento arm\u00f3nico simple<\/a><\/strong><\/li>\n<li><strong>12.4 &#8211; <a href=\"https:\/\/blogs.ugr.es\/proyectogustavo\/2025\/09\/26\/fisica-i-12-4-movimiento-armonico-amortiguado\/\" target=\"_blank\" rel=\"noopener\">Movimiento arm\u00f3nico amortiguado<\/a><\/strong><\/li>\n<li><strong>12.5 &#8211; <a href=\"https:\/\/blogs.ugr.es\/proyectogustavo\/2025\/10\/02\/fisica-i-12-5-oscilaciones-forzadas-resonancia\/\" target=\"_blank\" rel=\"noopener\">Oscilaciones forzadas. Resonancia<\/a><\/strong><\/li>\n<\/ul>\n","protected":false},"excerpt":{"rendered":"<p>CONTENIDOS DEL PODCAST \u00abF\u00edsica I\u00ab Tema 0 &#8211; Presentaci\u00f3n Tema 1 &#8211; Introducci\u00f3n 1.1 &#8211; La F\u00edsica y el m\u00e9todo cient\u00edfico 1.2 &#8211; Magnitud, cantidad, unidad y medida 1.3 &#8211; Conversi\u00f3n de unidades y notaci\u00f3n cient\u00edfica 1.4 &#8211; Homogeneidad dimensional Tema 2 &#8211; Cinem\u00e1tica en 1-D 2.1 &#8211; Desplazamiento y velocidad 2.2 &#8211; Aceleraci\u00f3n 2.3 [&hellip;]<\/p>\n","protected":false},"author":35,"featured_media":0,"parent":0,"menu_order":0,"comment_status":"closed","ping_status":"closed","template":"","meta":{"_genesis_hide_title":false,"_genesis_hide_breadcrumbs":false,"_genesis_hide_singular_image":false,"_genesis_hide_footer_widgets":false,"_genesis_custom_body_class":"","_genesis_custom_post_class":"","_genesis_layout":"","footnotes":""},"categories":[13],"tags":[14,44],"class_list":{"0":"post-209","1":"page","2":"type-page","3":"status-publish","5":"category-fisica-i","6":"tag-fisica-i","7":"tag-podcast","8":"entry"},"_links":{"self":[{"href":"https:\/\/blogs.ugr.es\/proyectogustavo\/wp-json\/wp\/v2\/pages\/209","targetHints":{"allow":["GET"]}}],"collection":[{"href":"https:\/\/blogs.ugr.es\/proyectogustavo\/wp-json\/wp\/v2\/pages"}],"about":[{"href":"https:\/\/blogs.ugr.es\/proyectogustavo\/wp-json\/wp\/v2\/types\/page"}],"author":[{"embeddable":true,"href":"https:\/\/blogs.ugr.es\/proyectogustavo\/wp-json\/wp\/v2\/users\/35"}],"replies":[{"embeddable":true,"href":"https:\/\/blogs.ugr.es\/proyectogustavo\/wp-json\/wp\/v2\/comments?post=209"}],"version-history":[{"count":3,"href":"https:\/\/blogs.ugr.es\/proyectogustavo\/wp-json\/wp\/v2\/pages\/209\/revisions"}],"predecessor-version":[{"id":796,"href":"https:\/\/blogs.ugr.es\/proyectogustavo\/wp-json\/wp\/v2\/pages\/209\/revisions\/796"}],"wp:attachment":[{"href":"https:\/\/blogs.ugr.es\/proyectogustavo\/wp-json\/wp\/v2\/media?parent=209"}],"wp:term":[{"taxonomy":"category","embeddable":true,"href":"https:\/\/blogs.ugr.es\/proyectogustavo\/wp-json\/wp\/v2\/categories?post=209"},{"taxonomy":"post_tag","embeddable":true,"href":"https:\/\/blogs.ugr.es\/proyectogustavo\/wp-json\/wp\/v2\/tags?post=209"}],"curies":[{"name":"wp","href":"https:\/\/api.w.org\/{rel}","templated":true}]}}