{"id":533,"date":"2024-11-21T19:11:06","date_gmt":"2024-11-21T18:11:06","guid":{"rendered":"https:\/\/blogs.ugr.es\/seslab\/?page_id=533"},"modified":"2025-08-28T19:06:24","modified_gmt":"2025-08-28T17:06:24","slug":"vultapia","status":"publish","type":"page","link":"https:\/\/blogs.ugr.es\/seslab\/vultapia\/","title":{"rendered":"VulTapia"},"content":{"rendered":"<div style=\"text-align: center;margin-bottom: 1.5em\"><img decoding=\"async\" style=\"max-width: 250px;height: auto;display: inline-block\" src=\"https:\/\/blogs.ugr.es\/seslab\/wp-content\/uploads\/sites\/125\/2025\/08\/VulTAPIA-logo-e1756400494478.jpg\" alt=\"Logo del proyecto VulTAPIA\" \/><\/div>\n<p><span class=\"s1\"><b>VulTAPIA<\/b><\/span> (Evaluaci\u00f3n de la Vulnerabilidad Estructural de Patrimonio Construido en Tapia) es un proyecto de investigaci\u00f3n desarrollado por el SES-Lab (Laboratorio de Ingenier\u00eda Estructural Sostenible) de la Universidad de Granada. El objetivo principal es desarrollar una metodolog\u00eda avanzada para diagnosticar la salud estructural de edificaciones hist\u00f3ricas construidas en tapia, con especial \u00e9nfasis en t\u00e9cnicas no destructivas y modelos digitales predictivos.<\/p>\n<h3>Objetivos Principales<\/h3>\n<ul>\n<li>\n<p class=\"p1\">Identificar los par\u00e1metros estructurales que definen la vulnerabilidad en estructuras de tapia.<\/p>\n<\/li>\n<li>\n<p class=\"p1\">Aplicar t\u00e9cnicas no destructivas (ondas, georadar, termograf\u00eda) y monitorizaci\u00f3n din\u00e1mica.<\/p>\n<\/li>\n<li>\n<p class=\"p1\">Desarrollar gemelos digitales calibrados con datos reales.<\/p>\n<\/li>\n<li>\n<p class=\"p1\">Evaluar escenarios de da\u00f1o y proponer estrategias de conservaci\u00f3n preventiva.<\/p>\n<\/li>\n<li>\n<p class=\"p1\">Implementar una metodolog\u00eda innovadora aplicable a otros bienes patrimoniales.<\/p>\n<\/li>\n<\/ul>\n<h3><b>Innovaci\u00f3n del Proyecto<\/b><\/h3>\n<p>VulTAPIA combina <span class=\"s1\"><b>t\u00e9cnicas experimentales<\/b><\/span> (ensayos no destructivos, an\u00e1lisis modal operacional\u2026), <span class=\"s1\"><b>modelado num\u00e9rico<\/b><\/span> (MEF), <span class=\"s1\"><b>calibraci\u00f3n bayesiana<\/b><\/span> y <span class=\"s1\"><b>monitorizaci\u00f3n estructural continua (SHM)<\/b><\/span>. Adem\u00e1s, propone el uso de <span class=\"s1\"><b>gemelos digitales<\/b><\/span> aplicados a estructuras patrimoniales, un enfoque pionero en el \u00e1mbito de la construcci\u00f3n con tierra.<\/p>\n<h3><b>Casos de Estudio<\/b><\/h3>\n<p>El proyecto incluye aplicaciones reales en torres hist\u00f3ricas del conjunto monumental de <span class=\"s1\"><b>La Alhambra<\/b><\/span>, gracias a la colaboraci\u00f3n con el <span class=\"s1\"><b>Patronato de la Alhambra y Generalife<\/b><\/span>, en el marco de la Unidad de Excelencia \u201cCiencia en la Alhambra\u201d.<\/p>\n<h3><b>Resultados esperados<\/b><\/h3>\n<ul>\n<li>\n<p class=\"p1\">Cat\u00e1logo de patolog\u00edas y manual de inspecci\u00f3n de estructuras de tapia.<\/p>\n<\/li>\n<li>\n<p class=\"p1\">Protocolo de aplicaci\u00f3n de ensayos no destructivos.<\/p>\n<\/li>\n<li>\n<p class=\"p1\">Metodolog\u00eda validada de gemelo digital estructural.<\/p>\n<\/li>\n<li>\n<p class=\"p1\">Herramientas de soporte para la toma de decisiones en conservaci\u00f3n patrimonial.<\/p>\n<\/li>\n<li>\n<p class=\"p1\">Transferencia de resultados al tejido empresarial y a administraciones p\u00fablicas.<\/p>\n<\/li>\n<\/ul>\n<h3><b>Contacto y Seguimiento<\/b><\/h3>\n<p>Puedes seguir los avances del proyecto en este blog, as\u00ed como en las redes sociales del SES-Lab.<\/p>\n","protected":false},"excerpt":{"rendered":"<p>VulTAPIA (Evaluaci\u00f3n de la Vulnerabilidad Estructural de Patrimonio Construido en Tapia) es un proyecto de investigaci\u00f3n desarrollado por el SES-Lab (Laboratorio de Ingenier\u00eda Estructural Sostenible) de la Universidad de Granada. El objetivo principal es desarrollar una metodolog\u00eda avanzada para diagnosticar la salud estructural de edificaciones hist\u00f3ricas construidas en tapia, con especial \u00e9nfasis en t\u00e9cnicas no&hellip; <a href=\"https:\/\/blogs.ugr.es\/seslab\/vultapia\/\" class=\"more-link\">Leer m\u00e1s <span class=\"screen-reader-text\">acerca de VulTapia<\/span><\/a><\/p>\n","protected":false},"author":604,"featured_media":0,"parent":0,"menu_order":0,"comment_status":"closed","ping_status":"closed","template":"","meta":{"_genesis_hide_title":false,"_genesis_hide_breadcrumbs":false,"_genesis_hide_singular_image":false,"_genesis_hide_footer_widgets":false,"_genesis_custom_body_class":"","_genesis_custom_post_class":"","_genesis_layout":"","footnotes":""},"categories":[19],"tags":[],"class_list":{"0":"post-533","1":"page","2":"type-page","3":"status-publish","5":"category-vultapia","6":"entry","7":"has-post-thumbnail"},"_links":{"self":[{"href":"https:\/\/blogs.ugr.es\/seslab\/wp-json\/wp\/v2\/pages\/533","targetHints":{"allow":["GET"]}}],"collection":[{"href":"https:\/\/blogs.ugr.es\/seslab\/wp-json\/wp\/v2\/pages"}],"about":[{"href":"https:\/\/blogs.ugr.es\/seslab\/wp-json\/wp\/v2\/types\/page"}],"author":[{"embeddable":true,"href":"https:\/\/blogs.ugr.es\/seslab\/wp-json\/wp\/v2\/users\/604"}],"replies":[{"embeddable":true,"href":"https:\/\/blogs.ugr.es\/seslab\/wp-json\/wp\/v2\/comments?post=533"}],"version-history":[{"count":3,"href":"https:\/\/blogs.ugr.es\/seslab\/wp-json\/wp\/v2\/pages\/533\/revisions"}],"predecessor-version":[{"id":572,"href":"https:\/\/blogs.ugr.es\/seslab\/wp-json\/wp\/v2\/pages\/533\/revisions\/572"}],"wp:attachment":[{"href":"https:\/\/blogs.ugr.es\/seslab\/wp-json\/wp\/v2\/media?parent=533"}],"wp:term":[{"taxonomy":"category","embeddable":true,"href":"https:\/\/blogs.ugr.es\/seslab\/wp-json\/wp\/v2\/categories?post=533"},{"taxonomy":"post_tag","embeddable":true,"href":"https:\/\/blogs.ugr.es\/seslab\/wp-json\/wp\/v2\/tags?post=533"}],"curies":[{"name":"wp","href":"https:\/\/api.w.org\/{rel}","templated":true}]}}