{"id":302,"date":"2018-02-04T18:37:52","date_gmt":"2018-02-04T17:37:52","guid":{"rendered":"https:\/\/blogs.ugr.es\/smlab\/?page_id=302"},"modified":"2018-04-26T11:25:15","modified_gmt":"2018-04-26T09:25:15","slug":"enlaces","status":"publish","type":"page","link":"https:\/\/blogs.ugr.es\/smlab\/miscelanea-miscellany\/enlaces\/","title":{"rendered":"Enlaces"},"content":{"rendered":"<p><strong>PATRIMONIO ARQUITECT\u00d3NICO<\/strong><\/p>\n<ul>\n<li><a href=\"http:\/\/cipa.icomos.org\/\" target=\"_blank\" rel=\"noopener\"><em>CIPA<\/em>\u00a0(International Scientific Committee for Documentation of Cultural Heritage)<\/a>\u00a0&gt;&gt;<\/li>\n<li><a href=\"http:\/\/www.hispanianostra.org\/\">Hispania Nostra<\/a>\u00a0&gt;&gt;<\/li>\n<li><a href=\"https:\/\/www.icomos.org\/fr\/\">ICOMOS (International Council of Monuments and Sites)<\/a> &gt;&gt;<\/li>\n<li><a href=\"http:\/\/www.esicomos.org\/Nueva_carpeta\/info_ICOMOS.htm\">ICOMOS Espa\u00f1a<\/a> &gt;&gt;<\/li>\n<li><a href=\"http:\/\/www.euromedheritage.net\/\" target=\"_blank\" rel=\"noopener\">Programa Euromed<\/a>\u00a0&gt;&gt;<\/li>\n<\/ul>\n<p><strong>LEVANTAMIENTO Y MODELIZACI\u00d3N<\/strong><\/p>\n<ul>\n<li><em><a href=\"http:\/\/www.arqueologiavirtual.com\/seav\/\" target=\"_blank\" rel=\"noopener\">Sociedad Espa\u00f1ola de Arqueolog\u00eda Virtual<\/a>\u00a0<\/em>&gt;&gt;<\/li>\n<\/ul>\n<p><strong>SISTEMAS DE INFORMACI\u00d3N GEOGR\u00c1FICA<\/strong><\/p>\n<ul>\n<li><a href=\"http:\/\/inspire.ec.europa.eu\/\" target=\"_blank\" rel=\"noopener\"><em>INSPIRE<\/em>\u00a0(INfrastructure for Spatial InfoRmation in Europe)<\/a>\u00a0&gt;&gt;<\/li>\n<li><a href=\"http:\/\/www.buildingsofireland.ie\/Surveys\/\"><em>National Inventory of Architectural Heritage<\/em>\u00a0(Ireland)<\/a>\u00a0&gt;&gt;<\/li>\n<\/ul>\n<p><strong>BIM (Building Information Modelling)\u00a0<\/strong><\/p>\n<ul>\n<li><a href=\"https:\/\/www.buildingsmart.org\/\">buildingSMART<\/a> &gt;&gt;<\/li>\n<li><a href=\"http:\/\/petrobim.com\/\" target=\"_blank\" rel=\"noopener\"><em>PetroBIM<\/em><\/a>\u00a0&gt;&gt;<\/li>\n<\/ul>\n<p><strong>FOTOGRAF\u00cdA<\/strong><\/p>\n<ul>\n<li><em><a href=\"http:\/\/www.jpereira.net\/acerca-de-jpereira\">Digital Heritage<\/a><\/em>\u00a0&gt;&gt;<\/li>\n<li><em><a href=\"http:\/\/www.documentacionfotografica.com\/\">Documentaci\u00f3n fotogr\u00e1fica. Gesti\u00f3n documental de la imagen fija<\/a><\/em>\u00a0&gt;&gt;<\/li>\n<li><a href=\"http:\/\/blogfame.wordpress.com\/\"><em>FAME<\/em>\u00a0(Fotograf\u00eda y Arquitectura Moderna en Espa\u00f1a)<\/a>\u00a0&gt;&gt;<\/li>\n<li><em><a href=\"http:\/\/ipce.mecd.gob.es\/documentacion\/fototeca.html\">Fototeca del Instituto del Patrimonio Cultural de Espa\u00f1a<\/a>\u00a0<\/em>&gt;&gt;<\/li>\n<\/ul>\n<p><strong>VISITAS VIRTUALES<\/strong><\/p>\n<ul>\n<li><a href=\"http:\/\/www.vatican.va\/various\/cappelle\/index_sistina_it.htm\">Cappella Sistina<\/a>\u00a0&gt;&gt;<\/li>\n<li><a href=\"http:\/\/www.catedraldecordoba.es\/visita\/\">Catedral de C\u00f3rdoba<\/a>\u00a0&gt;&gt;<\/li>\n<li><a href=\"http:\/\/visitasvirtualesgranada.com\/wp-content\/uploads\/panoramas\/my-pano\/ETSA\/SMLABVVG.html\">Escuela T\u00e9cnica Superior de Arquitectura de Granada (en obras)<\/a> &gt;&gt;<\/li>\n<li><a href=\"http:\/\/www.ugr.es\/~visitavirtualbibhre\/\">Hospital Real de Granada<\/a>\u00a0&gt;&gt;<\/li>\n<\/ul>\n<p><strong>UNIVERSIDADES<\/strong><\/p>\n<ul>\n<li><a href=\"http:\/\/www.ecaade.org\/\"><em>eCAADe<\/em>\u00a0(Education and research in Computer Aided Architectural Design in Europe)<\/a>\u00a0&gt;&gt;<\/li>\n<li><a href=\"http:\/\/157.88.193.21\/~lfa-davap\/\" target=\"_blank\" rel=\"noopener\"><em>LFA-DAVAP<\/em>\u00a0(Architectural Photogrammetry Laboratory) \u2013 Valladolid University<\/a>\u00a0&gt;&gt;<\/li>\n<li><a href=\"http:\/\/www.ehu.es\/docarq\/HomePage.html\" target=\"_blank\" rel=\"noopener\"><em>LDGP<\/em>\u00a0(Laboratorio de documentaci\u00f3n geom\u00e9trica del patrimonio) \u2013 Universidad del Pais Vasco-Euskal Herriko Unibertsitatea<\/a>\u00a0&gt;&gt;<\/li>\n<li><a href=\"http:\/\/www.iuav.it\/SISTEMA-DE\/Laboratori2\/index.htm\"><em>Laboratorio di fotogrammetria<\/em>\u00a0\u2013 Universit\u00e0 Iuav di Venezia<\/a>\u00a0&gt;&gt;<\/li>\n<li><a href=\"http:\/\/www.dida.unifi.it\/vp-130-laboratori.html\"><em>DIDALabs<\/em>\u00a0\u2013 Universit\u00e0 degli Studi di Firenze<\/a>\u00a0&gt;&gt;<\/li>\n<li><em><a href=\"http:\/\/www.rilievourbano.org\">Portale di rilievo urbano ed architettonico<\/a>\u00a0&gt;&gt;<\/em><\/li>\n<li><a href=\"http:\/\/home.fa.ulisboa.pt\/~lmmateus\/index.html\"><em>Luis Miguel Cotrim Mateus<\/em>\u00a0\u2013 Universidade de Lisboa<\/a>\u00a0&gt;&gt;<\/li>\n<li><a href=\"http:\/\/lmvc-cpsv.wix.com\/lmvc\"><em>LMVC<\/em>\u00a0(Vistual City Modeling Lab) \u2013 Universitat Polit\u00e8cnica de Catalunya<\/a>\u00a0&gt;&gt;<\/li>\n<li><a href=\"http:\/\/lrv.ugr.es\/chis\/?Presentaci%C3%B3n\">Cultural Heritage Information System Proyect \u2013 Universidad de Granada<\/a>\u00a0&gt;&gt;<\/li>\n<li><a href=\"http:\/\/www.centrobeniculturali.polimi.it\/index.php?page=home&amp;change_language=IT\">CBC (Centro Beni Culturali) \u2013 Politecnico di Milano<\/a>\u00a0&gt;&gt;<\/li>\n<\/ul>\n<p><strong>REVISTAS<\/strong><\/p>\n<ul>\n<li><a href=\"http:\/\/arqarqt.revistas.csic.es\/index.php\/arqarqt\">Arqueolog\u00eda de la Arquitectura (Revista coeditada por Editorial CSIC-Consejo Superior de Investigaciones Cient\u00edficas y la Universidad del Pa\u00eds Vasco-UPV)<\/a>\u00a0&gt;&gt;<\/li>\n<li><a href=\"http:\/\/www.revistadepatrimonio.es\/larevista.php\">e-rph (Revista Electr\u00f3nica de Patrimonio Hist\u00f3rico)<\/a>\u00a0&gt;&gt;<\/li>\n<li><a href=\"https:\/\/scholarworks.iu.edu\/journals\/index.php\/sdh\/index\">Studies in Digital Heritage<\/a> &gt;&gt;<\/li>\n<\/ul>\n<p><strong>OTROS<\/strong><\/p>\n<ul>\n<li><a href=\"http:\/\/www.metrica.it\/sito\/index.php\">Metrica (Strumienti di Misura)<\/a>\u00a0&gt;&gt;<\/li>\n<li><a href=\"http:\/\/photosynth.net\/\">Photosynth (Capture your world in 3D)<\/a>\u00a0&gt;&gt;<\/li>\n<li><a href=\"http:\/\/strati.es\/es\/\">Strati-Arqueologa<\/a>l &gt;&gt;<\/li>\n<\/ul>\n","protected":false},"excerpt":{"rendered":"<p>PATRIMONIO ARQUITECT\u00d3NICO CIPA\u00a0(International Scientific Committee for Documentation of Cultural Heritage)\u00a0&gt;&gt; Hispania Nostra\u00a0&gt;&gt; ICOMOS (International Council of Monuments and Sites) &gt;&gt; ICOMOS Espa\u00f1a &gt;&gt; Programa Euromed\u00a0&gt;&gt; LEVANTAMIENTO Y MODELIZACI\u00d3N Sociedad Espa\u00f1ola de Arqueolog\u00eda Virtual\u00a0&gt;&gt; SISTEMAS DE INFORMACI\u00d3N GEOGR\u00c1FICA INSPIRE\u00a0(INfrastructure for Spatial InfoRmation in Europe)\u00a0&gt;&gt; National Inventory of Architectural Heritage\u00a0(Ireland)\u00a0&gt;&gt; BIM (Building Information Modelling)\u00a0 buildingSMART &gt;&gt; PetroBIM\u00a0&gt;&gt; [&hellip;]<\/p>\n","protected":false},"author":29,"featured_media":0,"parent":522,"menu_order":0,"comment_status":"closed","ping_status":"closed","template":"","meta":{"_genesis_hide_title":false,"_genesis_hide_breadcrumbs":false,"_genesis_hide_singular_image":false,"_genesis_hide_footer_widgets":false,"_genesis_custom_body_class":"","_genesis_custom_post_class":"","_genesis_layout":"","footnotes":""},"categories":[],"tags":[],"class_list":{"0":"post-302","1":"page","2":"type-page","3":"status-publish","5":"entry"},"_links":{"self":[{"href":"https:\/\/blogs.ugr.es\/smlab\/wp-json\/wp\/v2\/pages\/302","targetHints":{"allow":["GET"]}}],"collection":[{"href":"https:\/\/blogs.ugr.es\/smlab\/wp-json\/wp\/v2\/pages"}],"about":[{"href":"https:\/\/blogs.ugr.es\/smlab\/wp-json\/wp\/v2\/types\/page"}],"author":[{"embeddable":true,"href":"https:\/\/blogs.ugr.es\/smlab\/wp-json\/wp\/v2\/users\/29"}],"replies":[{"embeddable":true,"href":"https:\/\/blogs.ugr.es\/smlab\/wp-json\/wp\/v2\/comments?post=302"}],"version-history":[{"count":4,"href":"https:\/\/blogs.ugr.es\/smlab\/wp-json\/wp\/v2\/pages\/302\/revisions"}],"predecessor-version":[{"id":652,"href":"https:\/\/blogs.ugr.es\/smlab\/wp-json\/wp\/v2\/pages\/302\/revisions\/652"}],"up":[{"embeddable":true,"href":"https:\/\/blogs.ugr.es\/smlab\/wp-json\/wp\/v2\/pages\/522"}],"wp:attachment":[{"href":"https:\/\/blogs.ugr.es\/smlab\/wp-json\/wp\/v2\/media?parent=302"}],"wp:term":[{"taxonomy":"category","embeddable":true,"href":"https:\/\/blogs.ugr.es\/smlab\/wp-json\/wp\/v2\/categories?post=302"},{"taxonomy":"post_tag","embeddable":true,"href":"https:\/\/blogs.ugr.es\/smlab\/wp-json\/wp\/v2\/tags?post=302"}],"curies":[{"name":"wp","href":"https:\/\/api.w.org\/{rel}","templated":true}]}}