{"id":530,"date":"2018-02-17T13:55:55","date_gmt":"2018-02-17T12:55:55","guid":{"rendered":"https:\/\/blogs.ugr.es\/smlab\/?page_id=530"},"modified":"2019-06-23T13:49:41","modified_gmt":"2019-06-23T11:49:41","slug":"grado-en-fundamentos-de-la-arquitectura","status":"publish","type":"page","link":"https:\/\/blogs.ugr.es\/smlab\/formacion-education\/grado-en-fundamentos-de-la-arquitectura\/","title":{"rendered":"Grado en Estudios de Arquitectura"},"content":{"rendered":"<h2><strong>Grado en Estudios de Arquitectura<\/strong><\/h2>\n<ul>\n<li><strong>Expresi\u00f3n Gr\u00e1fica Arquitect\u00f3nica 2<\/strong><br \/>\nAsignatura de Formaci\u00f3n B\u00e1sica impartida en este Grado, entre otros, por el profesor G\u00f3mez-Blanco.<br \/>\nDibujo arquitect\u00f3nico y de urbanismo: toma de datos, apuntes, croquis y levantamientos de arquitectura y urbanismo. Procedimientos de dibujo e instrumentaci\u00f3n digital.<br \/>\n<a href=\"http:\/\/www.ugr.es\/~agomezb\/etsa_ega2.html\">(enlace a la web de la asignatura) <\/a><a href=\"http:\/\/www.ugr.es\/~agomezb\/levantamientos.htm\">Ejemplos gr\u00e1ficos<\/a><\/li>\n<\/ul>\n<p>&nbsp;<\/p>\n<ul>\n<li><strong>Expresi\u00f3n Gr\u00e1fica Arquitect\u00f3nica 3<\/strong><br \/>\nAsignatura de Formaci\u00f3n B\u00e1sica impartida en este Grado, entre otros, por la profesora Rodr\u00edguez Moreno.<br \/>\nIdeaci\u00f3n y visualizaci\u00f3n gr\u00e1fica de la arquitectura. Expresi\u00f3n arquitect\u00f3nica y urban\u00edstica mediante modelos y simulaciones. Procedimientos de dibujo e instrumentaci\u00f3n, tanto anal\u00f3gica como digital, en la expresi\u00f3n gr\u00e1fica arquitect\u00f3nica. Ideaci\u00f3n arquitect\u00f3nica automatizada. Decisiones y comprobaciones en el proceso de ideaci\u00f3n. Procedimientos h\u00edbridos de ideaci\u00f3n.<br \/>\n<a href=\"http:\/\/www.ugr.es\/~ega3\/\">(enlace a la web de la asignatura)<\/a><\/li>\n<\/ul>\n<p>&nbsp;<\/p>\n<ul>\n<li><strong>Levantamiento Arquitect\u00f3nico<\/strong><br \/>\nAsignatura de Optatividad impartida en este Grado, entre otros, por los profesores G\u00f3mez-Blanco y Reinoso Gordo.<br \/>\nT\u00e9cnicas de an\u00e1lisis, medici\u00f3n y representaci\u00f3n de la arquitectura construida con especial enfoque en el Patrimonio Arquitect\u00f3nico. Conocimientos b\u00e1sicos de topograf\u00eda, fotogrametr\u00eda y esc\u00e1ner l\u00e1ser. Sistemas de Informaci\u00f3n Geogr\u00e1fica. An\u00e1lisis hist\u00f3rico, interpretaci\u00f3n y representaci\u00f3n de los procesos estructurales y constructivos.<br \/>\n<a href=\"http:\/\/www.ugr.es\/~agomezb\/etsa_levantamiento.html\">(enlace a la web de la asignatura)<\/a><\/li>\n<\/ul>\n<p>&nbsp;<\/p>\n<ul>\n<li><strong>Infograf\u00eda y Patrimonio<\/strong><br \/>\nAsignatura de Optatividad impartida en este Grado, entre otros, por la profesora Rodr\u00edguez Moreno.<br \/>\nT\u00e9cnicas digitales para la representaci\u00f3n y difusi\u00f3n del Patrimonio. El arquitecto investigador en el campo de la elaboraci\u00f3n de hip\u00f3tesis morfol\u00f3gicas hist\u00f3ricas y su interpretaci\u00f3n. C\u00f3digos \u00e9ticos, l\u00edmites de la representaci\u00f3n y categorizaci\u00f3n de elementos arquitect\u00f3nicos en las restituciones virtuales.<br \/>\n<a href=\"http:\/\/www.ugr.es\/~ipat\/\">(enlace a la web de la asignatura)<\/a><\/li>\n<\/ul>\n<p>&nbsp;<\/p>\n<ul>\n<li><b>Trabajo Fin de Grado<\/b><br \/>\nAsignatura Obligatoria en la que pueden desarrollarse las l\u00edneas de investigaci\u00f3n del laboratorio.<\/li>\n<\/ul>\n","protected":false},"excerpt":{"rendered":"<p>Grado en Estudios de Arquitectura Expresi\u00f3n Gr\u00e1fica Arquitect\u00f3nica 2 Asignatura de Formaci\u00f3n B\u00e1sica impartida en este Grado, entre otros, por el profesor G\u00f3mez-Blanco. Dibujo arquitect\u00f3nico y de urbanismo: toma de datos, apuntes, croquis y levantamientos de arquitectura y urbanismo. Procedimientos de dibujo e instrumentaci\u00f3n digital. (enlace a la web de la asignatura) Ejemplos gr\u00e1ficos &nbsp; [&hellip;]<\/p>\n","protected":false},"author":29,"featured_media":0,"parent":518,"menu_order":0,"comment_status":"closed","ping_status":"closed","template":"","meta":{"_genesis_hide_title":false,"_genesis_hide_breadcrumbs":false,"_genesis_hide_singular_image":false,"_genesis_hide_footer_widgets":false,"_genesis_custom_body_class":"","_genesis_custom_post_class":"","_genesis_layout":"","footnotes":""},"categories":[],"tags":[],"class_list":{"0":"post-530","1":"page","2":"type-page","3":"status-publish","5":"entry"},"_links":{"self":[{"href":"https:\/\/blogs.ugr.es\/smlab\/wp-json\/wp\/v2\/pages\/530","targetHints":{"allow":["GET"]}}],"collection":[{"href":"https:\/\/blogs.ugr.es\/smlab\/wp-json\/wp\/v2\/pages"}],"about":[{"href":"https:\/\/blogs.ugr.es\/smlab\/wp-json\/wp\/v2\/types\/page"}],"author":[{"embeddable":true,"href":"https:\/\/blogs.ugr.es\/smlab\/wp-json\/wp\/v2\/users\/29"}],"replies":[{"embeddable":true,"href":"https:\/\/blogs.ugr.es\/smlab\/wp-json\/wp\/v2\/comments?post=530"}],"version-history":[{"count":3,"href":"https:\/\/blogs.ugr.es\/smlab\/wp-json\/wp\/v2\/pages\/530\/revisions"}],"predecessor-version":[{"id":936,"href":"https:\/\/blogs.ugr.es\/smlab\/wp-json\/wp\/v2\/pages\/530\/revisions\/936"}],"up":[{"embeddable":true,"href":"https:\/\/blogs.ugr.es\/smlab\/wp-json\/wp\/v2\/pages\/518"}],"wp:attachment":[{"href":"https:\/\/blogs.ugr.es\/smlab\/wp-json\/wp\/v2\/media?parent=530"}],"wp:term":[{"taxonomy":"category","embeddable":true,"href":"https:\/\/blogs.ugr.es\/smlab\/wp-json\/wp\/v2\/categories?post=530"},{"taxonomy":"post_tag","embeddable":true,"href":"https:\/\/blogs.ugr.es\/smlab\/wp-json\/wp\/v2\/tags?post=530"}],"curies":[{"name":"wp","href":"https:\/\/api.w.org\/{rel}","templated":true}]}}